{"id":24439,"date":"2025-04-25T07:00:49","date_gmt":"2025-04-25T05:00:49","guid":{"rendered":"?page_id=24439"},"modified":"2026-04-15T13:59:12","modified_gmt":"2026-04-15T11:59:12","slug":"seb-protokolle","status":"publish","type":"page","link":"https:\/\/grimmels.de\/wordpress\/seb-protokolle\/","title":{"rendered":"SEB-Protokolle"},"content":{"rendered":"\t\t<div data-elementor-type=\"wp-page\" data-elementor-id=\"24439\" class=\"elementor elementor-24439\" data-elementor-post-type=\"page\">\n\t\t\t\t<div class=\"elementor-element elementor-element-47cc5c6 e-con-full e-flex e-con e-parent\" data-id=\"47cc5c6\" data-element_type=\"container\">\n\t\t\t\t<div class=\"elementor-element elementor-element-8e247ec elementor-widget elementor-widget-text-editor\" data-id=\"8e247ec\" data-element_type=\"widget\" data-widget_type=\"text-editor.default\">\n\t\t\t\t<div class=\"elementor-widget-container\">\n\t\t\t\t\t\t\t\t\t<style>\n  .seb-navbar a {\n    color: #fff;\n    text-decoration: none;\n    padding: 4px 10px;\n    border-radius: 4px;\n    transition: background 0.2s, transform 0.2s;\n  }\n\n  .seb-navbar a:hover {\n    background: rgba(255, 255, 255, 0.2);\n    transform: scale(1.05); \/* optional: leichter Zoom beim Hover *\/\n  }\n\n  .seb-table-wrapper {   \n    max-width: 800px;  \n    display: block;  \n    margin: 0 auto;  \n    padding: 0 10px;   \n  }  \n  .seb-table {   \n    border-collapse: separate !important;  \n    border-spacing: 0;   \n    background-color: #ffffff;   \n    box-shadow: rgba(0, 0, 0, 0.1) 0px 2px 6px;    \n    border-radius: 8px;  \n    overflow: hidden;  \n  }\n<\/style>\n\n<nav class=\"seb-navbar\" style=\"background: #345982; display: flex; align-items: center; gap: 16px; padding: 2px 16px; overflow-x: auto; font-family: Arial,Helvetica,sans-serif;\">\n  <span style=\"color: #fff; font-weight: 600; margin-right: 8px;\">SEB Links:<\/span>\n  \n  <a href=\"https:\/\/grimmels.de\/wordpress\/seb-news\/\" rel=\"noopener\">SEB-News<\/a>\n  <a href=\"https:\/\/grimmels.de\/wordpress\/aktuelle-seb-termine\/\" rel=\"noopener\">SEB-Termine<\/a>\n  <a href=\"https:\/\/grimmels.de\/wordpress\/seb-protokolle\/\" rel=\"noopener\">SEB-Protokolle<\/a>\n  <a href=\"https:\/\/grimmels.de\/wordpress\/seb-vorstand\/\" rel=\"noopener\">SEB-Vorstand<\/a>\n  <a href=\"https:\/\/grimmels.de\/wordpress\/seb-weblinks\/\" rel=\"noopener\">SEB-Weblinks<\/a>\n  <a href=\"https:\/\/grimmels.de\/wordpress\/eltern-fuers-grimmels-e-v\/\" rel=\"noopener\">Eltern f\u00fcrs Grimmels e.V.<\/a>\n  <a href=\"https:\/\/grimmels.de\/wordpress\/rueckblick\/\" rel=\"noopener\">R\u00fcckblick<\/a>\n<\/nav>\t\t\t\t\t\t\t\t<\/div>\n\t\t\t\t<\/div>\n\t\t\t\t<\/div>\n\t\t<div class=\"elementor-element elementor-element-7e57f5d e-con-full e-flex e-con e-parent\" data-id=\"7e57f5d\" data-element_type=\"container\" data-settings=\"{&quot;background_background&quot;:&quot;classic&quot;}\">\n\t\t\t\t<div class=\"elementor-element elementor-element-39b669e elementor-widget elementor-widget-heading\" data-id=\"39b669e\" data-element_type=\"widget\" data-settings=\"{&quot;motion_fx_motion_fx_scrolling&quot;:&quot;yes&quot;,&quot;motion_fx_translateY_effect&quot;:&quot;yes&quot;,&quot;motion_fx_translateY_affectedRange&quot;:{&quot;unit&quot;:&quot;%&quot;,&quot;size&quot;:&quot;&quot;,&quot;sizes&quot;:{&quot;start&quot;:50,&quot;end&quot;:100}},&quot;motion_fx_translateY_speed&quot;:{&quot;unit&quot;:&quot;px&quot;,&quot;size&quot;:4,&quot;sizes&quot;:[]},&quot;motion_fx_devices&quot;:[&quot;desktop&quot;,&quot;tablet&quot;,&quot;mobile&quot;]}\" data-widget_type=\"heading.default\">\n\t\t\t\t<div class=\"elementor-widget-container\">\n\t\t\t\t\t<h2 class=\"elementor-heading-title elementor-size-default\">SEB-Protokolle<\/h2>\t\t\t\t<\/div>\n\t\t\t\t<\/div>\n\t\t\t\t<div class=\"elementor-element elementor-element-94ef41c elementor-widget elementor-widget-text-editor\" data-id=\"94ef41c\" data-element_type=\"widget\" data-settings=\"{&quot;motion_fx_motion_fx_scrolling&quot;:&quot;yes&quot;,&quot;motion_fx_translateY_effect&quot;:&quot;yes&quot;,&quot;motion_fx_translateY_affectedRange&quot;:{&quot;unit&quot;:&quot;%&quot;,&quot;size&quot;:&quot;&quot;,&quot;sizes&quot;:{&quot;start&quot;:50,&quot;end&quot;:100}},&quot;motion_fx_translateY_speed&quot;:{&quot;unit&quot;:&quot;px&quot;,&quot;size&quot;:4,&quot;sizes&quot;:[]},&quot;motion_fx_devices&quot;:[&quot;desktop&quot;,&quot;tablet&quot;,&quot;mobile&quot;]}\" data-widget_type=\"text-editor.default\">\n\t\t\t\t<div class=\"elementor-widget-container\">\n\t\t\t\t\t\t\t\t\t<p>Alle Protokolle und Dokumente des SEB zum Download<\/p>\t\t\t\t\t\t\t\t<\/div>\n\t\t\t\t<\/div>\n\t\t\t\t<\/div>\n\t\t<div class=\"elementor-element elementor-element-2cbe514f e-flex e-con-boxed e-con e-parent\" data-id=\"2cbe514f\" data-element_type=\"container\">\n\t\t\t\t\t<div class=\"e-con-inner\">\n\t\t\t\t<div class=\"elementor-element elementor-element-2e243249 elementor-widget elementor-widget-text-editor\" data-id=\"2e243249\" data-element_type=\"widget\" data-widget_type=\"text-editor.default\">\n\t\t\t\t<div class=\"elementor-widget-container\">\n\t\t\t\t\t\t\t\t\t<p><style>\n  .seb-navbar a {<br \/>    color: #fff;<br \/>    text-decoration: none;<br \/>    padding: 4px 10px;<br \/>    border-radius: 4px;<br \/>    transition: background 0.2s, transform 0.2s;<br \/>  }<\/p>\n<p>  .seb-navbar a:hover {<br \/>    background: rgba(255, 255, 255, 0.2);<br \/>    transform: scale(1.05); \/* optional: leichter Zoom beim Hover *\/<br \/>  }<\/p>\n<p>  .seb-table-wrapper {<br \/>    max-width: 800px;<br \/>    display: block;<br \/>    margin: 0 auto;<br \/>    padding: 0 10px;<br \/>  }<br \/>  .seb-table {<br \/>    border-collapse: separate !important;<br \/>    border-spacing: 0;<br \/>    background-color: #ffffff;<br \/>    box-shadow: rgba(0, 0, 0, 0.1) 0px 2px 6px;<br \/>    border-radius: 8px;<br \/>    overflow: hidden;<br \/>  }<br \/><\/style><\/p>\n<p><\/p>\n<table style=\"text-align: var(--text-align); border-collapse: collapse;\">\n<tbody>\n<tr>\n<td style=\"background-color: #345982; color: #ffffff; padding-left: 10px;\" colspan=\"2\"><strong>2026<\/strong><\/td>\n<\/tr>\n<tr>\n<td>Protokoll der SEB-Sitzung M\u00e4rz 2026<\/td>\n<td><a href=\"https:\/\/grimmels.de\/wordpress\/wp-content\/uploads\/2026\/04\/Protokoll_SEB-Sitzung_vom_20260303.pdf\">Protokoll<\/a><\/td>\n<\/tr>\n<tr>\n<td style=\"background-color: #345982; color: #ffffff; padding-left: 10px;\" colspan=\"2\"><strong>2025<\/strong><\/td>\n<\/tr>\n<tr>\n<td>Protokoll der SEB-Sitzung November 2025<\/td>\n<td><a href=\"https:\/\/grimmels.de\/wordpress\/wp-content\/uploads\/2025\/11\/Protokoll_20251111.pdf\" data-type=\"link\" data-id=\"https:\/\/grimmels.de\/wordpress\/wp-content\/uploads\/2025\/11\/Protokoll_20251111.pdf\">Protokoll<\/a><br \/><a href=\"https:\/\/grimmels.de\/wordpress\/wp-content\/uploads\/2025\/11\/Informationen-zur-Kulturschule-fuer-die-SEB-Sitzung-am-11.11.25.pdf\" data-type=\"link\" data-id=\"https:\/\/grimmels.de\/wordpress\/wp-content\/uploads\/2025\/11\/Informationen-zur-Kulturschule-fuer-die-SEB-Sitzung-am-11.11.25.pdf\">Informationen zur Kulturschule<\/a><br \/><a href=\"https:\/\/grimmels.de\/wordpress\/wp-content\/uploads\/2025\/11\/Praesentation-Schulhund-\u2013-SEB.pdf\" data-type=\"link\" data-id=\"https:\/\/grimmels.de\/wordpress\/wp-content\/uploads\/2025\/11\/Praesentation-Schulhund-\u2013-SEB.pdf\">Pr\u00e4sentation zum Konzept Schulhund<\/a><br \/><a href=\"https:\/\/grimmels.de\/wordpress\/wp-content\/uploads\/2025\/11\/TOP_3-1_Hausordnung-Grimmels_Stand-04.11.2025.pdf\">Hausordnung<\/a><br \/><a href=\"https:\/\/grimmels.de\/wordpress\/wp-content\/uploads\/2025\/11\/TOP_3-5_Digitale_Endgeraete.pdf\">Konzept zur Nutzung digitaler Endger\u00e4te<\/a><br \/><a href=\"https:\/\/grimmels.de\/wordpress\/wp-content\/uploads\/2025\/11\/TOP_3-2_Kommunikationskonzept_Grimmels_Stand_04.11.2025.pdf\">Kommunikationskonzept<\/a><\/td>\n<\/tr>\n<tr>\n<td>Protokoll der SEB-Sitzung September 2025<\/td>\n<td><a href=\"https:\/\/grimmels.de\/wordpress\/wp-content\/uploads\/2025\/10\/Protokoll_SEB-Sitzung_vom_20250923.pdf\">Protokoll<\/a><br \/><a style=\"font-size: revert; font-family: inherit;\" href=\"https:\/\/grimmels.de\/wordpress\/wp-content\/uploads\/2025\/10\/20250923-SEB_GESAMT.pdf\">Pr\u00e4sentation SEB Sitzung<\/a><\/td>\n<\/tr>\n<tr>\n<td>Protokoll der SEB-Sitzung M\u00e4rz 2025<\/td>\n<td><a href=\"https:\/\/grimmels.de\/wordpress\/wp-content\/uploads\/2025\/04\/Protokoll_SEB-Sitzung_vom_20250327.pdf\">Protokoll<\/a><br \/><a style=\"font-size: revert; font-family: inherit;\" href=\"https:\/\/grimmels.de\/wordpress\/wp-content\/uploads\/2025\/04\/20250327-SEB_GESAMT.ppt\">Pr\u00e4sentation SEB Sitzung<\/a><br \/><a style=\"font-size: revert; font-family: inherit;\" href=\"https:\/\/grimmels.de\/wordpress\/wp-content\/uploads\/2025\/04\/Elternspende.pdf\">Flyer Elternspende<\/a><br \/><a style=\"font-size: revert; font-family: inherit;\" href=\"https:\/\/grimmels.de\/wordpress\/wp-content\/uploads\/2025\/04\/Ski_Flohmarkt_Rund_ums_Kind.pdf\">Flyer Ski-\/Flohmarkt Rund ums Kind<\/a><\/td>\n<\/tr>\n<tr>\n<td style=\"background-color: #345982; color: #ffffff; padding-left: 10px;\" colspan=\"2\"><strong>2024<\/strong><\/td>\n<\/tr>\n<tr>\n<td>Protokoll der SEB-Sitzung Oktober 2024<\/td>\n<td><a href=\"https:\/\/grimmels.de\/wordpress\/wp-content\/uploads\/2024\/10\/SEB-Sitzung_Oktober_2024.pdf\">Protokoll Oktober 2024<\/a> <br \/><a style=\"font-size: revert; font-family: inherit;\" href=\"https:\/\/grimmels.de\/wordpress\/wp-content\/uploads\/2024\/10\/20241001-SEB_GESAMT.ppt\">Pr\u00e4sentation SEB Sitzung<\/a> <br \/><a style=\"font-size: revert; font-family: inherit;\" href=\"https:\/\/grimmels.de\/wordpress\/wp-content\/uploads\/2024\/10\/Initiative_Sicherer_Schulweg_Gelnhausen.pptx\">Pr\u00e4sentation Initiative Sicherer Schulweg GN<\/a> <br \/><a style=\"font-size: revert; font-family: inherit;\" href=\"https:\/\/grimmels.de\/wordpress\/wp-content\/uploads\/2024\/10\/SichererSchulwegGruendau-24-09-26.pptx\">Pr\u00e4sentation Initiative Sicherer Schulweg GRD<\/a> <br \/><a style=\"font-size: revert; font-family: inherit;\" href=\"https:\/\/grimmels.de\/wordpress\/wp-content\/uploads\/2024\/10\/Pausenregelung.pptx\">Vortrag_Herr_Altvater_Pausenregelung<\/a> <br \/><a style=\"font-size: revert; font-family: inherit;\" href=\"https:\/\/grimmels.de\/wordpress\/wp-content\/uploads\/2024\/10\/Modelle_Pausenregelung.pptx\">Modelle_Pausenregelung<\/a><\/td>\n<\/tr>\n<tr>\n<td>Protokoll der SEB-Sitzung M\u00e4rz 2024<\/td>\n<td><a href=\"https:\/\/grimmels.de\/wordpress\/wp-content\/uploads\/2024\/03\/Protokoll_SEB-Sitzung_vom_20240307.docx\">Protokoll M\u00e4rz 2024<\/a> <br \/><a style=\"font-size: revert; font-family: inherit;\" href=\"https:\/\/grimmels.de\/wordpress\/wp-content\/uploads\/2024\/03\/20240307-SEB_GESAMT.pptx\">Pr\u00e4sentation SEB Sitzung<\/a> <br \/><a style=\"font-size: revert; font-family: inherit;\" href=\"https:\/\/grimmels.de\/wordpress\/wp-content\/uploads\/2024\/03\/Initiative_Sicherer_Schulweg.pptx\">Pr\u00e4sentation Initiative Sicherer Schulweg<\/a> <br \/><a style=\"font-size: revert; font-family: inherit;\" href=\"https:\/\/grimmels.de\/wordpress\/wp-content\/uploads\/2024\/03\/2024-03-12_Zusammenfassung-Beschluesse-FI-GGG-Geko-27.02.24.pdf\">Fehlerindex_Information_Beschl\u00fcsse<\/a> <br \/><a style=\"font-size: revert; font-family: inherit;\" href=\"https:\/\/grimmels.de\/wordpress\/wp-content\/uploads\/2024\/03\/2024-03-12_BerechnungTendenznotenfuerFInach-Beschluss-GEKO-27.02.24.xlsx\">Fehlerindex_Berechnung_Tendenznote<\/a> <br \/><a style=\"font-size: revert; font-family: inherit;\" href=\"https:\/\/grimmels.de\/wordpress\/wp-content\/uploads\/2024\/03\/Grimmels-fuer-Grimmels-\u2013-fast-fertig.pptx\">Pr\u00e4sentation Grimmels f\u00fcr Grimmels<\/a><\/td>\n<\/tr>\n<tr>\n<td style=\"background-color: #345982; color: #ffffff; padding-left: 10px;\" colspan=\"2\"><strong>2023<\/strong><\/td>\n<\/tr>\n<tr>\n<td>Protokoll der SEB-Sitzung November 2023<\/td>\n<td><a href=\"https:\/\/grimmels.de\/wordpress\/wp-content\/uploads\/2023\/11\/Protokoll_SEB-Sitzung_vom_20231102.docx\">Protokoll November 2023<\/a> <br \/><a style=\"font-size: revert; font-family: inherit;\" href=\"https:\/\/grimmels.de\/wordpress\/wp-content\/uploads\/2023\/11\/20231102-SEB_GESAMT.ppt\">Pr\u00e4sentation SEB Sitzung<\/a> <br \/><a style=\"font-size: revert; font-family: inherit;\" href=\"https:\/\/grimmels.de\/wordpress\/wp-content\/uploads\/2023\/11\/Schulwegsicherung-in-Hailer-und-Meerholz-1.pdf\">Pr\u00e4sentation Initiative Sicherer Schulweg<\/a> <br \/><a style=\"font-size: revert; font-family: inherit;\" href=\"https:\/\/grimmels.de\/wordpress\/wp-content\/uploads\/2023\/11\/Elternbrief-NEU.pdf\">Gru\u00dfwort Caf\u00e9haus Team<\/a><\/td>\n<\/tr>\n<tr>\n<td>Protokoll der SEB-Sitzung Oktober 2023<\/td>\n<td><a href=\"https:\/\/grimmels.de\/wordpress\/wp-content\/uploads\/2023\/10\/Protokoll_SEB-Sitzung_vom_20231005.docx\">Protokoll Oktober 2023<\/a> <br \/><a style=\"font-size: revert; font-family: inherit;\" href=\"https:\/\/grimmels.de\/wordpress\/wp-content\/uploads\/2023\/10\/20231005-SEB_Veroeffentlichung.ppt\">Pr\u00e4sentation SEB Sitzung<\/a><\/td>\n<\/tr>\n<tr>\n<td>Protokoll der SEB-Sitzung M\u00e4rz 2023<\/td>\n<td><a href=\"https:\/\/grimmels.de\/wordpress\/wp-content\/uploads\/2023\/03\/Protokoll_SEB-Sitzung_vom_20230302.docx\">Protokoll M\u00e4rz 2023<\/a><\/td>\n<\/tr>\n<tr>\n<td style=\"background-color: #345982; color: #ffffff; padding-left: 10px;\" colspan=\"2\"><strong>2022<\/strong><\/td>\n<\/tr>\n<tr>\n<td>Protokoll der SEB-Sitzung Oktober 2022<\/td>\n<td><a href=\"https:\/\/grimmels.de\/wordpress\/wp-content\/uploads\/2022\/11\/Protokoll-Oktober-2022.pdf\">Protokoll Oktober 2022<\/a><\/td>\n<\/tr>\n<tr>\n<td>Protokoll der SEB-Sitzung Februar 2022<\/td>\n<td><a href=\"https:\/\/grimmels.de\/wordpress\/wp-content\/uploads\/2022\/03\/Protokoll_SEB-Sitzung_vom_20220222.docx\" target=\"_blank\" rel=\"noopener\">Protokoll Februar 2022<\/a><\/td>\n<\/tr>\n<tr>\n<td style=\"background-color: #345982; color: #ffffff; padding-left: 10px;\" colspan=\"2\"><strong>2021<\/strong><\/td>\n<\/tr>\n<tr>\n<td>Protokoll der SEB-Sitzung November 2021<\/td>\n<td><a href=\"https:\/\/grimmels.de\/wordpress\/wp-content\/uploads\/2021\/12\/Protokoll_SEB-Sitzung_vom_15112021.docx\" target=\"_blank\" rel=\"noopener\">Protokoll November 2021<\/a><\/td>\n<\/tr>\n<tr>\n<td>Protokoll der SEB-Sitzung September 2021<\/td>\n<td><a href=\"https:\/\/grimmels.de\/wordpress\/wp-content\/uploads\/2021\/11\/Protokoll_SEB-Sitzung_vom_30092021.pdf\" target=\"_blank\" rel=\"noopener\">Protokoll September 2021<\/a><\/td>\n<\/tr>\n<tr>\n<td>Protokoll der SEB-Sitzung Februar 2021<\/td>\n<td><a href=\"https:\/\/grimmels.de\/wordpress\/wp-content\/uploads\/2021\/03\/Protokoll_SEB-Sitzung_vom_25022021.pdf\" target=\"_blank\" rel=\"noopener\">Protokoll Februar 2021<\/a><br \/><a href=\"https:\/\/grimmels.de\/wordpress\/wp-content\/uploads\/2021\/03\/SEB_Presentation_20210225.pdf\" target=\"_blank\" rel=\"noopener\">Pr\u00e4sentation zur Tagesordnung<\/a><\/td>\n<\/tr>\n<tr>\n<td style=\"background-color: #345982; color: #ffffff; padding-left: 10px;\" colspan=\"2\"><strong>2020<\/strong><\/td>\n<\/tr>\n<tr>\n<td>Protokoll der SEB-Sitzung September 2020<\/td>\n<td><a href=\"https:\/\/grimmels.de\/wordpress\/wp-content\/uploads\/2020\/10\/200923Protokoll_SEB-Sitzung_vom_23.09.2020_st.pdf\">Protokoll September 2020<\/a><\/td>\n<\/tr>\n<tr>\n<td>Protokoll der SEB-Sitzung Februar 2020<\/td>\n<td><a href=\"https:\/\/grimmels.de\/wordpress\/wp-content\/uploads\/2020\/09\/200227Protokoll_SEB-Sitzung_vom_27.02.2020_final.pdf\">Protokoll Februar 2020<\/a><\/td>\n<\/tr>\n<tr>\n<td style=\"background-color: #345982; color: #ffffff; padding-left: 10px;\" colspan=\"2\"><strong>2019<\/strong><\/td>\n<\/tr>\n<tr>\n<td>Protokoll der SEB-Sitzung Oktober 2019<\/td>\n<td><a href=\"https:\/\/grimmels.de\/wordpress\/wp-content\/uploads\/2019\/11\/191022Protokoll_SEB-Sitzung_vom_22.10.2019_final.pdf\" target=\"_blank\" rel=\"noopener noreferrer\">Protokoll Oktober 2019<\/a><br \/><a href=\"https:\/\/grimmels.de\/wordpress\/wp-content\/uploads\/2019\/11\/191022PR\u00c4SENTATIONGesamtkonferenz19_10.pdf\" target=\"_blank\" rel=\"noopener noreferrer\">Pr\u00e4sentation Schulentwicklungsgruppe<\/a><br \/><a href=\"https:\/\/grimmels.de\/wordpress\/wp-content\/uploads\/2019\/11\/191022Vorstellung-E-Phase-Geko-SEB-S-Konferenz-2.pdf\" target=\"_blank\" rel=\"noopener noreferrer\">Pr\u00e4sentation Neuaufstellung der E-Phase<\/a><br \/><a href=\"https:\/\/grimmels.de\/wordpress\/wp-content\/uploads\/2019\/11\/191022Protokoll_SK-Sitzung_S-1_vom_22.10.2019.pdf\" target=\"_blank\" rel=\"noopener noreferrer\">Wahlprotokoll Schulkonferenz<\/a><br \/><a href=\"https:\/\/grimmels.de\/wordpress\/wp-content\/uploads\/2019\/11\/191022Protokoll_SK-Sitzung_S-2_vom_22.10.2019.pdf\">Wahlprotokoll Schulkonferenz Seite 2<\/a><\/td>\n<\/tr>\n<tr>\n<td>Protokoll der SEB-Sitzung September 2019<\/td>\n<td><a href=\"https:\/\/grimmels.de\/wordpress\/wp-content\/uploads\/2019\/10\/Protokoll-SEB-Sitzung-vom-23.09.2019.pdf\" target=\"_blank\" rel=\"noopener noreferrer\">Protokoll September 2019<\/a><br \/><a href=\"https:\/\/grimmels.de\/wordpress\/wp-content\/uploads\/2019\/10\/23.09.19-SEB_Bericht.pdf\" target=\"_blank\" rel=\"noopener noreferrer\">Pr\u00e4sentation SEB<\/a><br \/><a href=\"https:\/\/grimmels.de\/wordpress\/wp-content\/uploads\/2019\/10\/SEB_230919_WahlProtokoll.pdf\" target=\"_blank\" rel=\"noopener noreferrer\">Wahlprotokoll SEB September 2019<\/a><\/td>\n<\/tr>\n<tr>\n<td>Protokoll der SEB-Sitzung April 2019<\/td>\n<td><a href=\"https:\/\/grimmels.de\/wordpress\/wp-content\/uploads\/2019\/05\/Protokoll_SEB_02042019.pdf\" target=\"_blank\" rel=\"noopener noreferrer\">Protokoll April 2019<\/a><br \/><a href=\"https:\/\/grimmels.de\/wordpress\/wp-content\/uploads\/2019\/05\/Praesentation_SEB_02042019.pdf\" target=\"_blank\" rel=\"noopener noreferrer\">Pr\u00e4sentation SEB<\/a><br \/><a href=\"https:\/\/grimmels.de\/wordpress\/wp-content\/uploads\/2019\/05\/SEB-Sitzung_SV-Bericht_02042019.pdf\" target=\"_blank\" rel=\"noopener noreferrer\">Pr\u00e4sentation SV<\/a><br \/><a href=\"https:\/\/grimmels.de\/wordpress\/wp-content\/uploads\/2019\/05\/SEB-Sitzung_Vorstellung_schulpsychologische_Beratungsangebote_02042019.pdf\" target=\"_blank\" rel=\"noopener noreferrer\">Vorstellung schulpsychologische Beratungsangebote<\/a><\/td>\n<\/tr>\n<tr>\n<td style=\"background-color: #345982; color: #ffffff; padding-left: 10px;\" colspan=\"2\"><strong>2018<\/strong><\/td>\n<\/tr>\n<tr>\n<td>Protokoll der SEB-Sitzung September 2018<\/td>\n<td><a href=\"https:\/\/grimmels.de\/wordpress\/wp-content\/uploads\/2018\/10\/Protokoll_SEB-Sitzung_vom_26.09.2018.pdf\" target=\"_blank\" rel=\"noopener noreferrer\">Protokoll September 2018<\/a><br \/><a href=\"https:\/\/grimmels.de\/wordpress\/wp-content\/uploads\/2018\/10\/Anlage-zu-Top-1_Ergaenzung-Protokoll-28.09.2017.pdf\" target=\"_blank\" rel=\"noopener noreferrer\">Anlage zu TOP 1<\/a><br \/><a href=\"https:\/\/grimmels.de\/wordpress\/wp-content\/uploads\/2018\/10\/Anlage-zu-Top-3_Praesentation-SV.pdf\" target=\"_blank\" rel=\"noopener noreferrer\">Anlage zu TOP 3<\/a><br \/><a href=\"https:\/\/grimmels.de\/wordpress\/wp-content\/uploads\/2018\/10\/Anlage-zu-Top-5_Praesentation-Ehemalige.pdf\" target=\"_blank\" rel=\"noopener noreferrer\">Anlage zu TOP 5<\/a><br \/><a href=\"https:\/\/grimmels.de\/wordpress\/wp-content\/uploads\/2018\/10\/Anlage-zu-Top-6u7_Praesentation-SEB.pdf\" target=\"_blank\" rel=\"noopener noreferrer\">Anlage zu TOP 6u7<\/a><\/td>\n<\/tr>\n<tr>\n<td>Satzung Verein &#8222;Eltern f\u00fcrs Grimmels&#8220; vom 21.03.2018<\/td>\n<td><a href=\"https:\/\/grimmels.de\/wordpress\/wp-content\/uploads\/2018\/05\/Satzung_ELTERN-FUERS-GRIMMELS_21.03.2018.pdf\">Satzung &#8222;Eltern f\u00fcrs Grimmels&#8220;<\/a><\/td>\n<\/tr>\n<tr>\n<td>Protokoll der SEB-Sitzung April 2018<\/td>\n<td><a href=\"https:\/\/grimmels.de\/wordpress\/wp-content\/uploads\/2018\/05\/ProtokollSEB_12042018.pdf\" target=\"_blank\" rel=\"noopener noreferrer\">Protokoll April 2018<br \/><\/a><a href=\"https:\/\/grimmels.de\/wordpress\/wp-content\/uploads\/2018\/05\/PraesentationSEB_12042018.pdf\" target=\"_blank\" rel=\"noopener noreferrer\">Pr\u00e4sentation SEB<\/a><a href=\"https:\/\/grimmels.de\/wordpress\/wp-content\/uploads\/2018\/05\/PraesentationSV_12042018.pdf\" target=\"_blank\" rel=\"noopener noreferrer\"><br \/>Pr\u00e4sentation SV<\/a><\/td>\n<\/tr>\n<tr>\n<td style=\"background-color: #345982; color: #ffffff; padding-left: 10px;\" colspan=\"2\"><strong>2017<\/strong><\/td>\n<\/tr>\n<tr>\n<td>Protokoll der SEB-Sitzung September 2017<\/td>\n<td><a href=\"https:\/\/grimmels.de\/wordpress\/wp-content\/uploads\/2017\/10\/Protokoll_SEB-Sitzung_vom_28.09.2017.pdf\" target=\"_blank\" rel=\"noopener noreferrer\">Protokoll September 2017<\/a><br \/><a href=\"https:\/\/grimmels.de\/wordpress\/wp-content\/uploads\/2017\/10\/Protokoll-SEB-Sitzung_vom_28.09.2017_Anlage-zu-TOP-4_Bericht-der-SV.pdf\" target=\"_blank\" rel=\"noopener noreferrer\">Anlage zu TOP 4<\/a><br \/><a href=\"https:\/\/grimmels.de\/wordpress\/wp-content\/uploads\/2017\/10\/Protokoll-SEB-Sitzung_vom_28.09.2017_Anlage-zu-TOP-7_Bericht-des-Vorstandes.pdf\" target=\"_blank\" rel=\"noopener noreferrer\">Anlage zu TOP 7<\/a><br \/><a href=\"https:\/\/grimmels.de\/wordpress\/wp-content\/uploads\/2017\/10\/Protokoll-SEB-Sitzung_vom_28.09.2017_Anlage-zu-TOP-9_Kassenbericht.pdf\" target=\"_blank\" rel=\"noopener noreferrer\">Anlage zu TOP 9<\/a><br \/><a href=\"https:\/\/grimmels.de\/wordpress\/wp-content\/uploads\/2017\/10\/Protokoll-SEB-Sitzung_vom_28.09.2017_Anlage-zu-TOP-15_Wahlprotokoll.pdf\" target=\"_blank\" rel=\"noopener noreferrer\">Anlage zu TOP 15<\/a><\/td>\n<\/tr>\n<tr>\n<td>Protokoll der SEB-Sitzung April 2017<\/td>\n<td><a href=\"https:\/\/grimmels.de\/wordpress\/wp-content\/uploads\/2017\/05\/Protokoll-SEB-Sitzung_vom_20.04.2017.pdf\" target=\"_blank\" rel=\"noopener noreferrer\">Protokoll April 2017<br \/><\/a><a href=\"https:\/\/grimmels.de\/wordpress\/wp-content\/uploads\/2017\/05\/Protokoll-SEB-Sitzung_vom_20.04.2017_Anlage-zu-TOP-7.pdf\" target=\"_blank\" rel=\"noopener noreferrer\">Anlage zu TOP 7<\/a><br \/><a href=\"https:\/\/grimmels.de\/wordpress\/wp-content\/uploads\/2017\/05\/Protokoll-SEB-Sitzung_vom_20.04.2017_Anlage1-zu-TOP-9.pdf\" target=\"_blank\" rel=\"noopener noreferrer\">Anlage1 zu TOP 9<\/a><br \/><a href=\"https:\/\/grimmels.de\/wordpress\/wp-content\/uploads\/2017\/05\/Protokoll-SEB-Sitzung_vom_20.04.2017_Anlage2-zu-TOP-9.pdf\" target=\"_blank\" rel=\"noopener noreferrer\">Anlage2 zu TOP 9<\/a><\/td>\n<\/tr>\n<\/tbody>\n<\/table>\n<p><\/p>\t\t\t\t\t\t\t\t<\/div>\n\t\t\t\t<\/div>\n\t\t\t\t\t<\/div>\n\t\t\t\t<\/div>\n\t\t\t\t<\/div>\n\t\t","protected":false},"excerpt":{"rendered":"<p>SEB Links: SEB-News SEB-Termine SEB-Protokolle SEB-Vorstand SEB-Weblinks Eltern f\u00fcrs Grimmels e.V. R\u00fcckblick SEB-Protokolle Alle Protokolle und Dokumente des SEB zum Download 2026 Protokoll der SEB-Sitzung M\u00e4rz 2026 Protokoll 2025 Protokoll der SEB-Sitzung November 2025 ProtokollInformationen zur KulturschulePr\u00e4sentation zum Konzept SchulhundHausordnungKonzept zur Nutzung digitaler Endger\u00e4teKommunikationskonzept Protokoll der SEB-Sitzung September 2025 ProtokollPr\u00e4sentation SEB Sitzung Protokoll der SEB-Sitzung [&hellip;]<\/p>\n","protected":false},"author":11,"featured_media":0,"parent":0,"menu_order":0,"comment_status":"closed","ping_status":"closed","template":"","meta":{"advgb_blocks_editor_width":"","advgb_blocks_columns_visual_guide":"","ngg_post_thumbnail":0,"footnotes":""},"class_list":["post-24439","page","type-page","status-publish","hentry"],"coauthors":[],"author_meta":{"author_link":"https:\/\/grimmels.de\/wordpress\/author\/elternbeirat\/","display_name":"Vorstand des SEB"},"relative_dates":{"created":"Posted 1\u00a0Jahr ago","modified":"Updated 2\u00a0Wochen ago"},"absolute_dates":{"created":"Posted on 25. April 2025","modified":"Updated on 15. April 2026"},"absolute_dates_time":{"created":"Posted on 25. April 2025 7:00","modified":"Updated on 15. April 2026 13:59"},"featured_img_caption":"","featured_img":false,"series_order":"","_links":{"self":[{"href":"https:\/\/grimmels.de\/wordpress\/wp-json\/wp\/v2\/pages\/24439","targetHints":{"allow":["GET"]}}],"collection":[{"href":"https:\/\/grimmels.de\/wordpress\/wp-json\/wp\/v2\/pages"}],"about":[{"href":"https:\/\/grimmels.de\/wordpress\/wp-json\/wp\/v2\/types\/page"}],"author":[{"embeddable":true,"href":"https:\/\/grimmels.de\/wordpress\/wp-json\/wp\/v2\/users\/11"}],"replies":[{"embeddable":true,"href":"https:\/\/grimmels.de\/wordpress\/wp-json\/wp\/v2\/comments?post=24439"}],"version-history":[{"count":118,"href":"https:\/\/grimmels.de\/wordpress\/wp-json\/wp\/v2\/pages\/24439\/revisions"}],"predecessor-version":[{"id":69672,"href":"https:\/\/grimmels.de\/wordpress\/wp-json\/wp\/v2\/pages\/24439\/revisions\/69672"}],"wp:attachment":[{"href":"https:\/\/grimmels.de\/wordpress\/wp-json\/wp\/v2\/media?parent=24439"}],"curies":[{"name":"wp","href":"https:\/\/api.w.org\/{rel}","templated":true}]}}