{"id":32077,"date":"2016-09-19T17:53:38","date_gmt":"2016-09-19T15:53:38","guid":{"rendered":"http:\/\/grimmels.de.w014d30d.kasserver.com\/wordpress\/?page_id=32077"},"modified":"2016-09-19T17:53:38","modified_gmt":"2016-09-19T15:53:38","slug":"sprachwettbewerbe","status":"publish","type":"page","link":"https:\/\/grimmels.de\/wordpress\/sprachwettbewerbe\/","title":{"rendered":"Sprachwettbewerbe"},"content":{"rendered":"<p><strong>Fachspezifische Wettbewerbe<\/strong><\/p>\n<ul>\n<li>Deutsch\n<ul>\n<li>Vorlesewettbewerb Kl. 6<\/li>\n<li>Kreativer Schreibwettbewerb Kl. 5 \u2013 Q2<\/li>\n<\/ul>\n<\/li>\n<li>Moderne Fremdsprachen\n<ul>\n<li>Bundeswettbewerb Fremdsprachen<\/li>\n<li>BIG CHALLENGE Kl. 5 \u2013 9<\/li>\n<li>Englischer Vorlesewettbewerb Kl. 7<\/li>\n<li>Franz\u00f6sischer Vorlesewettbewerb Kl. 8<\/li>\n<li>Prix des Lyc\u00e9ens Q2<\/li>\n<li>Spanischer Vorlesewettbewerb Kl. 7 (1. Fremdsprache)<\/li>\n<li>Espanol M\u00f3vil Kl. 7<\/li>\n<\/ul>\n<\/li>\n<li>Latein\n<ul>\n<li>Vokabelwettbewerbe \u201e K\u00f6nig, Kaiser, Experte\u201c in Latein in Kl. 6,7 und 8<\/li>\n<\/ul>\n<\/li>\n<\/ul>\n<p>&nbsp;<\/p>\n","protected":false},"excerpt":{"rendered":"<p>Fachspezifische Wettbewerbe Deutsch Vorlesewettbewerb Kl. 6 Kreativer Schreibwettbewerb Kl. 5 \u2013 Q2 Moderne Fremdsprachen Bundeswettbewerb Fremdsprachen BIG CHALLENGE Kl. 5 \u2013 9 Englischer Vorlesewettbewerb Kl. 7 Franz\u00f6sischer Vorlesewettbewerb Kl. 8 Prix des Lyc\u00e9ens Q2 Spanischer Vorlesewettbewerb Kl. 7 (1. Fremdsprache) Espanol M\u00f3vil Kl. 7 Latein Vokabelwettbewerbe \u201e K\u00f6nig, Kaiser, Experte\u201c in Latein in Kl. 6,7 [&hellip;]<\/p>\n","protected":false},"author":1,"featured_media":0,"parent":0,"menu_order":0,"comment_status":"closed","ping_status":"closed","template":"","meta":{"advgb_blocks_editor_width":"","advgb_blocks_columns_visual_guide":"","ngg_post_thumbnail":0,"footnotes":""},"class_list":["post-32077","page","type-page","status-publish","hentry"],"coauthors":[],"author_meta":{"author_link":"https:\/\/grimmels.de\/wordpress\/author\/webmaster\/","display_name":"webmaster"},"relative_dates":{"created":"Posted 10\u00a0Jahren ago","modified":"Updated 10\u00a0Jahren ago"},"absolute_dates":{"created":"Posted on 19. September 2016","modified":"Updated on 19. September 2016"},"absolute_dates_time":{"created":"Posted on 19. September 2016 17:53","modified":"Updated on 19. September 2016 17:53"},"featured_img_caption":"","featured_img":false,"series_order":"","_links":{"self":[{"href":"https:\/\/grimmels.de\/wordpress\/wp-json\/wp\/v2\/pages\/32077","targetHints":{"allow":["GET"]}}],"collection":[{"href":"https:\/\/grimmels.de\/wordpress\/wp-json\/wp\/v2\/pages"}],"about":[{"href":"https:\/\/grimmels.de\/wordpress\/wp-json\/wp\/v2\/types\/page"}],"author":[{"embeddable":true,"href":"https:\/\/grimmels.de\/wordpress\/wp-json\/wp\/v2\/users\/1"}],"replies":[{"embeddable":true,"href":"https:\/\/grimmels.de\/wordpress\/wp-json\/wp\/v2\/comments?post=32077"}],"version-history":[{"count":2,"href":"https:\/\/grimmels.de\/wordpress\/wp-json\/wp\/v2\/pages\/32077\/revisions"}],"predecessor-version":[{"id":32079,"href":"https:\/\/grimmels.de\/wordpress\/wp-json\/wp\/v2\/pages\/32077\/revisions\/32079"}],"wp:attachment":[{"href":"https:\/\/grimmels.de\/wordpress\/wp-json\/wp\/v2\/media?parent=32077"}],"curies":[{"name":"wp","href":"https:\/\/api.w.org\/{rel}","templated":true}]}}

<p><strong>Fachspezifische Wettbewerbe</strong></p>
<ul>
<li>Deutsch
<ul>
<li>Vorlesewettbewerb Kl. 6</li>
<li>Kreativer Schreibwettbewerb Kl. 5 – Q2</li>
</ul>
</li>
<li>Moderne Fremdsprachen
<ul>
<li>Bundeswettbewerb Fremdsprachen</li>
<li>BIG CHALLENGE Kl. 5 – 9</li>
<li>Englischer Vorlesewettbewerb Kl. 7</li>
<li>Französischer Vorlesewettbewerb Kl. 8</li>
<li>Prix des Lycéens Q2</li>
<li>Spanischer Vorlesewettbewerb Kl. 7 (1. Fremdsprache)</li>
<li>Espanol Móvil Kl. 7</li>
</ul>
</li>
<li>Latein
<ul>
<li>Vokabelwettbewerbe „ König, Kaiser, Experte“ in Latein in Kl. 6,7 und 8</li>
</ul>
</li>
</ul>
<p>&nbsp;</p>

<p>Fachspezifische Wettbewerbe Deutsch Vorlesewettbewerb Kl. 6 Kreativer Schreibwettbewerb Kl. 5 – Q2 Moderne Fremdsprachen Bundeswettbewerb Fremdsprachen BIG CHALLENGE Kl. 5 – 9 Englischer Vorlesewettbewerb Kl. 7 Französischer Vorlesewettbewerb Kl. 8 Prix des Lycéens Q2 Spanischer Vorlesewettbewerb Kl. 7 (1. Fremdsprache) Espanol Móvil Kl. 7 Latein Vokabelwettbewerbe „ König, Kaiser, Experte“ in Latein in Kl. 6,7 [&hellip;]</p>
