{"id":35651,"date":"2017-09-12T14:40:58","date_gmt":"2017-09-12T12:40:58","guid":{"rendered":"http:\/\/grimmels.de\/wordpress\/?page_id=35651"},"modified":"2020-12-05T13:30:28","modified_gmt":"2020-12-05T12:30:28","slug":"latein-2","status":"publish","type":"page","link":"https:\/\/grimmels.de\/wordpress\/latein-2\/","title":{"rendered":"Latein"},"content":{"rendered":"<p>Latein wird zur Zeit noch in der 6. Jahrgangsstufe als 2. Fremdsprache angeboten und regelm\u00e4\u00dfig gew\u00e4hlt. <strong>Sch\u00fclerinnen und Sch\u00fcler, die zum Schuljahr 2020\/21 in die 5. Jahrgangsstufe aufgenommen werden, k\u00f6nnen mit Latein als 2. Fremdsprache in der 7. Jahrgangsstufe beginnen.<\/strong> &nbsp;Bei gen\u00fcgend hoher Teilnehmerzahl kann Latein auch in Jahrgangsstufe 9 im Wahlunterricht belegt werden.<\/p>\n<p>Wenn Sie n\u00e4here Informationen dar\u00fcber haben m\u00f6chten, warum es f\u00fcr Ihr Kind sinnvoll sein kann, das Fach Latein als zweite Fremdsprache zu w\u00e4hlen, finden sie im&nbsp; Artikel <a href=\"https:\/\/grimmels.de\/wordpress\/latein\/\">\u201eWozu Latein ?\u201c<\/a> ausf\u00fchrliche Informationen zu unserem Fach.<\/p>\n<p>Wenn Sie n\u00e4here Informationen dar\u00fcber haben m\u00f6chten, ob Latein oder Franz\u00f6sisch besser geeignet f\u00fcr Ihr Kind ist, lesen Sie den folgenden Artikel:&nbsp;<a href=\"https:\/\/grimmels.de\/wordpress\/zweite-fremdsprache\/\"> \u201eInformation zur Wahl der zweiten Fremdsprache\u201c<\/a><\/p>\n<p>Der Absatz vor der Stundentafel lautet nun:<\/p>\n<p>Zur Zeit unterrichten vier Lehrkr\u00e4fte das Fach an unserer Schule. Fachsprecher ist Dr. Haude.<\/p>\n<p><strong><u>Stundentafel und Anzahl der Arbeiten<\/u><\/strong><\/p>\n<table width=\"633\" border=\"1\">\n<tbody>\n<tr>\n<td width=\"88\">Klasse<\/td>\n<td width=\"59\">6<\/td>\n<td width=\"60\">7<\/td>\n<td width=\"60\">8<\/td>\n<td width=\"60\">9<\/td>\n<td width=\"62\">10<\/td>\n<td width=\"59\">E<\/td>\n<td width=\"63\">Q1-2 GK<\/td>\n<td width=\"63\">Q3-4 GK<\/td>\n<\/tr>\n<tr>\n<td width=\"88\">Stundenzahl<\/td>\n<td width=\"59\">3<\/td>\n<td width=\"60\">3<\/td>\n<td width=\"60\">3<\/td>\n<td width=\"60\">3<\/td>\n<td width=\"62\">3<\/td>\n<td width=\"59\">3<\/td>\n<td width=\"63\">3<\/td>\n<td width=\"63\">3<\/td>\n<\/tr>\n<tr>\n<td width=\"88\">Anzahl der schriftl. Arbeiten<\/td>\n<td width=\"59\">4<\/td>\n<td width=\"60\">4<\/td>\n<td width=\"60\">4<\/td>\n<td width=\"60\">4<\/td>\n<td width=\"62\">4<\/td>\n<td width=\"59\">4<\/td>\n<td width=\"63\">4<\/td>\n<td width=\"63\">4<\/td>\n<\/tr>\n<\/tbody>\n<\/table>\n<p><strong><u>Arbeitsmaterialien<\/u><\/strong><\/p>\n<p>In der Lehrbuchphase (Klassen 6-9) arbeiten wir mit dem Lehrbuch \u201ePontes\u201c aus dem Klett-Verlag. Hierzu gibt es eine Reihe von Begleitmaterialien, die zur h\u00e4uslichen Unterst\u00fctzung des Lernprozesses herangezogen werden k\u00f6nnen. Die Lateinlehrkr\u00e4fte beraten Sie gerne bei der Anschaffung der Materialien.<\/p>\n<p><strong><u>Ausfl\u00fcge und Projekttage<\/u><\/strong><\/p>\n<p>Neben der Arbeit mit dem Lehrbuch bzw. der Lekt\u00fcre wird der Unterricht erg\u00e4nzt durch Ausfl\u00fcge (z.B. Pompejanum\/ Aschaffenburg, Saalburg, Trier (mit \u00dcbernachtung), \u2026) und Projekttage mit wechselnden Themen (z.B. Spielen wie die R\u00f6mer, Kochen nach r\u00f6mischen Rezepten, \u2026).<\/p>\n<p><strong><u>F\u00f6rderunterricht<\/u><\/strong><\/p>\n<p>F\u00fcr Sch\u00fcler, die F\u00f6rderbedarf im Fach Latein haben, besteht die M\u00f6glichkeit den w\u00f6chentlich stattfindenden F\u00f6rderkurs zu besuchen. Dort erhalten die Sch\u00fcler einen individuell auf ihre Bed\u00fcrfnisse zugeschnittenen Arbeitsplan und k\u00f6nnen ihre Probleme gezielt mit dem F\u00f6rderlehrer oder einem der unterst\u00fctzenden Oberstufensch\u00fcler angehen.<\/p>\n<p><strong><u>AGs und Wettbewerbe<\/u><\/strong><\/p>\n<p>F\u00fcr die Jahrgangsstufen 7\u20139 gibt es schulinterne Vokabelwettbewerbe, die jeweils zu Schuljahresbeginn stattfinden.<\/p>\n<p>F\u00fcr die Jahrgangsstufen 8-Q gibt es die M\u00f6glichkeit der Teilnahme am Bundeswettbewerb Fremdsprachen.<\/p>\n","protected":false},"excerpt":{"rendered":"<p>Latein wird zur Zeit noch in der 6. Jahrgangsstufe als 2. Fremdsprache angeboten und regelm\u00e4\u00dfig gew\u00e4hlt. Sch\u00fclerinnen und Sch\u00fcler, die zum Schuljahr 2020\/21 in die 5. Jahrgangsstufe aufgenommen werden, k\u00f6nnen mit Latein als 2. Fremdsprache in der 7. Jahrgangsstufe beginnen. &nbsp;Bei gen\u00fcgend hoher Teilnehmerzahl kann Latein auch in Jahrgangsstufe 9 im Wahlunterricht belegt werden. Wenn [&hellip;]<\/p>\n","protected":false},"author":1,"featured_media":0,"parent":0,"menu_order":0,"comment_status":"closed","ping_status":"closed","template":"","meta":{"advgb_blocks_editor_width":"","advgb_blocks_columns_visual_guide":"","ngg_post_thumbnail":0,"footnotes":""},"class_list":["post-35651","page","type-page","status-publish","hentry"],"coauthors":[],"author_meta":{"author_link":"https:\/\/grimmels.de\/wordpress\/author\/webmaster\/","display_name":"webmaster"},"relative_dates":{"created":"Posted 9\u00a0Jahren ago","modified":"Updated 5\u00a0Jahren ago"},"absolute_dates":{"created":"Posted on 12. September 2017","modified":"Updated on 5. Dezember 2020"},"absolute_dates_time":{"created":"Posted on 12. September 2017 14:40","modified":"Updated on 5. Dezember 2020 13:30"},"featured_img_caption":"","featured_img":false,"series_order":"","_links":{"self":[{"href":"https:\/\/grimmels.de\/wordpress\/wp-json\/wp\/v2\/pages\/35651","targetHints":{"allow":["GET"]}}],"collection":[{"href":"https:\/\/grimmels.de\/wordpress\/wp-json\/wp\/v2\/pages"}],"about":[{"href":"https:\/\/grimmels.de\/wordpress\/wp-json\/wp\/v2\/types\/page"}],"author":[{"embeddable":true,"href":"https:\/\/grimmels.de\/wordpress\/wp-json\/wp\/v2\/users\/1"}],"replies":[{"embeddable":true,"href":"https:\/\/grimmels.de\/wordpress\/wp-json\/wp\/v2\/comments?post=35651"}],"version-history":[{"count":4,"href":"https:\/\/grimmels.de\/wordpress\/wp-json\/wp\/v2\/pages\/35651\/revisions"}],"predecessor-version":[{"id":45681,"href":"https:\/\/grimmels.de\/wordpress\/wp-json\/wp\/v2\/pages\/35651\/revisions\/45681"}],"wp:attachment":[{"href":"https:\/\/grimmels.de\/wordpress\/wp-json\/wp\/v2\/media?parent=35651"}],"curies":[{"name":"wp","href":"https:\/\/api.w.org\/{rel}","templated":true}]}}