{"id":35679,"date":"2017-09-28T11:40:04","date_gmt":"2017-09-28T09:40:04","guid":{"rendered":"http:\/\/grimmels.de\/wordpress\/?page_id=35679"},"modified":"2024-10-22T18:02:47","modified_gmt":"2024-10-22T16:02:47","slug":"cafehaus-lieferanten","status":"publish","type":"page","link":"https:\/\/grimmels.de\/wordpress\/cafehaus\/cafehaus-lieferanten\/","title":{"rendered":"Cafehaus-Lieferanten"},"content":{"rendered":"\t\t<div data-elementor-type=\"wp-page\" data-elementor-id=\"35679\" class=\"elementor elementor-35679\" data-elementor-post-type=\"page\">\n\t\t\t\t<div class=\"elementor-element elementor-element-44d7ecdb e-flex e-con-boxed elementor-invisible e-con e-parent\" data-id=\"44d7ecdb\" data-element_type=\"container\" data-settings=\"{&quot;background_background&quot;:&quot;classic&quot;,&quot;animation&quot;:&quot;fadeInDown&quot;}\">\n\t\t\t\t\t<div class=\"e-con-inner\">\n\t\t\t\t<div class=\"elementor-element elementor-element-5c3f78ef elementor-widget elementor-widget-heading\" data-id=\"5c3f78ef\" data-element_type=\"widget\" data-widget_type=\"heading.default\">\n\t\t\t\t<div class=\"elementor-widget-container\">\n\t\t\t\t\t<h2 class=\"elementor-heading-title elementor-size-default\">CAF\u00c9HAUS LIEFERANTEN<\/h2>\t\t\t\t<\/div>\n\t\t\t\t<\/div>\n\t\t\t\t\t<\/div>\n\t\t\t\t<\/div>\n\t\t<div class=\"elementor-element elementor-element-7057f23 e-flex e-con-boxed e-con e-parent\" data-id=\"7057f23\" data-element_type=\"container\">\n\t\t\t\t\t<div class=\"e-con-inner\">\n\t\t\t\t<div class=\"elementor-element elementor-element-888d67a elementor-widget elementor-widget-text-editor\" data-id=\"888d67a\" data-element_type=\"widget\" data-widget_type=\"text-editor.default\">\n\t\t\t\t<div class=\"elementor-widget-container\">\n\t\t\t\t\t\t\t\t\t<p style=\"font-weight: 400;\"><strong>W + S Kaffee R\u00f6sterei, Altenha\u00dflau<\/strong><\/p><p style=\"font-weight: 400;\">Kaffee und Kakao<\/p><p style=\"font-weight: 400;\">\u00a0<\/p><p style=\"font-weight: 400;\"><strong>Weltladen, Gelnhausen<\/strong><\/p><p style=\"font-weight: 400;\">Schokoriegel, Fruchtriegel, vegane Gummib\u00e4rchen, Popquins<\/p><p style=\"font-weight: 400;\">\u00a0<\/p><p style=\"font-weight: 400;\"><strong>Bananafair, Gelnhausen<\/strong><\/p><p style=\"font-weight: 400;\">Fair gehandelte Bananen<\/p><p style=\"font-weight: 400;\">\u00a0<\/p><p style=\"font-weight: 400;\"><strong>Bio Vollkornb\u00e4ckerei Mulinbeck, B\u00fcdingen<\/strong><\/p><p style=\"font-weight: 400;\">Bio-Vollkorn-Backwaren<\/p><p style=\"font-weight: 400;\">\u00a0<\/p><p style=\"font-weight: 400;\"><strong>Bio B\u00e4ckerei Schedel, Lichtenfeld<\/strong><\/p><p style=\"font-weight: 400;\">Bio-Tiefk\u00fchl-Backwaren<\/p><p style=\"font-weight: 400;\"><strong>KD Backwaren GmbH, Maintal Bischofsheim<\/strong><\/p><p style=\"font-weight: 400;\">Tiefk\u00fchl Backwaren, Non Food<\/p><p style=\"font-weight: 400;\">\u00a0<\/p><p style=\"font-weight: 400;\"><strong>Weidenhof, W\u00e4chtersbach Neudorf<\/strong><\/p><p style=\"font-weight: 400;\">Milch, Kakao, Joghurt<\/p><p style=\"font-weight: 400;\">\u00a0<\/p><p style=\"font-weight: 400;\"><strong>Tegut, Gelnhausen Roth<\/strong><\/p><p style=\"font-weight: 400;\">Bio-Obst und Gem\u00fcse<\/p><p style=\"font-weight: 400;\">\u00a0<\/p><p style=\"font-weight: 400;\"><strong>Metro, W\u00e4chtersbach<\/strong><\/p><p style=\"font-weight: 400;\">Gem\u00fcse, Milchprodukte, Non Food<\/p><p style=\"font-weight: 400;\">\u00a0<\/p><p style=\"font-weight: 400;\"><strong>Lidl, Gelnhausen <\/strong><\/p><p style=\"font-weight: 400;\">Obst, Gem\u00fcse, Aufschnitt, M\u00fcsli, Reiswaffeln<\/p>\t\t\t\t\t\t\t\t<\/div>\n\t\t\t\t<\/div>\n\t\t\t\t\t<\/div>\n\t\t\t\t<\/div>\n\t\t\t\t<\/div>\n\t\t","protected":false},"excerpt":{"rendered":"<p>CAF\u00c9HAUS LIEFERANTEN W + S Kaffee R\u00f6sterei, Altenha\u00dflau Kaffee und Kakao \u00a0 Weltladen, Gelnhausen Schokoriegel, Fruchtriegel, vegane Gummib\u00e4rchen, Popquins \u00a0 Bananafair, Gelnhausen Fair gehandelte Bananen \u00a0 Bio Vollkornb\u00e4ckerei Mulinbeck, B\u00fcdingen Bio-Vollkorn-Backwaren \u00a0 Bio B\u00e4ckerei Schedel, Lichtenfeld Bio-Tiefk\u00fchl-Backwaren KD Backwaren GmbH, Maintal Bischofsheim Tiefk\u00fchl Backwaren, Non Food \u00a0 Weidenhof, W\u00e4chtersbach Neudorf Milch, Kakao, Joghurt \u00a0 Tegut, [&hellip;]<\/p>\n","protected":false},"author":1,"featured_media":0,"parent":694,"menu_order":0,"comment_status":"closed","ping_status":"closed","template":"","meta":{"advgb_blocks_editor_width":"","advgb_blocks_columns_visual_guide":"","ngg_post_thumbnail":0,"footnotes":""},"class_list":["post-35679","page","type-page","status-publish","hentry"],"coauthors":[],"author_meta":{"author_link":"https:\/\/grimmels.de\/wordpress\/author\/webmaster\/","display_name":"webmaster"},"relative_dates":{"created":"Posted 9\u00a0Jahren ago","modified":"Updated 2\u00a0Jahren ago"},"absolute_dates":{"created":"Posted on 28. September 2017","modified":"Updated on 22. Oktober 2024"},"absolute_dates_time":{"created":"Posted on 28. September 2017 11:40","modified":"Updated on 22. Oktober 2024 18:02"},"featured_img_caption":"","featured_img":false,"series_order":"","_links":{"self":[{"href":"https:\/\/grimmels.de\/wordpress\/wp-json\/wp\/v2\/pages\/35679","targetHints":{"allow":["GET"]}}],"collection":[{"href":"https:\/\/grimmels.de\/wordpress\/wp-json\/wp\/v2\/pages"}],"about":[{"href":"https:\/\/grimmels.de\/wordpress\/wp-json\/wp\/v2\/types\/page"}],"author":[{"embeddable":true,"href":"https:\/\/grimmels.de\/wordpress\/wp-json\/wp\/v2\/users\/1"}],"replies":[{"embeddable":true,"href":"https:\/\/grimmels.de\/wordpress\/wp-json\/wp\/v2\/comments?post=35679"}],"version-history":[{"count":10,"href":"https:\/\/grimmels.de\/wordpress\/wp-json\/wp\/v2\/pages\/35679\/revisions"}],"predecessor-version":[{"id":60332,"href":"https:\/\/grimmels.de\/wordpress\/wp-json\/wp\/v2\/pages\/35679\/revisions\/60332"}],"up":[{"embeddable":true,"href":"https:\/\/grimmels.de\/wordpress\/wp-json\/wp\/v2\/pages\/694"}],"wp:attachment":[{"href":"https:\/\/grimmels.de\/wordpress\/wp-json\/wp\/v2\/media?parent=35679"}],"curies":[{"name":"wp","href":"https:\/\/api.w.org\/{rel}","templated":true}]}}