{"id":36064,"date":"2017-11-13T16:56:09","date_gmt":"2017-11-13T15:56:09","guid":{"rendered":"http:\/\/grimmels.de\/wordpress\/?page_id=36064"},"modified":"2025-11-19T01:32:00","modified_gmt":"2025-11-19T00:32:00","slug":"biologie","status":"publish","type":"page","link":"https:\/\/grimmels.de\/wordpress\/biologie\/","title":{"rendered":"Biologie"},"content":{"rendered":"\t\t<div data-elementor-type=\"wp-page\" data-elementor-id=\"36064\" class=\"elementor elementor-36064\" data-elementor-post-type=\"page\">\n\t\t\t\t<div class=\"elementor-element elementor-element-c79d38f e-flex e-con-boxed e-con e-parent\" data-id=\"c79d38f\" data-element_type=\"container\" data-settings=\"{&quot;background_background&quot;:&quot;classic&quot;}\">\n\t\t\t\t\t<div class=\"e-con-inner\">\n\t\t<div class=\"elementor-element elementor-element-3e32e86 e-con-full e-flex e-con e-child\" data-id=\"3e32e86\" data-element_type=\"container\">\n\t\t\t\t<div class=\"elementor-element elementor-element-2abdede elementor-widget elementor-widget-heading\" data-id=\"2abdede\" data-element_type=\"widget\" data-widget_type=\"heading.default\">\n\t\t\t\t<div class=\"elementor-widget-container\">\n\t\t\t\t\t<h2 class=\"elementor-heading-title elementor-size-default\">BIOLOGIE<\/h2>\t\t\t\t<\/div>\n\t\t\t\t<\/div>\n\t\t\t\t<div class=\"elementor-element elementor-element-3771788 elementor-widget elementor-widget-heading\" data-id=\"3771788\" data-element_type=\"widget\" data-widget_type=\"heading.default\">\n\t\t\t\t<div class=\"elementor-widget-container\">\n\t\t\t\t\t<h2 class=\"elementor-heading-title elementor-size-default\">EINLEITUNG<\/h2>\t\t\t\t<\/div>\n\t\t\t\t<\/div>\n\t\t\t\t<div class=\"elementor-element elementor-element-53da4f1 elementor-widget__width-initial elementor-widget-tablet__width-inherit elementor-widget elementor-widget-text-editor\" data-id=\"53da4f1\" data-element_type=\"widget\" data-widget_type=\"text-editor.default\">\n\t\t\t\t<div class=\"elementor-widget-container\">\n\t\t\t\t\t\t\t\t\t<p style=\"font-weight: 400;\"><strong><em>Die Wissenschaft gibt mir eine teilweise Erkl\u00e4rung f\u00fcr das Leben. Soweit es geht, basiert es auf Fakten, Erfahrungen und Experimenten.<\/em><\/strong><\/p><p style=\"font-weight: 400;\">Rosalind Franklin (Biochemikerin)<\/p><p>\u00a0<\/p><p style=\"font-weight: 400;\">Biologie ist die Naturwissenschaft, die sich mit allgemeinen Gesetzm\u00e4\u00dfigkeiten des Lebendigen, aber auch den speziellen Besonderheiten der Lebewesen, ihrer Organisation und Entwicklung sowie ihren vielf\u00e4ltigen Strukturen und Prozessen besch\u00e4ftigt. Die unmittelbare Begegnung mit der Sch\u00f6nheit und Vielfalt der Natur, das Erleben von Tieren und Pflanzen in ihren Lebensr\u00e4umen und ihre wechselseitigen Abh\u00e4ngigkeiten st\u00e4rken nicht nur den emotionalen Bezug zur Tier- und Pflanzenwelt, sondern f\u00f6rdern auch das Verantwortungsbewusstsein der Heranwachsenden.<\/p>\t\t\t\t\t\t\t\t<\/div>\n\t\t\t\t<\/div>\n\t\t\t\t<\/div>\n\t\t<div class=\"elementor-element elementor-element-9bafe49 e-con-full elementor-hidden-tablet elementor-hidden-mobile e-flex e-con e-child\" data-id=\"9bafe49\" data-element_type=\"container\">\n\t\t\t\t<div class=\"elementor-element elementor-element-c05a78c elementor-widget__width-initial elementor-widget-tablet__width-initial elementor-hidden-tablet elementor-hidden-mobile elementor-widget elementor-widget-image\" data-id=\"c05a78c\" data-element_type=\"widget\" data-widget_type=\"image.default\">\n\t\t\t\t<div class=\"elementor-widget-container\">\n\t\t\t\t\t\t\t\t\t\t\t\t\t\t\t<img fetchpriority=\"high\" decoding=\"async\" width=\"768\" height=\"1024\" src=\"https:\/\/grimmels.de\/wordpress\/wp-content\/uploads\/2024\/10\/IMG_9997-768x1024.jpg\" class=\"attachment-large size-large wp-image-60336\" alt=\"\" srcset=\"https:\/\/grimmels.de\/wordpress\/wp-content\/uploads\/2024\/10\/IMG_9997-768x1024.jpg 768w, https:\/\/grimmels.de\/wordpress\/wp-content\/uploads\/2024\/10\/IMG_9997-225x300.jpg 225w, https:\/\/grimmels.de\/wordpress\/wp-content\/uploads\/2024\/10\/IMG_9997-113x150.jpg 113w, https:\/\/grimmels.de\/wordpress\/wp-content\/uploads\/2024\/10\/IMG_9997-1152x1536.jpg 1152w, https:\/\/grimmels.de\/wordpress\/wp-content\/uploads\/2024\/10\/IMG_9997-1536x2048.jpg 1536w, https:\/\/grimmels.de\/wordpress\/wp-content\/uploads\/2024\/10\/IMG_9997-scaled.jpg 1920w\" sizes=\"(max-width: 768px) 100vw, 768px\" \/>\t\t\t\t\t\t\t\t\t\t\t\t\t\t\t<\/div>\n\t\t\t\t<\/div>\n\t\t\t\t<\/div>\n\t\t\t\t\t<\/div>\n\t\t\t\t<\/div>\n\t\t<div class=\"elementor-element elementor-element-7977334 e-flex e-con-boxed e-con e-parent\" data-id=\"7977334\" data-element_type=\"container\" data-settings=\"{&quot;background_background&quot;:&quot;classic&quot;}\">\n\t\t\t\t\t<div class=\"e-con-inner\">\n\t\t\t\t<div class=\"elementor-element elementor-element-d82cf1d elementor-widget elementor-widget-heading\" data-id=\"d82cf1d\" data-element_type=\"widget\" data-widget_type=\"heading.default\">\n\t\t\t\t<div class=\"elementor-widget-container\">\n\t\t\t\t\t<h2 class=\"elementor-heading-title elementor-size-default\">LEITGEDANKEN ZUM BIOLOGIEUNTERRICHT<\/h2>\t\t\t\t<\/div>\n\t\t\t\t<\/div>\n\t\t\t\t<div class=\"elementor-element elementor-element-a5d2c3e elementor-widget elementor-widget-text-editor\" data-id=\"a5d2c3e\" data-element_type=\"widget\" data-widget_type=\"text-editor.default\">\n\t\t\t\t<div class=\"elementor-widget-container\">\n\t\t\t\t\t\t\t\t\t<ul><li>Ziel unseres kompetenzorientierten und mediengest\u00fctzten Unterrichts ist neben der Vermittlung biologischen Fachwissens das Hinf\u00fchren zu wissenschaftlichen Denk- und Arbeitsweisen, zu Methoden des Erkenntnisgewinns wie Beobachten, Vermuten, Experimentieren, Auswerten, \u00dcberpr\u00fcfen, Sichern, Anwenden und allgemein zu Erkenntnis- und Wissenschaftstheorien.<\/li><li>Der Unterricht wird nach dem Prinzip der naturwissenschaftlichen Erkenntnisgewinnung gestaltet und die handlungsorientierte Umsetzung des Lernprozesses erfolgt nach M\u00f6glichkeit<\/li><li>durch den Einsatz der entsprechenden Modelle aus unserer Biologiesammlung sowie interessanter Experimentierm\u00f6glichkeiten.<\/li><\/ul><p>\u00a0<\/p><ul><li>durch die Gestaltung des Schulgel\u00e4ndes als Erfahrungsraum wie unserem <strong>gr\u00fcnen Klassenzimmer<\/strong>(z.B. Schulwald, Pflanzung heimischer Geh\u00f6lze, Aufstellen eines Insektenhotels, Bauen und Anbringen von Nistk\u00e4sten, Arbeiten im Schulgarten und in der Bienen-AG etc.)<\/li><li>an au\u00dferschulischen Lernorten (z.B. Zoo, Wildpark Fasanerie, Bauernhof, Zoo, Senckenberg-Museum, Palmengarten etc.)<\/li><li>durch regelm\u00e4\u00dfige Besuche externer Sch\u00fclerlabore an den umliegenden Universit\u00e4ten (z.B. Bio-Lernlabor der TU Darmstadt, XLab in G\u00f6ttingen etc.)<\/li><li>F\u00fcr besonders interessierte Sch\u00fclerinnen und Sch\u00fcler wird die Teilnahme an Wettbewerben angeboten und unterst\u00fctzt.<\/li><li>Der Unterricht beschr\u00e4nkt sich nicht auf die Vermittlung biologischer Fakten, sondern folgt dem f\u00e4cher\u00fcbergreifenden Prinzip.<\/li><\/ul>\t\t\t\t\t\t\t\t<\/div>\n\t\t\t\t<\/div>\n\t\t\t\t\t<\/div>\n\t\t\t\t<\/div>\n\t\t<div class=\"elementor-element elementor-element-c6eb6ef e-flex e-con-boxed e-con e-parent\" data-id=\"c6eb6ef\" data-element_type=\"container\" data-settings=\"{&quot;background_background&quot;:&quot;classic&quot;}\">\n\t\t\t\t\t<div class=\"e-con-inner\">\n\t\t\t\t<div class=\"elementor-element elementor-element-ca71410 elementor-widget elementor-widget-image\" data-id=\"ca71410\" data-element_type=\"widget\" data-widget_type=\"image.default\">\n\t\t\t\t<div class=\"elementor-widget-container\">\n\t\t\t\t\t\t\t\t\t\t\t\t\t\t\t<img decoding=\"async\" width=\"800\" height=\"600\" src=\"https:\/\/grimmels.de\/wordpress\/wp-content\/uploads\/2024\/10\/IMG_9999-1024x768.jpg\" class=\"attachment-large size-large wp-image-60337\" alt=\"\" srcset=\"https:\/\/grimmels.de\/wordpress\/wp-content\/uploads\/2024\/10\/IMG_9999-1024x768.jpg 1024w, https:\/\/grimmels.de\/wordpress\/wp-content\/uploads\/2024\/10\/IMG_9999-300x225.jpg 300w, https:\/\/grimmels.de\/wordpress\/wp-content\/uploads\/2024\/10\/IMG_9999-150x113.jpg 150w, https:\/\/grimmels.de\/wordpress\/wp-content\/uploads\/2024\/10\/IMG_9999-768x576.jpg 768w, https:\/\/grimmels.de\/wordpress\/wp-content\/uploads\/2024\/10\/IMG_9999-1536x1152.jpg 1536w, https:\/\/grimmels.de\/wordpress\/wp-content\/uploads\/2024\/10\/IMG_9999-2048x1536.jpg 2048w\" sizes=\"(max-width: 800px) 100vw, 800px\" \/>\t\t\t\t\t\t\t\t\t\t\t\t\t\t\t<\/div>\n\t\t\t\t<\/div>\n\t\t\t\t<div class=\"elementor-element elementor-element-176e079 elementor-widget elementor-widget-image\" data-id=\"176e079\" data-element_type=\"widget\" data-widget_type=\"image.default\">\n\t\t\t\t<div class=\"elementor-widget-container\">\n\t\t\t\t\t\t\t\t\t\t\t\t\t\t\t<img decoding=\"async\" width=\"800\" height=\"600\" src=\"https:\/\/grimmels.de\/wordpress\/wp-content\/uploads\/2024\/10\/IMG_7810-1024x768.jpg\" class=\"attachment-large size-large wp-image-60335\" alt=\"\" srcset=\"https:\/\/grimmels.de\/wordpress\/wp-content\/uploads\/2024\/10\/IMG_7810-1024x768.jpg 1024w, https:\/\/grimmels.de\/wordpress\/wp-content\/uploads\/2024\/10\/IMG_7810-300x225.jpg 300w, https:\/\/grimmels.de\/wordpress\/wp-content\/uploads\/2024\/10\/IMG_7810-150x113.jpg 150w, https:\/\/grimmels.de\/wordpress\/wp-content\/uploads\/2024\/10\/IMG_7810-768x576.jpg 768w, https:\/\/grimmels.de\/wordpress\/wp-content\/uploads\/2024\/10\/IMG_7810-1536x1152.jpg 1536w, https:\/\/grimmels.de\/wordpress\/wp-content\/uploads\/2024\/10\/IMG_7810-2048x1536.jpg 2048w\" sizes=\"(max-width: 800px) 100vw, 800px\" \/>\t\t\t\t\t\t\t\t\t\t\t\t\t\t\t<\/div>\n\t\t\t\t<\/div>\n\t\t\t\t\t<\/div>\n\t\t\t\t<\/div>\n\t\t<div class=\"elementor-element elementor-element-49787c3 e-flex e-con-boxed e-con e-parent\" data-id=\"49787c3\" data-element_type=\"container\">\n\t\t\t\t\t<div class=\"e-con-inner\">\n\t\t\t\t<div class=\"elementor-element elementor-element-feeef84 elementor-widget elementor-widget-heading\" data-id=\"feeef84\" data-element_type=\"widget\" data-widget_type=\"heading.default\">\n\t\t\t\t<div class=\"elementor-widget-container\">\n\t\t\t\t\t<h2 class=\"elementor-heading-title elementor-size-default\">DAS FACHCURRICULUM<\/h2>\t\t\t\t<\/div>\n\t\t\t\t<\/div>\n\t\t\t\t<div class=\"elementor-element elementor-element-ec25b05 elementor-widget elementor-widget-heading\" data-id=\"ec25b05\" data-element_type=\"widget\" data-widget_type=\"heading.default\">\n\t\t\t\t<div class=\"elementor-widget-container\">\n\t\t\t\t\t<h3 class=\"elementor-heading-title elementor-size-default\">Unter- und Mittelstufe<\/h3>\t\t\t\t<\/div>\n\t\t\t\t<\/div>\n\t\t\t\t<div class=\"elementor-element elementor-element-9e79657 elementor-widget elementor-widget-text-editor\" data-id=\"9e79657\" data-element_type=\"widget\" data-widget_type=\"text-editor.default\">\n\t\t\t\t<div class=\"elementor-widget-container\">\n\t\t\t\t\t\t\t\t\t<table style=\"font-weight: 400;\"><tbody><tr><td width=\"102\"><p><strong>Jahrgangs-<\/strong><\/p><p><strong>stufe<\/strong><\/p><\/td><td width=\"85\"><p><strong>Wochen-<\/strong><\/p><p><strong>Stunden-<\/strong><\/p><p><strong>zahl<\/strong><\/p><\/td><td width=\"361\"><p><strong>Themen\/ Unterrichtsschwerpunkte<\/strong><\/p><\/td><td width=\"404\"><p><strong>Beispiele f\u00fcr praktische Vertiefungs-m\u00f6glichkeiten\/ Schwerpunktsetzungen (optional)<\/strong><\/p><\/td><\/tr><tr><td width=\"102\"><p>5<\/p><\/td><td width=\"85\"><p>2<\/p><\/td><td width=\"361\"><p>\u00b7\u00a0\u00a0\u00a0\u00a0\u00a0 Was ist Biologie?<\/p><p>\u00b7\u00a0\u00a0\u00a0\u00a0\u00a0 Haus- und Nutztiere<\/p><p>\u00b7\u00a0\u00a0\u00a0\u00a0\u00a0\u00a0\u00a0 Wirbeltiere: Fische, Amphibien, Reptilien, V\u00f6gel<\/p><\/td><td width=\"404\"><p>\u00b7\u00a0\u00a0\u00a0\u00a0 Besuch des Schulroboters ELVIS oder alternativ Hunderoboter\/ Aufziehmaus)<\/p><p>\u00b7\u00a0\u00a0\u00a0\u00a0 Besuchs eines Bauernhofs\/ Tierparkbesuch<\/p><p>\u00b7\u00a0\u00a0\u00a0\u00a0 Besuch der Rettungshundestaffel\/ Polizeihunde<\/p><\/td><\/tr><tr><td width=\"102\"><p>6<\/p><\/td><td width=\"85\"><p>2<\/p><\/td><td width=\"361\"><p>Mensch:<\/p><p>\u00b7\u00a0\u00a0\u00a0\u00a0\u00a0 K\u00f6rperhaltung und Bewegung<\/p><p>\u00b7\u00a0\u00a0\u00a0\u00a0\u00a0 Bewegung<\/p><p>\u00b7\u00a0\u00a0\u00a0\u00a0\u00a0 Gesunde Ern\u00e4hrung<\/p><p>\u00b7\u00a0\u00a0\u00a0\u00a0\u00a0 Blutkreislauf und Atmung<\/p><p>\u00b7\u00a0\u00a0\u00a0\u00a0\u00a0 Sexualit\u00e4t des Menschen<\/p><\/td><td width=\"404\"><p>\u00b7\u00a0\u00a0\u00a0\u00a0 Projekt: gesundes Fr\u00fchst\u00fcck (Klimafr\u00fchst\u00fcck\/ Planetary Health Diet)<\/p><p>\u00b7\u00a0\u00a0\u00a0\u00a0 Pr\u00e4paration von Herz\/ Lunge<\/p><p>\u00b7\u00a0\u00a0\u00a0\u00a0 Schulsanit\u00e4tsdienst<\/p><\/td><\/tr><tr><td width=\"102\"><p>7<\/p><\/td><td width=\"85\"><p>2<\/p><\/td><td width=\"361\"><p>\u00b7\u00a0\u00a0\u00a0\u00a0\u00a0 Zellen und Gewebe<\/p><p>\u00b7\u00a0\u00a0\u00a0\u00a0\u00a0 Fotosynthese und Zellatmung<\/p><p>\u00b7\u00a0\u00a0\u00a0\u00a0\u00a0 \u00d6kosystem Wald\/ Flie\u00dfgew\u00e4sser<\/p><p>\u00b7\u00a0\u00a0\u00a0\u00a0\u00a0 Lebenszyklus einer Bl\u00fctenpflanze<\/p><\/td><td width=\"404\"><p>\u00b7\u00a0\u00a0\u00a0\u00a0 Mikroskopieren\/ Experimente<\/p><p>\u00b7\u00a0\u00a0\u00a0\u00a0 Untersuchung eines Flie\u00dfgew\u00e4ssers<\/p><p>\u00b7\u00a0\u00a0\u00a0\u00a0 Palmengarten<\/p><p>\u00b7\u00a0\u00a0\u00a0\u00a0 Waldexkursion<\/p><p>\u00b7\u00a0\u00a0\u00a0\u00a0 Wildkatzenprojekt<\/p><p>\u00b7\u00a0\u00a0\u00a0\u00a0 Aspekte zur \u00d6kologie\/ Umweltschutz<\/p><p>\u00b7\u00a0\u00a0\u00a0\u00a0 Schulgarten, Bienen-AG<\/p><\/td><\/tr><tr><td width=\"102\"><p>9<\/p><\/td><td width=\"85\"><p>2<\/p><\/td><td width=\"361\"><p>\u00b7\u00a0\u00a0\u00a0\u00a0\u00a0 Sexualit\u00e4t und Hormone<\/p><p>\u00b7\u00a0\u00a0\u00a0\u00a0\u00a0 Blut- und Hormonsystem<\/p><p>\u00b7\u00a0\u00a0\u00a0\u00a0\u00a0 Vererbung<\/p><p>\u00b7\u00a0\u00a0\u00a0\u00a0\u00a0 Sinneswahrnehmung &#8211; Auge<\/p><\/td><td width=\"404\"><p>\u00b7\u00a0\u00a0\u00a0\u00a0 Pro familia<\/p><p>\u00b7\u00a0\u00a0\u00a0\u00a0 Woche der Wiederbelebung<\/p><p>\u00b7\u00a0\u00a0\u00a0\u00a0 HIV\/ AIDS-Infoveranstaltung<\/p><p>\u00b7\u00a0\u00a0\u00a0\u00a0 Pr\u00e4paration eines Schweineauges<\/p><\/td><\/tr><\/tbody><\/table>\t\t\t\t\t\t\t\t<\/div>\n\t\t\t\t<\/div>\n\t\t\t\t<div class=\"elementor-element elementor-element-9b75fba elementor-widget elementor-widget-text-editor\" data-id=\"9b75fba\" data-element_type=\"widget\" data-widget_type=\"text-editor.default\">\n\t\t\t\t<div class=\"elementor-widget-container\">\n\t\t\t\t\t\t\t\t\t<p>In jeder Jahrgangsstufe wird pro Halbjahr eine einst\u00fcndige Lernkontrolle geschrieben.\u00a0<\/p>\t\t\t\t\t\t\t\t<\/div>\n\t\t\t\t<\/div>\n\t\t\t\t\t<\/div>\n\t\t\t\t<\/div>\n\t\t<div class=\"elementor-element elementor-element-35ca121 e-flex e-con-boxed e-con e-parent\" data-id=\"35ca121\" data-element_type=\"container\">\n\t\t\t\t\t<div class=\"e-con-inner\">\n\t\t\t\t<div class=\"elementor-element elementor-element-d116e95 elementor-widget elementor-widget-heading\" data-id=\"d116e95\" data-element_type=\"widget\" data-widget_type=\"heading.default\">\n\t\t\t\t<div class=\"elementor-widget-container\">\n\t\t\t\t\t<h3 class=\"elementor-heading-title elementor-size-default\">Oberstufe<\/h3>\t\t\t\t<\/div>\n\t\t\t\t<\/div>\n\t\t\t\t<div class=\"elementor-element elementor-element-6d13cf1 elementor-widget elementor-widget-text-editor\" data-id=\"6d13cf1\" data-element_type=\"widget\" data-widget_type=\"text-editor.default\">\n\t\t\t\t<div class=\"elementor-widget-container\">\n\t\t\t\t\t\t\t\t\t<table style=\"font-weight: 400;\"><tbody><tr><td width=\"141\"><p><strong>Jahrgangsstufe\/<\/strong><\/p><p><strong>Halbjahr<\/strong><\/p><\/td><td width=\"378\"><p><strong>Themen der Kurshalbjahre<\/strong><\/p><\/td><td width=\"432\"><p><strong>Beispiele f\u00fcr praktische Vertiefungsm\u00f6glichkeiten\/ Schwerpunktsetzungen (optional)<\/strong><\/p><\/td><\/tr><tr><td width=\"141\"><p><strong>E-Phase<\/strong><\/p><\/td><td width=\"378\"><p>Zellbiologie<\/p><\/td><td width=\"432\"><p>\u00b7\u00a0\u00a0\u00a0\u00a0 Biolab der Johann Wolfgang Goethe-Universit\u00e4t\/ Ffm<\/p><\/td><\/tr><tr><td width=\"141\"><p><strong>Q1<\/strong><\/p><\/td><td width=\"378\"><p>Genetik<\/p><\/td><td width=\"432\"><p>\u00b7\u00a0\u00a0\u00a0\u00a0 Sch\u00fclerexperimentallabor XLab in G\u00f6ttingen<\/p><p>\u00b7\u00a0\u00a0\u00a0\u00a0 Biolernlabor der TU Darmstadt<\/p><\/td><\/tr><tr><td width=\"141\"><p><strong>Q2<\/strong><\/p><\/td><td width=\"378\"><p>Stoffwechselphysiologie und \u00d6kologie<\/p><\/td><td width=\"432\"><p>\u00b7\u00a0\u00a0\u00a0\u00a0 Waldprojekt\/ Schulwald<\/p><p>\u00b7\u00a0\u00a0\u00a0\u00a0 Untersuchung eines Flie\u00dfgew\u00e4ssers<\/p><p>\u00b7\u00a0\u00a0\u00a0\u00a0 Palmengarten<\/p><\/td><\/tr><tr><td width=\"141\"><p><strong>Q3<\/strong><\/p><\/td><td width=\"378\"><p>Neurobiologie und Verhalten<\/p><\/td><td width=\"432\"><p>\u00b7\u00a0\u00a0\u00a0\u00a0 Zoo (Verhaltensstudien)<\/p><\/td><\/tr><tr><td width=\"141\"><p><strong>Q4<\/strong><\/p><\/td><td width=\"378\"><p>Evolution<\/p><\/td><td width=\"432\"><p>\u00b7\u00a0\u00a0\u00a0\u00a0 Senckenberg-Museum<\/p><p>\u00b7\u00a0\u00a0\u00a0\u00a0 Grube Messel<\/p><\/td><\/tr><\/tbody><\/table>\t\t\t\t\t\t\t\t<\/div>\n\t\t\t\t<\/div>\n\t\t\t\t<div class=\"elementor-element elementor-element-3c9a51f elementor-widget elementor-widget-text-editor\" data-id=\"3c9a51f\" data-element_type=\"widget\" data-widget_type=\"text-editor.default\">\n\t\t\t\t<div class=\"elementor-widget-container\">\n\t\t\t\t\t\t\t\t\t<p style=\"font-weight: 400;\"><strong>E-Phase im Grundkurs: \u00a0 \u00a0\u00a0\u00a0\u00a0\u00a0\u00a0\u00a0\u00a0\u00a0\u00a0\u00a0 <\/strong>Unterricht 2-st\u00fcndig und pro Halbjahr eine 2-st\u00fcndige Klausur<\/p><p style=\"font-weight: 400;\"><strong>E-Phase im Orientierungsk.: \u00a0 <\/strong>\u00a0 Unterricht 2-st\u00fcndig und pro Halbjahr eine 2-st\u00fcndige Klausur<\/p><p style=\"font-weight: 400;\"><strong>Q1-Q4 im Grundkurs: \u00a0\u00a0\u00a0\u00a0 \u00a0\u00a0\u00a0\u00a0\u00a0\u00a0\u00a0\u00a0\u00a0\u00a0\u00a0 <\/strong>Unterricht 3-st\u00fcndig und pro Halbjahr zwei 2-st\u00fcndige Klausuren<\/p><p style=\"font-weight: 400;\"><strong>Q1-Q4 im Leistungskurs: \u00a0\u00a0\u00a0\u00a0\u00a0\u00a0\u00a0\u00a0\u00a0 <\/strong>Unterricht \u00a05-st\u00fcndig und pro Halbjahr eine 2-st\u00fcndige und eine 3-st\u00fcndige Klausur (zweite Klausur in Q3 4-st\u00fcndig)<\/p>\t\t\t\t\t\t\t\t<\/div>\n\t\t\t\t<\/div>\n\t\t\t\t\t<\/div>\n\t\t\t\t<\/div>\n\t\t\t\t<\/div>\n\t\t","protected":false},"excerpt":{"rendered":"<p>BIOLOGIE EINLEITUNG Die Wissenschaft gibt mir eine teilweise Erkl\u00e4rung f\u00fcr das Leben. Soweit es geht, basiert es auf Fakten, Erfahrungen und Experimenten. Rosalind Franklin (Biochemikerin) \u00a0 Biologie ist die Naturwissenschaft, die sich mit allgemeinen Gesetzm\u00e4\u00dfigkeiten des Lebendigen, aber auch den speziellen Besonderheiten der Lebewesen, ihrer Organisation und Entwicklung sowie ihren vielf\u00e4ltigen Strukturen und Prozessen besch\u00e4ftigt. [&hellip;]<\/p>\n","protected":false},"author":1,"featured_media":0,"parent":0,"menu_order":0,"comment_status":"closed","ping_status":"closed","template":"","meta":{"advgb_blocks_editor_width":"","advgb_blocks_columns_visual_guide":"","ngg_post_thumbnail":0,"footnotes":""},"class_list":["post-36064","page","type-page","status-publish","hentry"],"coauthors":[],"author_meta":{"author_link":"https:\/\/grimmels.de\/wordpress\/author\/webmaster\/","display_name":"webmaster"},"relative_dates":{"created":"Posted 8\u00a0Jahren ago","modified":"Updated 5\u00a0Monaten ago"},"absolute_dates":{"created":"Posted on 13. November 2017","modified":"Updated on 19. November 2025"},"absolute_dates_time":{"created":"Posted on 13. November 2017 16:56","modified":"Updated on 19. November 2025 1:32"},"featured_img_caption":"","featured_img":false,"series_order":"","_links":{"self":[{"href":"https:\/\/grimmels.de\/wordpress\/wp-json\/wp\/v2\/pages\/36064","targetHints":{"allow":["GET"]}}],"collection":[{"href":"https:\/\/grimmels.de\/wordpress\/wp-json\/wp\/v2\/pages"}],"about":[{"href":"https:\/\/grimmels.de\/wordpress\/wp-json\/wp\/v2\/types\/page"}],"author":[{"embeddable":true,"href":"https:\/\/grimmels.de\/wordpress\/wp-json\/wp\/v2\/users\/1"}],"replies":[{"embeddable":true,"href":"https:\/\/grimmels.de\/wordpress\/wp-json\/wp\/v2\/comments?post=36064"}],"version-history":[{"count":60,"href":"https:\/\/grimmels.de\/wordpress\/wp-json\/wp\/v2\/pages\/36064\/revisions"}],"predecessor-version":[{"id":67391,"href":"https:\/\/grimmels.de\/wordpress\/wp-json\/wp\/v2\/pages\/36064\/revisions\/67391"}],"wp:attachment":[{"href":"https:\/\/grimmels.de\/wordpress\/wp-json\/wp\/v2\/media?parent=36064"}],"curies":[{"name":"wp","href":"https:\/\/api.w.org\/{rel}","templated":true}]}}