{"id":44900,"date":"2020-05-07T11:42:17","date_gmt":"2020-05-07T09:42:17","guid":{"rendered":"http:\/\/grimmels.de\/wordpress\/?page_id=44900"},"modified":"2022-12-15T14:53:31","modified_gmt":"2022-12-15T13:53:31","slug":"berufsberatung","status":"publish","type":"page","link":"https:\/\/grimmels.de\/wordpress\/berufs-und-studienorientierung\/berufsberatung\/","title":{"rendered":"Berufsberatung"},"content":{"rendered":"<p><strong><span style=\"text-decoration: underline;\">Die Bundesagentur f\u00fcr Arbeit am Grimmels &#8211;<\/span><\/strong><\/p>\n<p><strong><span style=\"text-decoration: underline;\">F\u00fcr Sch\u00fclerinnen und Sch\u00fcler ab der neunten Klasse: <\/span><\/strong><\/p>\n<p><img fetchpriority=\"high\" decoding=\"async\" class=\"alignleft wp-image-28303 size-full\" src=\"https:\/\/grimmels.de\/wordpress\/wp-content\/uploads\/2014\/10\/berufsberatung.jpg\" alt=\"berufsberatung\" width=\"188\" height=\"400\" srcset=\"https:\/\/grimmels.de\/wordpress\/wp-content\/uploads\/2014\/10\/berufsberatung.jpg 188w, https:\/\/grimmels.de\/wordpress\/wp-content\/uploads\/2014\/10\/berufsberatung-71x150.jpg 71w, https:\/\/grimmels.de\/wordpress\/wp-content\/uploads\/2014\/10\/berufsberatung-141x300.jpg 141w\" sizes=\"(max-width: 188px) 100vw, 188px\" \/><\/p>\n<p><em>\u201eBerufsberatung? Wohin geht mein Weg\u2013 Was k\u00f6nnte zu mir passen? &#8211; <\/em>werden sich viele von Euch fragen.<\/p>\n<p>Berufsberatung ist mittlerweile ein lebensbegleitender Prozess, der seinen Anfang in der Schule nimmt.<\/p>\n<p>Aus diesem Grund bietet die Bundesagentur f\u00fcr Arbeit bereits M\u00f6glichkeiten zur Orientierung ab der neunten Klasse an. Die Beratungen sind eingebunden in das BO-Konzept der Schule, um den Sch\u00fclerinnen und Sch\u00fclern die Gelegenheit zu bieten sich rechtzeitig auf ihre berufliche Zukunft einzustellen.<\/p>\n<p>Auf diesem Weg sollen die Sch\u00fclerinnen und Sch\u00fcler durch eine Reihe von Informationsveranstaltungen und weiteren Ma\u00dfnahmen unterst\u00fctzt werden.<\/p>\n<p>&nbsp;<\/p>\n<p>\u00dcber den nachfolgenden Link erreichen Sie die Seite der Bundesagentur f\u00fcr Arbeit unserer Schule:<\/p>\n<p><a title=\"Informationen zur Studien- und Schulberatung an Ihrer Schule finden Sie hier. Sie gelangen auf das Angebot der Bundesagentur f\u00fcr Arbeit\" href=\"https:\/\/www.arbeitsagentur.de\/vor-ort\/hanau\/grimmelhausen-gymnasium?pk_campaign=schulwebsite\" target=\"_blank\" rel=\"noopener noreferrer\"><img decoding=\"async\" class=\"aligncenter\" src=\"https:\/\/grimmels.de\/wordpress\/wp-content\/uploads\/2019\/08\/schul-bild-banner.jpg\" alt=\"Informationen zur Studien- und Schulberatung an Ihrer Schule finden Sie hier. informieren sie sich auf der Seite der Bundesagentur f\u00fcr Arbeit\"><\/a><br \/>\n<strong><img decoding=\"async\" class=\"aligncenter wp-image-48511 size-full\" src=\"https:\/\/grimmels.de\/wordpress\/wp-content\/uploads\/2021\/11\/BfA.png\" alt=\"\" width=\"360\" height=\"520\" srcset=\"https:\/\/grimmels.de\/wordpress\/wp-content\/uploads\/2021\/11\/BfA.png 360w, https:\/\/grimmels.de\/wordpress\/wp-content\/uploads\/2021\/11\/BfA-208x300.png 208w, https:\/\/grimmels.de\/wordpress\/wp-content\/uploads\/2021\/11\/BfA-104x150.png 104w\" sizes=\"(max-width: 360px) 100vw, 360px\" \/><\/strong>Achtung, ge\u00e4nderte Nummer: <strong>0800 4 5555 00<\/strong><\/p>\n<p>&nbsp;<\/p>\n","protected":false},"excerpt":{"rendered":"<p>Die Bundesagentur f\u00fcr Arbeit am Grimmels &#8211; F\u00fcr Sch\u00fclerinnen und Sch\u00fcler ab der neunten Klasse: \u201eBerufsberatung? Wohin geht mein Weg\u2013 Was k\u00f6nnte zu mir passen? &#8211; werden sich viele von Euch fragen. Berufsberatung ist mittlerweile ein lebensbegleitender Prozess, der seinen Anfang in der Schule nimmt. Aus diesem Grund bietet die Bundesagentur f\u00fcr Arbeit bereits M\u00f6glichkeiten [&hellip;]<\/p>\n","protected":false},"author":1,"featured_media":0,"parent":44901,"menu_order":0,"comment_status":"closed","ping_status":"closed","template":"","meta":{"advgb_blocks_editor_width":"","advgb_blocks_columns_visual_guide":"","ngg_post_thumbnail":0,"footnotes":""},"class_list":["post-44900","page","type-page","status-publish","hentry"],"coauthors":[],"author_meta":{"author_link":"https:\/\/grimmels.de\/wordpress\/author\/webmaster\/","display_name":"webmaster"},"relative_dates":{"created":"Posted 6\u00a0Jahren ago","modified":"Updated 3\u00a0Jahren ago"},"absolute_dates":{"created":"Posted on 7. Mai 2020","modified":"Updated on 15. Dezember 2022"},"absolute_dates_time":{"created":"Posted on 7. Mai 2020 11:42","modified":"Updated on 15. Dezember 2022 14:53"},"featured_img_caption":"","featured_img":false,"series_order":"","_links":{"self":[{"href":"https:\/\/grimmels.de\/wordpress\/wp-json\/wp\/v2\/pages\/44900","targetHints":{"allow":["GET"]}}],"collection":[{"href":"https:\/\/grimmels.de\/wordpress\/wp-json\/wp\/v2\/pages"}],"about":[{"href":"https:\/\/grimmels.de\/wordpress\/wp-json\/wp\/v2\/types\/page"}],"author":[{"embeddable":true,"href":"https:\/\/grimmels.de\/wordpress\/wp-json\/wp\/v2\/users\/1"}],"replies":[{"embeddable":true,"href":"https:\/\/grimmels.de\/wordpress\/wp-json\/wp\/v2\/comments?post=44900"}],"version-history":[{"count":9,"href":"https:\/\/grimmels.de\/wordpress\/wp-json\/wp\/v2\/pages\/44900\/revisions"}],"predecessor-version":[{"id":53708,"href":"https:\/\/grimmels.de\/wordpress\/wp-json\/wp\/v2\/pages\/44900\/revisions\/53708"}],"up":[{"embeddable":true,"href":"https:\/\/grimmels.de\/wordpress\/wp-json\/wp\/v2\/pages\/44901"}],"wp:attachment":[{"href":"https:\/\/grimmels.de\/wordpress\/wp-json\/wp\/v2\/media?parent=44900"}],"curies":[{"name":"wp","href":"https:\/\/api.w.org\/{rel}","templated":true}]}}