{"id":45365,"date":"2020-11-02T17:37:43","date_gmt":"2020-11-02T16:37:43","guid":{"rendered":"http:\/\/grimmels.de\/wordpress\/?page_id=45365"},"modified":"2020-11-02T17:38:57","modified_gmt":"2020-11-02T16:38:57","slug":"lions-quest","status":"publish","type":"page","link":"https:\/\/grimmels.de\/wordpress\/lions-quest\/","title":{"rendered":"Lions Quest"},"content":{"rendered":"\n<p><strong><em>\u201eHej, du bist ein starker Typ!\u201c<\/em><\/strong><\/p>\n\n\n\n<p><strong>Das Programm \u201eLions Quest- Erwachsen werden\u201c am GGG<\/strong><\/p>\n\n\n\n<figure class=\"wp-block-gallery columns-3 is-cropped wp-block-gallery-1\"><ul class=\"blocks-gallery-grid\"><li class=\"blocks-gallery-item\"><figure><a href=\"https:\/\/grimmels.de\/wordpress\/wp-content\/uploads\/2020\/11\/lionsquest-03.jpg\"><img fetchpriority=\"high\" decoding=\"async\" width=\"1024\" height=\"892\" src=\"https:\/\/grimmels.de\/wordpress\/wp-content\/uploads\/2020\/11\/lionsquest-03.jpg\" alt=\"\" data-id=\"45366\" data-full-url=\"https:\/\/grimmels.de\/wordpress\/wp-content\/uploads\/2020\/11\/lionsquest-03.jpg\" data-link=\"https:\/\/grimmels.de\/wordpress\/?attachment_id=45366\" class=\"wp-image-45366\" srcset=\"https:\/\/grimmels.de\/wordpress\/wp-content\/uploads\/2020\/11\/lionsquest-03.jpg 1024w, https:\/\/grimmels.de\/wordpress\/wp-content\/uploads\/2020\/11\/lionsquest-03-300x261.jpg 300w, https:\/\/grimmels.de\/wordpress\/wp-content\/uploads\/2020\/11\/lionsquest-03-150x131.jpg 150w, https:\/\/grimmels.de\/wordpress\/wp-content\/uploads\/2020\/11\/lionsquest-03-768x669.jpg 768w\" sizes=\"(max-width: 1024px) 100vw, 1024px\" \/><\/a><\/figure><\/li><li class=\"blocks-gallery-item\"><figure><a href=\"https:\/\/grimmels.de\/wordpress\/wp-content\/uploads\/2020\/11\/lionsquest-01.jpg\"><img decoding=\"async\" width=\"1024\" height=\"768\" src=\"https:\/\/grimmels.de\/wordpress\/wp-content\/uploads\/2020\/11\/lionsquest-01.jpg\" alt=\"\" data-id=\"45368\" data-full-url=\"https:\/\/grimmels.de\/wordpress\/wp-content\/uploads\/2020\/11\/lionsquest-01.jpg\" data-link=\"https:\/\/grimmels.de\/wordpress\/?attachment_id=45368\" class=\"wp-image-45368\" srcset=\"https:\/\/grimmels.de\/wordpress\/wp-content\/uploads\/2020\/11\/lionsquest-01.jpg 1024w, https:\/\/grimmels.de\/wordpress\/wp-content\/uploads\/2020\/11\/lionsquest-01-300x225.jpg 300w, https:\/\/grimmels.de\/wordpress\/wp-content\/uploads\/2020\/11\/lionsquest-01-150x113.jpg 150w, https:\/\/grimmels.de\/wordpress\/wp-content\/uploads\/2020\/11\/lionsquest-01-768x576.jpg 768w\" sizes=\"(max-width: 1024px) 100vw, 1024px\" \/><\/a><\/figure><\/li><li class=\"blocks-gallery-item\"><figure><a href=\"https:\/\/grimmels.de\/wordpress\/wp-content\/uploads\/2020\/11\/lionsquest-02.jpg\"><img decoding=\"async\" width=\"1024\" height=\"645\" src=\"https:\/\/grimmels.de\/wordpress\/wp-content\/uploads\/2020\/11\/lionsquest-02.jpg\" alt=\"\" data-id=\"45367\" data-full-url=\"https:\/\/grimmels.de\/wordpress\/wp-content\/uploads\/2020\/11\/lionsquest-02.jpg\" data-link=\"https:\/\/grimmels.de\/wordpress\/?attachment_id=45367\" class=\"wp-image-45367 is-layout-flex wp-block-gallery-is-layout-flex\" srcset=\"https:\/\/grimmels.de\/wordpress\/wp-content\/uploads\/2020\/11\/lionsquest-02.jpg 1024w, https:\/\/grimmels.de\/wordpress\/wp-content\/uploads\/2020\/11\/lionsquest-02-300x189.jpg 300w, https:\/\/grimmels.de\/wordpress\/wp-content\/uploads\/2020\/11\/lionsquest-02-150x94.jpg 150w, https:\/\/grimmels.de\/wordpress\/wp-content\/uploads\/2020\/11\/lionsquest-02-768x484.jpg 768w\" sizes=\"(max-width: 1024px) 100vw, 1024px\" \/><\/a><\/figure><\/li><\/ul><\/figure>\n\n\n\n<p>Eltern w\u00fcnschen sich, dass ihre Kinder\u2026<\/p>\n\n\n\n<ul class=\"wp-block-list\"><li>\u2026mit einem guten Selbstbewusstsein aufwachsen,<\/li><li>\u2026ihre St\u00e4rken und Schw\u00e4chen (er)kennen,<\/li><li>\u2026wissen, wo lohnenswerte Ziele f\u00fcr ihr Leben zu finden sind,<\/li><li>\u2026mit Respekt und Wertsch\u00e4tzung anderen Mitmenschen begegnen k\u00f6nnen<\/li><li>\u2026lernen, Verantwortung f\u00fcr sich und die Gesellschaft zu \u00fcbernehmen.<\/li><\/ul>\n\n\n\n<p>Diese W\u00fcnsche sind auch unsere zentralen Ziele des Sozialen Lernens am Grimmels! Ein wichtiger Baustein dabei ist, neben der schulischen Sozialarbeit und der \u201eAnsprechbar\u201c, das weltweit in Schulen erprobte Programm \u201eLions Quest \u2013 Erwachsen werden\u201c. Seit dem Schuljahr 2020\/21 werden Elemente dieses Programms in den F\u00e4chern evangelische\/katholische Religion und Ethik mit den Sch\u00fclerinnen und Sch\u00fclern der 5. Klassen erarbeitet. Dabei geht es darum, erfahrungsorientiert, methodisch abwechslungsreich und achtsam miteinander die oben genannten Ziele in den Blick zu nehmen. Am Grimmels sind bereits \u00fcber 50 Kolleginnen und Kollegen durch eine mehrt\u00e4gige Fortbildung f\u00fcr das Programm \u201eLions Quest\u201c zertifiziert worden. Dadurch wird es uns m\u00f6glich sein, in der kommenden Zeit auch in den h\u00f6heren Jahrgangsstufen \u00fcber diese wichtigen Themen mit den Sch\u00fclerinnen und Sch\u00fclern ins Gespr\u00e4ch zu kommen \u2013 damit <em>\u201estarke Typen\u201c<\/em> die Schulgemeinde und unsere Gesellschaft gestalten k\u00f6nnen!<\/p>\n","protected":false},"excerpt":{"rendered":"<p>\u201eHej, du bist ein starker Typ!\u201c Das Programm \u201eLions Quest- Erwachsen werden\u201c am GGG Eltern w\u00fcnschen sich, dass ihre Kinder\u2026 \u2026mit einem guten Selbstbewusstsein aufwachsen, \u2026ihre St\u00e4rken und Schw\u00e4chen (er)kennen, \u2026wissen, wo lohnenswerte Ziele f\u00fcr ihr Leben zu finden sind, \u2026mit Respekt und Wertsch\u00e4tzung anderen Mitmenschen begegnen k\u00f6nnen \u2026lernen, Verantwortung f\u00fcr sich und die Gesellschaft [&hellip;]<\/p>\n","protected":false},"author":1,"featured_media":0,"parent":0,"menu_order":0,"comment_status":"closed","ping_status":"closed","template":"","meta":{"advgb_blocks_editor_width":"","advgb_blocks_columns_visual_guide":"","ngg_post_thumbnail":0,"footnotes":""},"class_list":["post-45365","page","type-page","status-publish","hentry"],"coauthors":[],"author_meta":{"author_link":"https:\/\/grimmels.de\/wordpress\/author\/webmaster\/","display_name":"webmaster"},"relative_dates":{"created":"Posted 5\u00a0Jahren ago","modified":"Updated 5\u00a0Jahren ago"},"absolute_dates":{"created":"Posted on 2. November 2020","modified":"Updated on 2. November 2020"},"absolute_dates_time":{"created":"Posted on 2. November 2020 17:37","modified":"Updated on 2. November 2020 17:38"},"featured_img_caption":"","featured_img":false,"series_order":"","_links":{"self":[{"href":"https:\/\/grimmels.de\/wordpress\/wp-json\/wp\/v2\/pages\/45365","targetHints":{"allow":["GET"]}}],"collection":[{"href":"https:\/\/grimmels.de\/wordpress\/wp-json\/wp\/v2\/pages"}],"about":[{"href":"https:\/\/grimmels.de\/wordpress\/wp-json\/wp\/v2\/types\/page"}],"author":[{"embeddable":true,"href":"https:\/\/grimmels.de\/wordpress\/wp-json\/wp\/v2\/users\/1"}],"replies":[{"embeddable":true,"href":"https:\/\/grimmels.de\/wordpress\/wp-json\/wp\/v2\/comments?post=45365"}],"version-history":[{"count":2,"href":"https:\/\/grimmels.de\/wordpress\/wp-json\/wp\/v2\/pages\/45365\/revisions"}],"predecessor-version":[{"id":45371,"href":"https:\/\/grimmels.de\/wordpress\/wp-json\/wp\/v2\/pages\/45365\/revisions\/45371"}],"wp:attachment":[{"href":"https:\/\/grimmels.de\/wordpress\/wp-json\/wp\/v2\/media?parent=45365"}],"curies":[{"name":"wp","href":"https:\/\/api.w.org\/{rel}","templated":true}]}}