{"id":45474,"date":"2020-11-13T16:20:18","date_gmt":"2020-11-13T15:20:18","guid":{"rendered":"http:\/\/grimmels.de\/wordpress\/?page_id=45474"},"modified":"2026-03-04T10:43:35","modified_gmt":"2026-03-04T09:43:35","slug":"wahlunterricht","status":"publish","type":"page","link":"https:\/\/grimmels.de\/wordpress\/wahlunterricht\/","title":{"rendered":"Wahlunterricht"},"content":{"rendered":"\t\t<div data-elementor-type=\"wp-page\" data-elementor-id=\"45474\" class=\"elementor elementor-45474\" data-elementor-post-type=\"page\">\n\t\t\t\t<div class=\"elementor-element elementor-element-9429261 e-con-full elementor-hidden-mobile e-flex e-con e-parent\" data-id=\"9429261\" data-element_type=\"container\" data-settings=\"{&quot;background_background&quot;:&quot;classic&quot;}\">\n\t\t\t\t<div class=\"elementor-element elementor-element-b766784 elementor-widget elementor-widget-heading\" data-id=\"b766784\" data-element_type=\"widget\" data-settings=\"{&quot;motion_fx_motion_fx_scrolling&quot;:&quot;yes&quot;,&quot;motion_fx_translateY_effect&quot;:&quot;yes&quot;,&quot;motion_fx_translateY_affectedRange&quot;:{&quot;unit&quot;:&quot;%&quot;,&quot;size&quot;:&quot;&quot;,&quot;sizes&quot;:{&quot;start&quot;:51,&quot;end&quot;:100}},&quot;motion_fx_translateY_speed&quot;:{&quot;unit&quot;:&quot;px&quot;,&quot;size&quot;:4,&quot;sizes&quot;:[]},&quot;motion_fx_devices&quot;:[&quot;desktop&quot;,&quot;tablet&quot;,&quot;mobile&quot;]}\" data-widget_type=\"heading.default\">\n\t\t\t\t<div class=\"elementor-widget-container\">\n\t\t\t\t\t<h2 class=\"elementor-heading-title elementor-size-default\">WAHLUNTERRICHT<\/h2>\t\t\t\t<\/div>\n\t\t\t\t<\/div>\n\t\t\t\t<div class=\"elementor-element elementor-element-2b26b11 elementor-widget elementor-widget-text-editor\" data-id=\"2b26b11\" data-element_type=\"widget\" data-settings=\"{&quot;motion_fx_motion_fx_scrolling&quot;:&quot;yes&quot;,&quot;motion_fx_translateY_effect&quot;:&quot;yes&quot;,&quot;motion_fx_translateY_affectedRange&quot;:{&quot;unit&quot;:&quot;%&quot;,&quot;size&quot;:&quot;&quot;,&quot;sizes&quot;:{&quot;start&quot;:50,&quot;end&quot;:100}},&quot;motion_fx_translateY_speed&quot;:{&quot;unit&quot;:&quot;px&quot;,&quot;size&quot;:4,&quot;sizes&quot;:[]},&quot;motion_fx_devices&quot;:[&quot;desktop&quot;,&quot;tablet&quot;,&quot;mobile&quot;]}\" data-widget_type=\"text-editor.default\">\n\t\t\t\t<div class=\"elementor-widget-container\">\n\t\t\t\t\t\t\t\t\t<p>IM SCHULJAHR 26\/27<\/p>\t\t\t\t\t\t\t\t<\/div>\n\t\t\t\t<\/div>\n\t\t\t\t<div class=\"elementor-element elementor-element-d662717 elementor-align-center elementor-widget elementor-widget-button\" data-id=\"d662717\" data-element_type=\"widget\" data-settings=\"{&quot;motion_fx_motion_fx_scrolling&quot;:&quot;yes&quot;,&quot;motion_fx_translateY_effect&quot;:&quot;yes&quot;,&quot;motion_fx_translateY_affectedRange&quot;:{&quot;unit&quot;:&quot;%&quot;,&quot;size&quot;:&quot;&quot;,&quot;sizes&quot;:{&quot;start&quot;:51,&quot;end&quot;:100}},&quot;motion_fx_translateY_speed&quot;:{&quot;unit&quot;:&quot;px&quot;,&quot;size&quot;:4,&quot;sizes&quot;:[]},&quot;motion_fx_devices&quot;:[&quot;desktop&quot;,&quot;tablet&quot;,&quot;mobile&quot;]}\" data-widget_type=\"button.default\">\n\t\t\t\t<div class=\"elementor-widget-container\">\n\t\t\t\t\t\t\t\t\t<div class=\"elementor-button-wrapper\">\n\t\t\t\t\t<a class=\"elementor-button elementor-button-link elementor-size-sm\" href=\"https:\/\/grimmels.de\/wordpress\/wp-content\/uploads\/2026\/03\/WU-26-27.pdf\">\n\t\t\t\t\t\t<span class=\"elementor-button-content-wrapper\">\n\t\t\t\t\t\t\t\t\t<span class=\"elementor-button-text\">Pr\u00e4sentation herunterladen<\/span>\n\t\t\t\t\t<\/span>\n\t\t\t\t\t<\/a>\n\t\t\t\t<\/div>\n\t\t\t\t\t\t\t\t<\/div>\n\t\t\t\t<\/div>\n\t\t\t\t<\/div>\n\t\t<div class=\"elementor-element elementor-element-ac44309 e-flex e-con-boxed e-con e-parent\" data-id=\"ac44309\" data-element_type=\"container\">\n\t\t\t\t\t<div class=\"e-con-inner\">\n\t\t\t\t<div class=\"elementor-element elementor-element-5970001 elementor-widget elementor-widget-heading\" data-id=\"5970001\" data-element_type=\"widget\" data-widget_type=\"heading.default\">\n\t\t\t\t<div class=\"elementor-widget-container\">\n\t\t\t\t\t<h2 class=\"elementor-heading-title elementor-size-default\">Wahlunterricht<\/h2>\t\t\t\t<\/div>\n\t\t\t\t<\/div>\n\t\t\t\t\t<\/div>\n\t\t\t\t<\/div>\n\t\t<div class=\"elementor-element elementor-element-4d16ba48 e-flex e-con-boxed e-con e-parent\" data-id=\"4d16ba48\" data-element_type=\"container\">\n\t\t\t\t\t<div class=\"e-con-inner\">\n\t\t\t\t<div class=\"elementor-element elementor-element-199bad4d elementor-widget elementor-widget-text-editor\" data-id=\"199bad4d\" data-element_type=\"widget\" data-widget_type=\"text-editor.default\">\n\t\t\t\t<div class=\"elementor-widget-container\">\n\t\t\t\t\t\t\t\t\t<strong>Wahlunterricht am GGG ab Schuljahr 2020\/2021<\/strong>\r\n<ul>\r\n \t<li>Zum Schuljahr 2020\/2021 ist die Organisation des Wahlunterrichts (WU) einem&nbsp; reinen G9-Gymnasium angepasst worden.<\/li>\r\n \t<li>F\u00fcr alle Sch\u00fclerinnen und Sch\u00fcler (SuS) ab der jetzigen 5. Klassen wird demnach der WU mit jeweils 2 Unterrichtsstunden (Ausnahme: 3. Fremdsprache jeweils 3-st\u00fcndig) in der 9. und 10. Jahrgangsstufe stattfinden.<\/li>\r\n \t<li>\u00dcber das jeweilige Angebot wird rechtzeitig auf einem Elternabend bzw. einer\r\nInformationsveranstaltung f\u00fcr die SuS informiert. Die Einwahlen finden danach \u00fcber ProWaLuS+ statt. Das Zustandekommen der jeweiligen Kurse wird letztlich vom Wahlverhalten der SuS bestimmt.<\/li>\r\n \t<li>Das Angebot von freiwilligen Arbeitsgemeinschaften bleibt davon unber\u00fchrt. In die AGs k\u00f6nnen sich die SuS nach Interesse zum Teil bereits ab Klasse 5 \u00fcber ProWaLuS+ einw\u00e4hlen.<\/li>\r\n<\/ul>\r\nFragen richten Sie bitte per E-Mail an die Koordinatorin f\u00fcr Wahlunterricht und\r\nArbeitsgemeinschaften:\r\n\r\nAndrea.Bechtold-Zwiener@grimmels.de\t\t\t\t\t\t\t\t<\/div>\n\t\t\t\t<\/div>\n\t\t\t\t\t<\/div>\n\t\t\t\t<\/div>\n\t\t\t\t<\/div>\n\t\t","protected":false},"excerpt":{"rendered":"<p>WAHLUNTERRICHT IM SCHULJAHR 26\/27 Pr\u00e4sentation herunterladen Wahlunterricht Wahlunterricht am GGG ab Schuljahr 2020\/2021 Zum Schuljahr 2020\/2021 ist die Organisation des Wahlunterrichts (WU) einem&nbsp; reinen G9-Gymnasium angepasst worden. F\u00fcr alle Sch\u00fclerinnen und Sch\u00fcler (SuS) ab der jetzigen 5. Klassen wird demnach der WU mit jeweils 2 Unterrichtsstunden (Ausnahme: 3. Fremdsprache jeweils 3-st\u00fcndig) in der 9. und [&hellip;]<\/p>\n","protected":false},"author":1,"featured_media":0,"parent":0,"menu_order":0,"comment_status":"closed","ping_status":"closed","template":"","meta":{"advgb_blocks_editor_width":"","advgb_blocks_columns_visual_guide":"","ngg_post_thumbnail":0,"footnotes":""},"class_list":["post-45474","page","type-page","status-publish","hentry"],"coauthors":[],"author_meta":{"author_link":"https:\/\/grimmels.de\/wordpress\/author\/webmaster\/","display_name":"webmaster"},"relative_dates":{"created":"Posted 5\u00a0Jahren ago","modified":"Updated 1\u00a0Monat ago"},"absolute_dates":{"created":"Posted on 13. November 2020","modified":"Updated on 4. M\u00e4rz 2026"},"absolute_dates_time":{"created":"Posted on 13. November 2020 16:20","modified":"Updated on 4. M\u00e4rz 2026 10:43"},"featured_img_caption":"","featured_img":false,"series_order":"","_links":{"self":[{"href":"https:\/\/grimmels.de\/wordpress\/wp-json\/wp\/v2\/pages\/45474","targetHints":{"allow":["GET"]}}],"collection":[{"href":"https:\/\/grimmels.de\/wordpress\/wp-json\/wp\/v2\/pages"}],"about":[{"href":"https:\/\/grimmels.de\/wordpress\/wp-json\/wp\/v2\/types\/page"}],"author":[{"embeddable":true,"href":"https:\/\/grimmels.de\/wordpress\/wp-json\/wp\/v2\/users\/1"}],"replies":[{"embeddable":true,"href":"https:\/\/grimmels.de\/wordpress\/wp-json\/wp\/v2\/comments?post=45474"}],"version-history":[{"count":24,"href":"https:\/\/grimmels.de\/wordpress\/wp-json\/wp\/v2\/pages\/45474\/revisions"}],"predecessor-version":[{"id":69552,"href":"https:\/\/grimmels.de\/wordpress\/wp-json\/wp\/v2\/pages\/45474\/revisions\/69552"}],"wp:attachment":[{"href":"https:\/\/grimmels.de\/wordpress\/wp-json\/wp\/v2\/media?parent=45474"}],"curies":[{"name":"wp","href":"https:\/\/api.w.org\/{rel}","templated":true}]}}