{"id":48329,"date":"2021-11-12T16:07:12","date_gmt":"2021-11-12T15:07:12","guid":{"rendered":"http:\/\/grimmels.de\/wordpress\/?page_id=48329"},"modified":"2021-11-12T16:07:12","modified_gmt":"2021-11-12T15:07:12","slug":"englisch-kanadastudien","status":"publish","type":"page","link":"https:\/\/grimmels.de\/wordpress\/tag-der-offenen-tuer-2021\/englisch-kanadastudien\/","title":{"rendered":"Englisch: Kanadastudien"},"content":{"rendered":"\n<div class=\"wp-block-image\"><figure class=\"alignleft\"><a href=\"https:\/\/grimmels.de\/wordpress\/wp-content\/uploads\/2021\/11\/tdot-anglo.jpg\"><img fetchpriority=\"high\" decoding=\"async\" width=\"300\" height=\"225\" src=\"https:\/\/grimmels.de\/wordpress\/wp-content\/uploads\/2021\/11\/tdot-anglo-300x225.jpg\" alt=\"\" class=\"wp-image-48330\" srcset=\"https:\/\/grimmels.de\/wordpress\/wp-content\/uploads\/2021\/11\/tdot-anglo-300x225.jpg 300w, https:\/\/grimmels.de\/wordpress\/wp-content\/uploads\/2021\/11\/tdot-anglo-150x113.jpg 150w, https:\/\/grimmels.de\/wordpress\/wp-content\/uploads\/2021\/11\/tdot-anglo-768x576.jpg 768w, https:\/\/grimmels.de\/wordpress\/wp-content\/uploads\/2021\/11\/tdot-anglo.jpg 1024w\" sizes=\"(max-width: 300px) 100vw, 300px\" \/><\/a><\/figure><\/div>\n\n\n\n<p>Bei der landeskundlichen Erarbeitung der anglophonen L\u00e4nder konnte das Grimmelshausen Gymnasium in den vergangenen Jahren einen besonderen Schwerpunkt auf Kanada legen. Die erarbeiteten schulischen Projekte in Form von Unterrichtseinheiten konnte teilweise an Tagungen vorgestellt oder sogar ver\u00f6ffentlicht werden.<\/p>\n\n\n\n<p>2022 wird der Schule seitens der Gesellschaft f\u00fcr Kanadastudien die M\u00f6glichkeit gegeben, einige dieser Projekte an der Jahrestagung vorzustellen.<\/p>\n","protected":false},"excerpt":{"rendered":"<p>Bei der landeskundlichen Erarbeitung der anglophonen L\u00e4nder konnte das Grimmelshausen Gymnasium in den vergangenen Jahren einen besonderen Schwerpunkt auf Kanada legen. Die erarbeiteten schulischen Projekte in Form von Unterrichtseinheiten konnte teilweise an Tagungen vorgestellt oder sogar ver\u00f6ffentlicht werden. 2022 wird der Schule seitens der Gesellschaft f\u00fcr Kanadastudien die M\u00f6glichkeit gegeben, einige dieser Projekte an der [&hellip;]<\/p>\n","protected":false},"author":1,"featured_media":0,"parent":48297,"menu_order":0,"comment_status":"closed","ping_status":"closed","template":"","meta":{"advgb_blocks_editor_width":"","advgb_blocks_columns_visual_guide":"","ngg_post_thumbnail":0,"footnotes":""},"class_list":["post-48329","page","type-page","status-publish","hentry"],"coauthors":[],"author_meta":{"author_link":"https:\/\/grimmels.de\/wordpress\/author\/webmaster\/","display_name":"webmaster"},"relative_dates":{"created":"Posted 5\u00a0Jahren ago","modified":"Updated 5\u00a0Jahren ago"},"absolute_dates":{"created":"Posted on 12. November 2021","modified":"Updated on 12. November 2021"},"absolute_dates_time":{"created":"Posted on 12. November 2021 16:07","modified":"Updated on 12. November 2021 16:07"},"featured_img_caption":"","featured_img":false,"series_order":"","_links":{"self":[{"href":"https:\/\/grimmels.de\/wordpress\/wp-json\/wp\/v2\/pages\/48329","targetHints":{"allow":["GET"]}}],"collection":[{"href":"https:\/\/grimmels.de\/wordpress\/wp-json\/wp\/v2\/pages"}],"about":[{"href":"https:\/\/grimmels.de\/wordpress\/wp-json\/wp\/v2\/types\/page"}],"author":[{"embeddable":true,"href":"https:\/\/grimmels.de\/wordpress\/wp-json\/wp\/v2\/users\/1"}],"replies":[{"embeddable":true,"href":"https:\/\/grimmels.de\/wordpress\/wp-json\/wp\/v2\/comments?post=48329"}],"version-history":[{"count":1,"href":"https:\/\/grimmels.de\/wordpress\/wp-json\/wp\/v2\/pages\/48329\/revisions"}],"predecessor-version":[{"id":48331,"href":"https:\/\/grimmels.de\/wordpress\/wp-json\/wp\/v2\/pages\/48329\/revisions\/48331"}],"up":[{"embeddable":true,"href":"https:\/\/grimmels.de\/wordpress\/wp-json\/wp\/v2\/pages\/48297"}],"wp:attachment":[{"href":"https:\/\/grimmels.de\/wordpress\/wp-json\/wp\/v2\/media?parent=48329"}],"curies":[{"name":"wp","href":"https:\/\/api.w.org\/{rel}","templated":true}]}}