{"id":48649,"date":"2022-01-10T17:51:29","date_gmt":"2022-01-10T16:51:29","guid":{"rendered":"https:\/\/grimmels.de\/wordpress\/?page_id=48649"},"modified":"2022-01-10T17:52:31","modified_gmt":"2022-01-10T16:52:31","slug":"jugend-forscht-ag","status":"publish","type":"page","link":"https:\/\/grimmels.de\/wordpress\/jugend-forscht-ag\/","title":{"rendered":"Jugend Forscht &#8211; AG"},"content":{"rendered":"\n<p>Seit Beginn des Schuljahres gibt es auch bei uns am Grimmels eine Jugend-forscht AG.<\/p>\n\n\n\n<p>In der AG sind Sch\u00fclerInnnen der 9. und 10. Klassen, die gemeinsam Spa\u00df am Experimentieren und Erforschen haben.<\/p>\n\n\n\n<figure class=\"wp-block-gallery aligncenter columns-3 is-cropped wp-block-gallery-1\"><ul class=\"blocks-gallery-grid\"><li class=\"blocks-gallery-item\"><figure><a href=\"https:\/\/grimmels.de\/wordpress\/wp-content\/uploads\/2022\/01\/jf01.jpg\"><img fetchpriority=\"high\" decoding=\"async\" width=\"527\" height=\"704\" src=\"https:\/\/grimmels.de\/wordpress\/wp-content\/uploads\/2022\/01\/jf01.jpg\" alt=\"\" data-id=\"48650\" data-full-url=\"https:\/\/grimmels.de\/wordpress\/wp-content\/uploads\/2022\/01\/jf01.jpg\" data-link=\"https:\/\/grimmels.de\/wordpress\/?attachment_id=48650\" class=\"wp-image-48650\" srcset=\"https:\/\/grimmels.de\/wordpress\/wp-content\/uploads\/2022\/01\/jf01.jpg 527w, https:\/\/grimmels.de\/wordpress\/wp-content\/uploads\/2022\/01\/jf01-225x300.jpg 225w, https:\/\/grimmels.de\/wordpress\/wp-content\/uploads\/2022\/01\/jf01-112x150.jpg 112w\" sizes=\"(max-width: 527px) 100vw, 527px\" \/><\/a><\/figure><\/li><li class=\"blocks-gallery-item\"><figure><a href=\"https:\/\/grimmels.de\/wordpress\/wp-content\/uploads\/2022\/01\/jf02.jpg\"><img decoding=\"async\" width=\"735\" height=\"490\" src=\"https:\/\/grimmels.de\/wordpress\/wp-content\/uploads\/2022\/01\/jf02.jpg\" alt=\"\" data-id=\"48651\" data-full-url=\"https:\/\/grimmels.de\/wordpress\/wp-content\/uploads\/2022\/01\/jf02.jpg\" data-link=\"https:\/\/grimmels.de\/wordpress\/?attachment_id=48651\" class=\"wp-image-48651\" srcset=\"https:\/\/grimmels.de\/wordpress\/wp-content\/uploads\/2022\/01\/jf02.jpg 735w, https:\/\/grimmels.de\/wordpress\/wp-content\/uploads\/2022\/01\/jf02-300x200.jpg 300w, https:\/\/grimmels.de\/wordpress\/wp-content\/uploads\/2022\/01\/jf02-150x100.jpg 150w\" sizes=\"(max-width: 735px) 100vw, 735px\" \/><\/a><\/figure><\/li><li class=\"blocks-gallery-item\"><figure><a href=\"https:\/\/grimmels.de\/wordpress\/wp-content\/uploads\/2022\/01\/jf03.jpg\"><img decoding=\"async\" width=\"532\" height=\"398\" src=\"https:\/\/grimmels.de\/wordpress\/wp-content\/uploads\/2022\/01\/jf03.jpg\" alt=\"\" data-id=\"48652\" data-full-url=\"https:\/\/grimmels.de\/wordpress\/wp-content\/uploads\/2022\/01\/jf03.jpg\" data-link=\"https:\/\/grimmels.de\/wordpress\/?attachment_id=48652\" class=\"wp-image-48652 is-layout-flex wp-block-gallery-is-layout-flex\" srcset=\"https:\/\/grimmels.de\/wordpress\/wp-content\/uploads\/2022\/01\/jf03.jpg 532w, https:\/\/grimmels.de\/wordpress\/wp-content\/uploads\/2022\/01\/jf03-300x224.jpg 300w, https:\/\/grimmels.de\/wordpress\/wp-content\/uploads\/2022\/01\/jf03-150x112.jpg 150w\" sizes=\"(max-width: 532px) 100vw, 532px\" \/><\/a><\/figure><\/li><\/ul><\/figure>\n\n\n\n<p>In der Einf\u00fchrungsphase, der 1. H\u00e4lfte des Schuljahres, standen einige gro\u00dfe Projekte im Vordergrund.<\/p>\n\n\n\n<p>So wurde beispielsweise die <em>Laborarztpraxis Rhein-Main<\/em>, ein medizin-technisches Labor in Frankfurt, besucht, um sich \u00fcber die Methoden der PCR und HPLC, unter dem Gesichtspunkt des Corona-Virus, zu informieren.<\/p>\n\n\n\n<p>Weiterhin fand ein Workshop zum Thema <em>Biokunststoffe<\/em> statt.<\/p>\n\n\n\n<p>Seit November widmen sich die Sch\u00fclerInnen nun ihrem 1. eigenen Projekt, mit dem sie bereits im Februar auf dem Regionalwettbewerb starten wollen.<\/p>\n","protected":false},"excerpt":{"rendered":"<p>Seit Beginn des Schuljahres gibt es auch bei uns am Grimmels eine Jugend-forscht AG. In der AG sind Sch\u00fclerInnnen der 9. und 10. Klassen, die gemeinsam Spa\u00df am Experimentieren und Erforschen haben. In der Einf\u00fchrungsphase, der 1. H\u00e4lfte des Schuljahres, standen einige gro\u00dfe Projekte im Vordergrund. So wurde beispielsweise die Laborarztpraxis Rhein-Main, ein medizin-technisches Labor [&hellip;]<\/p>\n","protected":false},"author":1,"featured_media":0,"parent":0,"menu_order":0,"comment_status":"closed","ping_status":"closed","template":"","meta":{"advgb_blocks_editor_width":"","advgb_blocks_columns_visual_guide":"","ngg_post_thumbnail":0,"footnotes":""},"class_list":["post-48649","page","type-page","status-publish","hentry"],"coauthors":[],"author_meta":{"author_link":"https:\/\/grimmels.de\/wordpress\/author\/webmaster\/","display_name":"webmaster"},"relative_dates":{"created":"Posted 4\u00a0Jahren ago","modified":"Updated 4\u00a0Jahren ago"},"absolute_dates":{"created":"Posted on 10. Januar 2022","modified":"Updated on 10. Januar 2022"},"absolute_dates_time":{"created":"Posted on 10. Januar 2022 17:51","modified":"Updated on 10. Januar 2022 17:52"},"featured_img_caption":"","featured_img":false,"series_order":"","_links":{"self":[{"href":"https:\/\/grimmels.de\/wordpress\/wp-json\/wp\/v2\/pages\/48649","targetHints":{"allow":["GET"]}}],"collection":[{"href":"https:\/\/grimmels.de\/wordpress\/wp-json\/wp\/v2\/pages"}],"about":[{"href":"https:\/\/grimmels.de\/wordpress\/wp-json\/wp\/v2\/types\/page"}],"author":[{"embeddable":true,"href":"https:\/\/grimmels.de\/wordpress\/wp-json\/wp\/v2\/users\/1"}],"replies":[{"embeddable":true,"href":"https:\/\/grimmels.de\/wordpress\/wp-json\/wp\/v2\/comments?post=48649"}],"version-history":[{"count":2,"href":"https:\/\/grimmels.de\/wordpress\/wp-json\/wp\/v2\/pages\/48649\/revisions"}],"predecessor-version":[{"id":48654,"href":"https:\/\/grimmels.de\/wordpress\/wp-json\/wp\/v2\/pages\/48649\/revisions\/48654"}],"wp:attachment":[{"href":"https:\/\/grimmels.de\/wordpress\/wp-json\/wp\/v2\/media?parent=48649"}],"curies":[{"name":"wp","href":"https:\/\/api.w.org\/{rel}","templated":true}]}}

<p>Seit Beginn des Schuljahres gibt es auch bei uns am Grimmels eine Jugend-forscht AG.</p>



<p>In der AG sind SchülerInnnen der 9. und 10. Klassen, die gemeinsam Spaß am Experimentieren und Erforschen haben.</p>



<figure class="wp-block-gallery aligncenter columns-3 is-cropped wp-block-gallery-1"><ul class="blocks-gallery-grid"><li class="blocks-gallery-item"><figure><a href="https://grimmels.de/wordpress/wp-content/uploads/2022/01/jf01.jpg"><img fetchpriority="high" decoding="async" width="527" height="704" src="https://grimmels.de/wordpress/wp-content/uploads/2022/01/jf01.jpg" alt="" data-id="48650" data-full-url="https://grimmels.de/wordpress/wp-content/uploads/2022/01/jf01.jpg" data-link="https://grimmels.de/wordpress/?attachment_id=48650" class="wp-image-48650" srcset="https://grimmels.de/wordpress/wp-content/uploads/2022/01/jf01.jpg 527w, https://grimmels.de/wordpress/wp-content/uploads/2022/01/jf01-225x300.jpg 225w, https://grimmels.de/wordpress/wp-content/uploads/2022/01/jf01-112x150.jpg 112w" sizes="(max-width: 527px) 100vw, 527px" /></a></figure></li><li class="blocks-gallery-item"><figure><a href="https://grimmels.de/wordpress/wp-content/uploads/2022/01/jf02.jpg"><img decoding="async" width="735" height="490" src="https://grimmels.de/wordpress/wp-content/uploads/2022/01/jf02.jpg" alt="" data-id="48651" data-full-url="https://grimmels.de/wordpress/wp-content/uploads/2022/01/jf02.jpg" data-link="https://grimmels.de/wordpress/?attachment_id=48651" class="wp-image-48651" srcset="https://grimmels.de/wordpress/wp-content/uploads/2022/01/jf02.jpg 735w, https://grimmels.de/wordpress/wp-content/uploads/2022/01/jf02-300x200.jpg 300w, https://grimmels.de/wordpress/wp-content/uploads/2022/01/jf02-150x100.jpg 150w" sizes="(max-width: 735px) 100vw, 735px" /></a></figure></li><li class="blocks-gallery-item"><figure><a href="https://grimmels.de/wordpress/wp-content/uploads/2022/01/jf03.jpg"><img decoding="async" width="532" height="398" src="https://grimmels.de/wordpress/wp-content/uploads/2022/01/jf03.jpg" alt="" data-id="48652" data-full-url="https://grimmels.de/wordpress/wp-content/uploads/2022/01/jf03.jpg" data-link="https://grimmels.de/wordpress/?attachment_id=48652" class="wp-image-48652 is-layout-flex wp-block-gallery-is-layout-flex" srcset="https://grimmels.de/wordpress/wp-content/uploads/2022/01/jf03.jpg 532w, https://grimmels.de/wordpress/wp-content/uploads/2022/01/jf03-300x224.jpg 300w, https://grimmels.de/wordpress/wp-content/uploads/2022/01/jf03-150x112.jpg 150w" sizes="(max-width: 532px) 100vw, 532px" /></a></figure></li></ul></figure>



<p>In der Einführungsphase, der 1. Hälfte des Schuljahres, standen einige große Projekte im Vordergrund.</p>



<p>So wurde beispielsweise die <em>Laborarztpraxis Rhein-Main</em>, ein medizin-technisches Labor in Frankfurt, besucht, um sich über die Methoden der PCR und HPLC, unter dem Gesichtspunkt des Corona-Virus, zu informieren.</p>



<p>Weiterhin fand ein Workshop zum Thema <em>Biokunststoffe</em> statt.</p>



<p>Seit November widmen sich die SchülerInnen nun ihrem 1. eigenen Projekt, mit dem sie bereits im Februar auf dem Regionalwettbewerb starten wollen.</p>

<p>Seit Beginn des Schuljahres gibt es auch bei uns am Grimmels eine Jugend-forscht AG. In der AG sind SchülerInnnen der 9. und 10. Klassen, die gemeinsam Spaß am Experimentieren und Erforschen haben. In der Einführungsphase, der 1. Hälfte des Schuljahres, standen einige große Projekte im Vordergrund. So wurde beispielsweise die Laborarztpraxis Rhein-Main, ein medizin-technisches Labor [&hellip;]</p>
