{"id":52454,"date":"2022-08-15T11:43:11","date_gmt":"2022-08-15T09:43:11","guid":{"rendered":"https:\/\/grimmels.de\/wordpress\/?page_id=52454"},"modified":"2024-11-16T12:39:22","modified_gmt":"2024-11-16T11:39:22","slug":"foerderverein-simplicissimus","status":"publish","type":"page","link":"https:\/\/grimmels.de\/wordpress\/foerderverein-simplicissimus\/","title":{"rendered":"F\u00f6rderverein Simplicissimus"},"content":{"rendered":"\t\t<div data-elementor-type=\"wp-page\" data-elementor-id=\"52454\" class=\"elementor elementor-52454\" data-elementor-post-type=\"page\">\n\t\t\t\t<div class=\"elementor-element elementor-element-765a92f e-con-full e-flex e-con e-parent\" data-id=\"765a92f\" data-element_type=\"container\" data-settings=\"{&quot;background_background&quot;:&quot;classic&quot;,&quot;motion_fx_motion_fx_scrolling&quot;:&quot;yes&quot;,&quot;motion_fx_devices&quot;:[&quot;desktop&quot;,&quot;tablet&quot;,&quot;mobile&quot;]}\">\n\t\t\t\t<div class=\"elementor-element elementor-element-c26df02 elementor-widget elementor-widget-heading\" data-id=\"c26df02\" data-element_type=\"widget\" data-settings=\"{&quot;motion_fx_motion_fx_scrolling&quot;:&quot;yes&quot;,&quot;motion_fx_translateY_effect&quot;:&quot;yes&quot;,&quot;motion_fx_translateY_affectedRange&quot;:{&quot;unit&quot;:&quot;%&quot;,&quot;size&quot;:&quot;&quot;,&quot;sizes&quot;:{&quot;start&quot;:50,&quot;end&quot;:100}},&quot;motion_fx_translateY_speed&quot;:{&quot;unit&quot;:&quot;px&quot;,&quot;size&quot;:4,&quot;sizes&quot;:[]},&quot;motion_fx_devices&quot;:[&quot;desktop&quot;,&quot;tablet&quot;,&quot;mobile&quot;]}\" data-widget_type=\"heading.default\">\n\t\t\t\t<div class=\"elementor-widget-container\">\n\t\t\t\t\t<h2 class=\"elementor-heading-title elementor-size-default\">Simplicissimus e.V.<\/h2>\t\t\t\t<\/div>\n\t\t\t\t<\/div>\n\t\t\t\t<\/div>\n\t\t<div class=\"elementor-element elementor-element-670221bc e-flex e-con-boxed e-con e-parent\" data-id=\"670221bc\" data-element_type=\"container\">\n\t\t\t\t\t<div class=\"e-con-inner\">\n\t\t\t\t<div class=\"elementor-element elementor-element-19c975c5 elementor-widget elementor-widget-text-editor\" data-id=\"19c975c5\" data-element_type=\"widget\" data-widget_type=\"text-editor.default\">\n\t\t\t\t<div class=\"elementor-widget-container\">\n\t\t\t\t\t\t\t\t\t\n<h1 class=\"wp-block-heading\"><strong>Simplicissimus e.V.<\/strong><\/h1>\n<div class=\"wp-block-image\">\n<figure class=\"alignleft size-full\"><img fetchpriority=\"high\" decoding=\"async\" width=\"359\" height=\"331\" class=\"wp-image-52456\" src=\"https:\/\/grimmels.de\/wordpress\/wp-content\/uploads\/2022\/08\/simplicissi.png\" alt=\"\" srcset=\"https:\/\/grimmels.de\/wordpress\/wp-content\/uploads\/2022\/08\/simplicissi.png 359w, https:\/\/grimmels.de\/wordpress\/wp-content\/uploads\/2022\/08\/simplicissi-300x277.png 300w, https:\/\/grimmels.de\/wordpress\/wp-content\/uploads\/2022\/08\/simplicissi-150x138.png 150w\" sizes=\"(max-width: 359px) 100vw, 359px\" \/><\/figure>\n<\/div>\n<p>Als F\u00f6rderverein Simplicissimus e.V. unterst\u00fctzen wir am Grimmels seit Jahren eine breite Vielfalt an Projekten, Neuanschaffungen und Bildungsangeboten in allen Bereichen. Dabei sind wir stets in gutem Austausch mit der Schulleitung und den engagierten Menschen vor Ort und helfen, wo Hilfe gebraucht wird. Ebenso unterst\u00fctzen wir zahlreiche Veranstaltungen wie beispielsweise den Tag der offenen T\u00fcr oder die MINT-Night.<\/p>\n\n<p>Soziales Engagement hat f\u00fcr uns einen besonders hohen Stellenwert: Seit \u00fcber 10 Jahren verleihen wir im Rahmen der Abiturentlassungsfeier den Sozialpreis, einen F\u00f6rderpreis f\u00fcr \u00fcberdurchschnittliches soziales Engagement, und f\u00f6rdern und w\u00fcrdigen so den Einsatz von Sch\u00fcler*innen f\u00fcr die Schulgemeinde. Besondere Leistungen im Bereich der Naturwissenschaften w\u00fcrdigen wir mit dem Jugendforscherpreis. Die Preistr\u00e4ger zeichnen sich allesamt durch Engagement und Leidenschaft f\u00fcr die naturwissenschaftlichen F\u00e4cher aus.<\/p>\n\n<p>Mit dem Sozialfond erm\u00f6glichen wir Kindern aus finanzschwachen Familien beispielsweise die Einschulung in einer der iPad-Klassen oder die Teilnahme an Klassenfahrten.<\/p>\n\n<p>Ein Schwerpunkt unserer Vereinsarbeit ist das Netzwerken. Bei der Umsetzung unserer Projekte helfen uns gute Kontakte zu Fachleuten, Firmen und Sponsoren, die uns mit ihrer Expertise und Tatkraft oder finanziell unterst\u00fctzen. Ein Beispiel daf\u00fcr ist die Modernisierung der in die Jahre gekommenen Aula des Grimmels. Dieses Projekt bestreiten wir gemeinsam mit den Vereinen der Ehemaligen und der Eltern und mit der Hilfe vieler Sponsoren, Experten und Helfern aus unseren Reihen.<\/p>\n\n<p>Mehr \u00fcber unsere Arbeit, unsere Projekte und wie Sie uns dabei unterst\u00fctzen k\u00f6nnen, finden Sie demn\u00e4chst unter <a href=\"http:\/\/www.simplicissimus.schule\">www.simplicissimus.schule<\/a><\/p>\n\n<p>Wenn Sie Kontakt zu uns aufnehmen m\u00f6chten, wenden Sie sich gerne per E-Mail unter <a href=\"mailto:info@simplicissimus.schule\">info@simplicissimus.schule<\/a> an uns!<\/p>\n\n<p><strong>Vorstand des F\u00f6rdervereins Simplicissimus e.V.<\/strong><\/p>\n\n<p>(Stand Februar 2023)<\/p>\n\n<figure class=\"wp-block-table\">\n<table>\n<tbody>\n<tr>\n<td>Christian Lay<\/td>\n<td><em>1. Vorsitzender<\/em><\/td>\n<\/tr>\n<tr>\n<td>Peter Malz<\/td>\n<td><em>2. Vorsitzende<\/em><\/td>\n<\/tr>\n<tr>\n<td>Henri Schneider<\/td>\n<td><em>Schatzmeister<\/em><\/td>\n<\/tr>\n<tr>\n<td>Leon Harms<\/td>\n<td><em>Schriftf\u00fchrer<\/em><\/td>\n<\/tr>\n<tr>\n<td>Norbert Gro\u00dfberger<\/td>\n<td><em>Beisitzer<\/em><\/td>\n<\/tr>\n<tr>\n<td>Heiner Kauck<\/td>\n<td><em>Beisitzer<\/em><\/td>\n<\/tr>\n<tr>\n<td>Anton Kunz<\/td>\n<td><em>Beisitzer \u2013 Schwerpunkte Mitgliederverwaltung und Sch\u00fclerfirma<\/em><\/td>\n<\/tr>\n<tr>\n<td>Prof. Dr. Karin Metzler-M\u00fcller<\/td>\n<td><em>Beisitzerin<\/em><\/td>\n<\/tr>\n<tr>\n<td>Tina Ruf<\/td>\n<td><em>Beisitzerin<\/em><\/td>\n<\/tr>\n<tr>\n<td>Lorenz Schmitt<\/td>\n<td><em>Beisitzer \u2013 Schwerpunkt \u00d6ffentlichkeitsarbeit<\/em>\u00a0<\/td>\n<\/tr>\n<\/tbody>\n<\/table>\n<\/figure>\n\t\t\t\t\t\t\t\t<\/div>\n\t\t\t\t<\/div>\n\t\t\t\t\t<\/div>\n\t\t\t\t<\/div>\n\t\t<div class=\"elementor-element elementor-element-19e6cc1 e-flex e-con-boxed e-con e-parent\" data-id=\"19e6cc1\" data-element_type=\"container\">\n\t\t\t\t\t<div class=\"e-con-inner\">\n\t\t\t\t<div class=\"elementor-element elementor-element-12a7ace elementor-widget elementor-widget-image\" data-id=\"12a7ace\" data-element_type=\"widget\" data-widget_type=\"image.default\">\n\t\t\t\t<div class=\"elementor-widget-container\">\n\t\t\t\t\t\t\t\t\t\t\t\t\t\t\t\t<a href=\"https:\/\/grimmels.de\/wordpress\/wp-content\/uploads\/2022\/11\/SimplicissimuseV.jpg\" data-elementor-open-lightbox=\"yes\" data-elementor-lightbox-title=\"SimplicissimuseV\" data-e-action-hash=\"#elementor-action%3Aaction%3Dlightbox%26settings%3DeyJpZCI6NTMzNjksInVybCI6Imh0dHBzOlwvXC9ncmltbWVscy5kZVwvd29yZHByZXNzXC93cC1jb250ZW50XC91cGxvYWRzXC8yMDIyXC8xMVwvU2ltcGxpY2lzc2ltdXNlVi5qcGcifQ%3D%3D\">\n\t\t\t\t\t\t\t<img decoding=\"async\" width=\"1600\" height=\"1067\" src=\"https:\/\/grimmels.de\/wordpress\/wp-content\/uploads\/2022\/11\/SimplicissimuseV.jpg\" class=\"attachment-full size-full wp-image-53369\" alt=\"\" srcset=\"https:\/\/grimmels.de\/wordpress\/wp-content\/uploads\/2022\/11\/SimplicissimuseV.jpg 1600w, https:\/\/grimmels.de\/wordpress\/wp-content\/uploads\/2022\/11\/SimplicissimuseV-300x200.jpg 300w, https:\/\/grimmels.de\/wordpress\/wp-content\/uploads\/2022\/11\/SimplicissimuseV-1024x683.jpg 1024w, https:\/\/grimmels.de\/wordpress\/wp-content\/uploads\/2022\/11\/SimplicissimuseV-150x100.jpg 150w, https:\/\/grimmels.de\/wordpress\/wp-content\/uploads\/2022\/11\/SimplicissimuseV-768x512.jpg 768w, https:\/\/grimmels.de\/wordpress\/wp-content\/uploads\/2022\/11\/SimplicissimuseV-1536x1024.jpg 1536w\" sizes=\"(max-width: 1600px) 100vw, 1600px\" \/>\t\t\t\t\t\t\t\t<\/a>\n\t\t\t\t\t\t\t\t\t\t\t\t\t\t\t<\/div>\n\t\t\t\t<\/div>\n\t\t\t\t\t<\/div>\n\t\t\t\t<\/div>\n\t\t\t\t<\/div>\n\t\t","protected":false},"excerpt":{"rendered":"<p>Simplicissimus e.V. Simplicissimus e.V. Als F\u00f6rderverein Simplicissimus e.V. unterst\u00fctzen wir am Grimmels seit Jahren eine breite Vielfalt an Projekten, Neuanschaffungen und Bildungsangeboten in allen Bereichen. Dabei sind wir stets in gutem Austausch mit der Schulleitung und den engagierten Menschen vor Ort und helfen, wo Hilfe gebraucht wird. Ebenso unterst\u00fctzen wir zahlreiche Veranstaltungen wie beispielsweise den [&hellip;]<\/p>\n","protected":false},"author":1,"featured_media":0,"parent":0,"menu_order":0,"comment_status":"closed","ping_status":"closed","template":"","meta":{"advgb_blocks_editor_width":"","advgb_blocks_columns_visual_guide":"","ngg_post_thumbnail":0,"footnotes":""},"class_list":["post-52454","page","type-page","status-publish","hentry"],"coauthors":[],"author_meta":{"author_link":"https:\/\/grimmels.de\/wordpress\/author\/webmaster\/","display_name":"webmaster"},"relative_dates":{"created":"Posted 4\u00a0Jahren ago","modified":"Updated 1\u00a0Jahr ago"},"absolute_dates":{"created":"Posted on 15. August 2022","modified":"Updated on 16. November 2024"},"absolute_dates_time":{"created":"Posted on 15. August 2022 11:43","modified":"Updated on 16. November 2024 12:39"},"featured_img_caption":"","featured_img":false,"series_order":"","_links":{"self":[{"href":"https:\/\/grimmels.de\/wordpress\/wp-json\/wp\/v2\/pages\/52454","targetHints":{"allow":["GET"]}}],"collection":[{"href":"https:\/\/grimmels.de\/wordpress\/wp-json\/wp\/v2\/pages"}],"about":[{"href":"https:\/\/grimmels.de\/wordpress\/wp-json\/wp\/v2\/types\/page"}],"author":[{"embeddable":true,"href":"https:\/\/grimmels.de\/wordpress\/wp-json\/wp\/v2\/users\/1"}],"replies":[{"embeddable":true,"href":"https:\/\/grimmels.de\/wordpress\/wp-json\/wp\/v2\/comments?post=52454"}],"version-history":[{"count":14,"href":"https:\/\/grimmels.de\/wordpress\/wp-json\/wp\/v2\/pages\/52454\/revisions"}],"predecessor-version":[{"id":61400,"href":"https:\/\/grimmels.de\/wordpress\/wp-json\/wp\/v2\/pages\/52454\/revisions\/61400"}],"wp:attachment":[{"href":"https:\/\/grimmels.de\/wordpress\/wp-json\/wp\/v2\/media?parent=52454"}],"curies":[{"name":"wp","href":"https:\/\/api.w.org\/{rel}","templated":true}]}}