{"id":565,"date":"2014-07-03T16:39:18","date_gmt":"2014-07-03T14:39:18","guid":{"rendered":"?page_id=565"},"modified":"2024-11-16T12:32:59","modified_gmt":"2024-11-16T11:32:59","slug":"ehemalige","status":"publish","type":"page","link":"https:\/\/grimmels.de\/wordpress\/ehemalige\/","title":{"rendered":"Ehemalige Grimmels"},"content":{"rendered":"\t\t<div data-elementor-type=\"wp-page\" data-elementor-id=\"565\" class=\"elementor elementor-565\" data-elementor-post-type=\"page\">\n\t\t\t\t<div class=\"elementor-element elementor-element-cc8abd8 e-con-full e-flex e-con e-parent\" data-id=\"cc8abd8\" data-element_type=\"container\" data-settings=\"{&quot;background_background&quot;:&quot;classic&quot;}\">\n\t\t\t\t<div class=\"elementor-element elementor-element-cea16b1 elementor-widget elementor-widget-heading\" data-id=\"cea16b1\" data-element_type=\"widget\" data-settings=\"{&quot;motion_fx_motion_fx_scrolling&quot;:&quot;yes&quot;,&quot;motion_fx_translateY_effect&quot;:&quot;yes&quot;,&quot;motion_fx_translateY_affectedRange&quot;:{&quot;unit&quot;:&quot;%&quot;,&quot;size&quot;:&quot;&quot;,&quot;sizes&quot;:{&quot;start&quot;:50,&quot;end&quot;:100}},&quot;motion_fx_translateY_speed&quot;:{&quot;unit&quot;:&quot;px&quot;,&quot;size&quot;:4,&quot;sizes&quot;:[]},&quot;motion_fx_devices&quot;:[&quot;desktop&quot;,&quot;tablet&quot;,&quot;mobile&quot;]}\" data-widget_type=\"heading.default\">\n\t\t\t\t<div class=\"elementor-widget-container\">\n\t\t\t\t\t<h2 class=\"elementor-heading-title elementor-size-default\">Ehemalige Grimmels<\/h2>\t\t\t\t<\/div>\n\t\t\t\t<\/div>\n\t\t\t\t<\/div>\n\t\t<div class=\"elementor-element elementor-element-57270e8 e-grid e-con-boxed e-con e-parent\" data-id=\"57270e8\" data-element_type=\"container\">\n\t\t\t\t\t<div class=\"e-con-inner\">\n\t\t\t\t<div class=\"elementor-element elementor-element-a11a21c elementor-widget elementor-widget-text-editor\" data-id=\"a11a21c\" data-element_type=\"widget\" data-widget_type=\"text-editor.default\">\n\t\t\t\t<div class=\"elementor-widget-container\">\n\t\t\t\t\t\t\t\t\t<p>Wir, der Verein GGG \u2013 Ehemalige &amp; Freunde e.V., haben es uns als F\u00f6rderverein zur Aufgabe gemacht, das Grimmelshausen-Gymnasium Gelnhausen auf vielf\u00e4ltige Weise zu unterst\u00fctzen.<\/p><p>Wir vernetzen die Grimmels und holen dabei Ehemalige und Interessierte mit ins Boot. Aus dem dadurch generierten Wissen profitieren wir wiederum bei der F\u00f6rderung von Veranstaltungen und Projekten. So haben wir in den letzten Jahren immer aktiv kreative Schulprojekte wie das Spektrum, Grimmels Goes Playback und Grimmels on Air unterst\u00fctzt, f\u00f6rdern beispielsweise mit der Anschaffung von Defibrillatoren Vorhaben rund um \u201eSchule und Gesundheit\u201c und sind motiviert, immer neue Ideen aus der Schulgemeinde zu unterst\u00fctzen.<\/p><p>Wenn Sie mehr \u00fcber den Verein, unsere T\u00e4tigkeit und die Mitwirkenden erfahren m\u00f6chten, laden wir Sie herzlich auf unsere Vereins-Website und Social-Media-Kan\u00e4le ein, wo wir regelm\u00e4\u00dfig \u00fcber Projekte und Neuigkeiten rund um unseren Verein berichten.<\/p><p>\u00a0<a href=\"http:\/\/www.ehemalige-grimmels.de\">http:\/\/www.ehemalige-grimmels.de<\/a><\/p><p>vorstand@ehemalige-grimmels.de<\/p>\t\t\t\t\t\t\t\t<\/div>\n\t\t\t\t<\/div>\n\t\t\t\t<div class=\"elementor-element elementor-element-de3d96c elementor-widget elementor-widget-image\" data-id=\"de3d96c\" data-element_type=\"widget\" data-widget_type=\"image.default\">\n\t\t\t\t<div class=\"elementor-widget-container\">\n\t\t\t\t\t\t\t\t\t\t\t\t\t\t\t<img fetchpriority=\"high\" decoding=\"async\" width=\"415\" height=\"398\" src=\"https:\/\/grimmels.de\/wordpress\/wp-content\/uploads\/2014\/07\/logoehemalige.gif\" class=\"attachment-large size-large wp-image-32869\" alt=\"\" \/>\t\t\t\t\t\t\t\t\t\t\t\t\t\t\t<\/div>\n\t\t\t\t<\/div>\n\t\t\t\t\t<\/div>\n\t\t\t\t<\/div>\n\t\t<div class=\"elementor-element elementor-element-3724082 e-flex e-con-boxed e-con e-parent\" data-id=\"3724082\" data-element_type=\"container\">\n\t\t\t\t\t<div class=\"e-con-inner\">\n\t\t\t\t<div class=\"elementor-element elementor-element-b160ff5 elementor-widget elementor-widget-heading\" data-id=\"b160ff5\" data-element_type=\"widget\" data-widget_type=\"heading.default\">\n\t\t\t\t<div class=\"elementor-widget-container\">\n\t\t\t\t\t<h2 class=\"elementor-heading-title elementor-size-default\">Aufgabenverteilung<\/h2>\t\t\t\t<\/div>\n\t\t\t\t<\/div>\n\t\t\t\t<div class=\"elementor-element elementor-element-8a0c624 elementor-widget elementor-widget-text-editor\" data-id=\"8a0c624\" data-element_type=\"widget\" data-widget_type=\"text-editor.default\">\n\t\t\t\t<div class=\"elementor-widget-container\">\n\t\t\t\t\t\t\t\t\t<p>Ralf Schlosser (1. Vorsitzender)<\/p><p>Emma Weidner (2. Vorsitzende)<\/p><p>Ann-Kathrin Schmidt (Kassenwartin)<\/p><p>Benjamin Schlosser (Schriftf\u00fchrer)<\/p><p>Mareike Sperzel (\u00d6ffentlichkeitsbeauftrage)<\/p><p>Dennis Becker (Beisitzer)<\/p><p>Hannah Brune (Beisitzerin)<\/p><p>Alexander Busch (Beisitzer)<\/p><p>Susanne Ruhl (Beisitzerin)<\/p><p>Philipp Wachholz (Beisitzer)<\/p><p>Yannic Christanz \u00a0(Beisitzer)<\/p><p style=\"text-align: left;\">Wenn Sie mehr \u00fcber den Verein, unsere T\u00e4tigkeit und die Mitwirkenden erfahren m\u00f6chten, laden wir Sie herzlich auf unsere Vereins-Website ein.<br \/>Auf unserem regelm\u00e4\u00dfig aktualisierten Blog wird zudem stets \u00fcber neue Ereignisse berichtet.<\/p>\t\t\t\t\t\t\t\t<\/div>\n\t\t\t\t<\/div>\n\t\t\t\t\t<\/div>\n\t\t\t\t<\/div>\n\t\t\t\t<\/div>\n\t\t","protected":false},"excerpt":{"rendered":"<p>Ehemalige Grimmels Wir, der Verein GGG \u2013 Ehemalige &amp; Freunde e.V., haben es uns als F\u00f6rderverein zur Aufgabe gemacht, das Grimmelshausen-Gymnasium Gelnhausen auf vielf\u00e4ltige Weise zu unterst\u00fctzen. Wir vernetzen die Grimmels und holen dabei Ehemalige und Interessierte mit ins Boot. Aus dem dadurch generierten Wissen profitieren wir wiederum bei der F\u00f6rderung von Veranstaltungen und Projekten. [&hellip;]<\/p>\n","protected":false},"author":3,"featured_media":0,"parent":0,"menu_order":0,"comment_status":"closed","ping_status":"closed","template":"","meta":{"advgb_blocks_editor_width":"","advgb_blocks_columns_visual_guide":"","ngg_post_thumbnail":0,"footnotes":""},"class_list":["post-565","page","type-page","status-publish","hentry"],"coauthors":[],"author_meta":{"author_link":"https:\/\/grimmels.de\/wordpress\/author\/renate-wichert\/","display_name":"Renate Wichert"},"relative_dates":{"created":"Posted 12\u00a0Jahren ago","modified":"Updated 1\u00a0Jahr ago"},"absolute_dates":{"created":"Posted on 3. Juli 2014","modified":"Updated on 16. November 2024"},"absolute_dates_time":{"created":"Posted on 3. Juli 2014 16:39","modified":"Updated on 16. November 2024 12:32"},"featured_img_caption":"","featured_img":false,"series_order":"","_links":{"self":[{"href":"https:\/\/grimmels.de\/wordpress\/wp-json\/wp\/v2\/pages\/565","targetHints":{"allow":["GET"]}}],"collection":[{"href":"https:\/\/grimmels.de\/wordpress\/wp-json\/wp\/v2\/pages"}],"about":[{"href":"https:\/\/grimmels.de\/wordpress\/wp-json\/wp\/v2\/types\/page"}],"author":[{"embeddable":true,"href":"https:\/\/grimmels.de\/wordpress\/wp-json\/wp\/v2\/users\/3"}],"replies":[{"embeddable":true,"href":"https:\/\/grimmels.de\/wordpress\/wp-json\/wp\/v2\/comments?post=565"}],"version-history":[{"count":10,"href":"https:\/\/grimmels.de\/wordpress\/wp-json\/wp\/v2\/pages\/565\/revisions"}],"predecessor-version":[{"id":61391,"href":"https:\/\/grimmels.de\/wordpress\/wp-json\/wp\/v2\/pages\/565\/revisions\/61391"}],"wp:attachment":[{"href":"https:\/\/grimmels.de\/wordpress\/wp-json\/wp\/v2\/media?parent=565"}],"curies":[{"name":"wp","href":"https:\/\/api.w.org\/{rel}","templated":true}]}}