{"id":62685,"date":"2025-02-26T12:40:25","date_gmt":"2025-02-26T11:40:25","guid":{"rendered":"https:\/\/grimmels.de\/wordpress\/?page_id=62685"},"modified":"2025-06-12T21:38:08","modified_gmt":"2025-06-12T19:38:08","slug":"erinnerungskultur","status":"publish","type":"page","link":"https:\/\/grimmels.de\/wordpress\/erinnerungskultur\/","title":{"rendered":"Erinnerungskultur"},"content":{"rendered":"\t\t<div data-elementor-type=\"wp-page\" data-elementor-id=\"62685\" class=\"elementor elementor-62685\" data-elementor-post-type=\"page\">\n\t\t\t\t<div class=\"elementor-element elementor-element-c8ababd e-con-full e-flex e-con e-parent\" data-id=\"c8ababd\" data-element_type=\"container\" data-settings=\"{&quot;background_background&quot;:&quot;slideshow&quot;,&quot;background_slideshow_gallery&quot;:[{&quot;id&quot;:63416,&quot;url&quot;:&quot;https:\\\/\\\/grimmels.de\\\/wordpress\\\/wp-content\\\/uploads\\\/2025\\\/03\\\/Presse-II.jpg&quot;},{&quot;id&quot;:63802,&quot;url&quot;:&quot;https:\\\/\\\/grimmels.de\\\/wordpress\\\/wp-content\\\/uploads\\\/2025\\\/05\\\/570FF665-B11E-4D42-B97C-D577146E0D58_1_105_c.jpeg&quot;},{&quot;id&quot;:62875,&quot;url&quot;:&quot;https:\\\/\\\/grimmels.de\\\/wordpress\\\/wp-content\\\/uploads\\\/2025\\\/03\\\/AC11429B-D82B-47FF-94AE-08D27CFD0CCD_1_105_c.jpeg&quot;}],&quot;background_slideshow_loop&quot;:&quot;yes&quot;,&quot;background_slideshow_slide_duration&quot;:5000,&quot;background_slideshow_slide_transition&quot;:&quot;fade&quot;,&quot;background_slideshow_transition_duration&quot;:500}\">\n\t\t\t\t<div class=\"elementor-element elementor-element-d84006d elementor-widget elementor-widget-heading\" data-id=\"d84006d\" data-element_type=\"widget\" data-widget_type=\"heading.default\">\n\t\t\t\t<div class=\"elementor-widget-container\">\n\t\t\t\t\t<h2 class=\"elementor-heading-title elementor-size-default\">ERINNERUNGSKULTUR<\/h2>\t\t\t\t<\/div>\n\t\t\t\t<\/div>\n\t\t\t\t<\/div>\n\t\t<div class=\"elementor-element elementor-element-2dd1003 e-con-full e-flex e-con e-parent\" data-id=\"2dd1003\" data-element_type=\"container\">\n\t\t<div class=\"elementor-element elementor-element-b590f99 e-con-full e-flex e-con e-child\" data-id=\"b590f99\" data-element_type=\"container\">\n\t\t\t\t<div class=\"elementor-element elementor-element-93d7c16 elementor-widget elementor-widget-text-editor\" data-id=\"93d7c16\" data-element_type=\"widget\" data-widget_type=\"text-editor.default\">\n\t\t\t\t<div class=\"elementor-widget-container\">\n\t\t\t\t\t\t\t\t\t<p style=\"font-weight: 400;\">Im Jahr 2025 feiern wir den 80. Jahrestag des Weltkriegsendes \u2013 und leben gleichzeitig in einer Gesellschaft, in der Menschen immer weniger \u00fcber die nationalsozialistische Diktatur und deren unmenschliche Verbrechen wissen! In unserem Zusammenleben werden wir zunehmend von extremistischen und rassistischen Haltungen herausgefordert\u2026 Der bekannte Zeithistoriker Wolfgang Benz stellt in seinem Buch \u201eZukunft der Erinnerung\u201c (2025) fest: \u201eDie Auseinandersetzung mit dem Nationalsozialismus bleibt ein Auftrag f\u00fcr die gesamte Gesellschaft. Aufkl\u00e4rung ist die einzige M\u00f6glichkeit, Kenntnis zu erlangen und damit umzugehen.\u201c Deshalb stellen wir uns am Grimmels bereits seit mehreren Jahren in verschiedenen p\u00e4dagogischen Formaten nachdr\u00fccklich dieser Aufgabe. Ziel ist es Sch\u00fclerinnen und Sch\u00fcler dazu zu bef\u00e4higen, auf dem Hintergrund einer modernen Erinnerungskultur die Demokratie zukunftsf\u00e4hig zu gestalten. Die Arolsen Archives, das weltweit gr\u00f6\u00dfte Archiv zur nationalsozialistischen Verfolgung, stehen uns dabei als offizielle Bildungspartner mit gro\u00dfer Unterst\u00fctzung zur Seite.<\/p>\t\t\t\t\t\t\t\t<\/div>\n\t\t\t\t<\/div>\n\t\t\t\t<\/div>\n\t\t<div class=\"elementor-element elementor-element-d8a8d20 e-con-full e-flex e-con e-child\" data-id=\"d8a8d20\" data-element_type=\"container\">\n\t\t\t\t<div class=\"elementor-element elementor-element-3fe7dc7 elementor-widget elementor-widget-image\" data-id=\"3fe7dc7\" data-element_type=\"widget\" data-widget_type=\"image.default\">\n\t\t\t\t<div class=\"elementor-widget-container\">\n\t\t\t\t\t\t\t\t\t\t\t\t\t\t\t<img decoding=\"async\" width=\"256\" height=\"142\" src=\"https:\/\/grimmels.de\/wordpress\/wp-content\/uploads\/2024\/10\/arolsen_archives_grau.jpg\" class=\"attachment-large size-large wp-image-59759\" alt=\"\" srcset=\"https:\/\/grimmels.de\/wordpress\/wp-content\/uploads\/2024\/10\/arolsen_archives_grau.jpg 256w, https:\/\/grimmels.de\/wordpress\/wp-content\/uploads\/2024\/10\/arolsen_archives_grau-150x83.jpg 150w\" sizes=\"(max-width: 256px) 100vw, 256px\" \/>\t\t\t\t\t\t\t\t\t\t\t\t\t\t\t<\/div>\n\t\t\t\t<\/div>\n\t\t\t\t<\/div>\n\t\t\t\t<\/div>\n\t\t<div class=\"elementor-element elementor-element-540837a e-con-full e-flex e-con e-parent\" data-id=\"540837a\" data-element_type=\"container\" data-settings=\"{&quot;background_background&quot;:&quot;classic&quot;}\">\n\t\t\t\t<div class=\"elementor-element elementor-element-7e7cd36 elementor-widget elementor-widget-heading\" data-id=\"7e7cd36\" data-element_type=\"widget\" data-widget_type=\"heading.default\">\n\t\t\t\t<div class=\"elementor-widget-container\">\n\t\t\t\t\t<h2 class=\"elementor-heading-title elementor-size-default\">Berichte &amp; Projekte<\/h2>\t\t\t\t<\/div>\n\t\t\t\t<\/div>\n\t\t\t\t<div class=\"elementor-element elementor-element-c68cce5 elementor-grid-3 elementor-grid-tablet-2 elementor-grid-mobile-1 elementor-posts--thumbnail-top elementor-widget elementor-widget-posts\" data-id=\"c68cce5\" data-element_type=\"widget\" data-settings=\"{&quot;classic_row_gap&quot;:{&quot;unit&quot;:&quot;px&quot;,&quot;size&quot;:80,&quot;sizes&quot;:[]},&quot;pagination_type&quot;:&quot;prev_next&quot;,&quot;classic_columns&quot;:&quot;3&quot;,&quot;classic_columns_tablet&quot;:&quot;2&quot;,&quot;classic_columns_mobile&quot;:&quot;1&quot;,&quot;classic_row_gap_tablet&quot;:{&quot;unit&quot;:&quot;px&quot;,&quot;size&quot;:&quot;&quot;,&quot;sizes&quot;:[]},&quot;classic_row_gap_mobile&quot;:{&quot;unit&quot;:&quot;px&quot;,&quot;size&quot;:&quot;&quot;,&quot;sizes&quot;:[]}}\" data-widget_type=\"posts.classic\">\n\t\t\t\t<div class=\"elementor-widget-container\">\n\t\t\t\t\t\t\t<div class=\"elementor-posts-container elementor-posts elementor-posts--skin-classic elementor-grid\">\n\t\t\t\t<article class=\"elementor-post elementor-grid-item post-68652 post type-post status-publish format-standard has-post-thumbnail hentry category-aktuell category-erinnerungskultur\">\n\t\t\t\t<a class=\"elementor-post__thumbnail__link\" href=\"https:\/\/grimmels.de\/wordpress\/praesentation-der-grafic-novel-wo-ist-lotte-in-der-villa-sondheimer\/\" tabindex=\"-1\" >\n\t\t\t<div class=\"elementor-post__thumbnail\"><img fetchpriority=\"high\" decoding=\"async\" width=\"800\" height=\"450\" src=\"https:\/\/grimmels.de\/wordpress\/wp-content\/uploads\/2026\/01\/MVI_4024-2.jpg\" class=\"attachment-large size-large wp-image-68670\" alt=\"\" srcset=\"https:\/\/grimmels.de\/wordpress\/wp-content\/uploads\/2026\/01\/MVI_4024-2.jpg 1024w, https:\/\/grimmels.de\/wordpress\/wp-content\/uploads\/2026\/01\/MVI_4024-2-300x169.jpg 300w, https:\/\/grimmels.de\/wordpress\/wp-content\/uploads\/2026\/01\/MVI_4024-2-150x84.jpg 150w, https:\/\/grimmels.de\/wordpress\/wp-content\/uploads\/2026\/01\/MVI_4024-2-768x432.jpg 768w\" sizes=\"(max-width: 800px) 100vw, 800px\" \/><\/div>\n\t\t<\/a>\n\t\t\t\t<div class=\"elementor-post__text\">\n\t\t\t\t<h3 class=\"elementor-post__title\">\n\t\t\t<a href=\"https:\/\/grimmels.de\/wordpress\/praesentation-der-grafic-novel-wo-ist-lotte-in-der-villa-sondheimer\/\" >\n\t\t\t\tPr\u00e4sentation der Grafic Novel \u201eWo ist Lotte?\u201c in der \u201eVilla Sondheimer\u201c\t\t\t<\/a>\n\t\t<\/h3>\n\t\t\t\t<div class=\"elementor-post__meta-data\">\n\t\t\t\t\t<span class=\"elementor-post-date\">\n\t\t\t22. Januar 2026\t\t<\/span>\n\t\t\t\t<\/div>\n\t\t\t\t<div class=\"elementor-post__excerpt\">\n\t\t\t<p>Diese Gelegenheit wollte sich kaum jemand entgehen lassen: Die Erstpr\u00e4sentation der noch druckfrischen Grafic Novel \u00fcber Lotte Sondheimers Leben (1907-1942) \u2013 und noch dazu in ihrem Elternhaus. <\/p>\n\t\t<\/div>\n\t\t\t\t<\/div>\n\t\t\t\t<\/article>\n\t\t\t\t<article class=\"elementor-post elementor-grid-item post-68517 post type-post status-publish format-standard has-post-thumbnail hentry category-aktuell category-erinnerungskultur\">\n\t\t\t\t<a class=\"elementor-post__thumbnail__link\" href=\"https:\/\/grimmels.de\/wordpress\/fragilitaet-des-erinnerns\/\" tabindex=\"-1\" >\n\t\t\t<div class=\"elementor-post__thumbnail\"><img decoding=\"async\" width=\"800\" height=\"600\" src=\"https:\/\/grimmels.de\/wordpress\/wp-content\/uploads\/2026\/01\/640CDE2F-DACF-4F44-A670-541780497316_1_105_c.jpeg\" class=\"attachment-large size-large wp-image-68527\" alt=\"\" srcset=\"https:\/\/grimmels.de\/wordpress\/wp-content\/uploads\/2026\/01\/640CDE2F-DACF-4F44-A670-541780497316_1_105_c.jpeg 1024w, https:\/\/grimmels.de\/wordpress\/wp-content\/uploads\/2026\/01\/640CDE2F-DACF-4F44-A670-541780497316_1_105_c-300x225.jpeg 300w, https:\/\/grimmels.de\/wordpress\/wp-content\/uploads\/2026\/01\/640CDE2F-DACF-4F44-A670-541780497316_1_105_c-150x113.jpeg 150w, https:\/\/grimmels.de\/wordpress\/wp-content\/uploads\/2026\/01\/640CDE2F-DACF-4F44-A670-541780497316_1_105_c-768x576.jpeg 768w\" sizes=\"(max-width: 800px) 100vw, 800px\" \/><\/div>\n\t\t<\/a>\n\t\t\t\t<div class=\"elementor-post__text\">\n\t\t\t\t<h3 class=\"elementor-post__title\">\n\t\t\t<a href=\"https:\/\/grimmels.de\/wordpress\/fragilitaet-des-erinnerns\/\" >\n\t\t\t\tFragilit\u00e4t des Erinnerns\t\t\t<\/a>\n\t\t<\/h3>\n\t\t\t\t<div class=\"elementor-post__meta-data\">\n\t\t\t\t\t<span class=\"elementor-post-date\">\n\t\t\t12. Januar 2026\t\t<\/span>\n\t\t\t\t<\/div>\n\t\t\t\t<div class=\"elementor-post__excerpt\">\n\t\t\t<p>\u201eVergiss-mein-nicht\u201c-K\u00fcnstlerischer Workshop zur Erinnerungskultur am Grimmels<\/p>\n\t\t<\/div>\n\t\t\t\t<\/div>\n\t\t\t\t<\/article>\n\t\t\t\t<article class=\"elementor-post elementor-grid-item post-68264 post type-post status-publish format-standard has-post-thumbnail hentry category-aktuell category-erinnerungskultur\">\n\t\t\t\t<a class=\"elementor-post__thumbnail__link\" href=\"https:\/\/grimmels.de\/wordpress\/wo-ist-lotte-ein-besonderes-erinnerungsprojekt-des-grimmelshausen-gymnasiums\/\" tabindex=\"-1\" >\n\t\t\t<div class=\"elementor-post__thumbnail\"><img loading=\"lazy\" decoding=\"async\" width=\"750\" height=\"450\" src=\"https:\/\/grimmels.de\/wordpress\/wp-content\/uploads\/2025\/12\/Wo-ist-Lotte_Graphic_Novel_Credits_Arolsen_Archives_Illustration_Hannah_Brinkmann_2025-2-750x450-1.webp\" class=\"attachment-large size-large wp-image-68267\" alt=\"\" srcset=\"https:\/\/grimmels.de\/wordpress\/wp-content\/uploads\/2025\/12\/Wo-ist-Lotte_Graphic_Novel_Credits_Arolsen_Archives_Illustration_Hannah_Brinkmann_2025-2-750x450-1.webp 750w, https:\/\/grimmels.de\/wordpress\/wp-content\/uploads\/2025\/12\/Wo-ist-Lotte_Graphic_Novel_Credits_Arolsen_Archives_Illustration_Hannah_Brinkmann_2025-2-750x450-1-300x180.webp 300w, https:\/\/grimmels.de\/wordpress\/wp-content\/uploads\/2025\/12\/Wo-ist-Lotte_Graphic_Novel_Credits_Arolsen_Archives_Illustration_Hannah_Brinkmann_2025-2-750x450-1-150x90.webp 150w\" sizes=\"(max-width: 750px) 100vw, 750px\" \/><\/div>\n\t\t<\/a>\n\t\t\t\t<div class=\"elementor-post__text\">\n\t\t\t\t<h3 class=\"elementor-post__title\">\n\t\t\t<a href=\"https:\/\/grimmels.de\/wordpress\/wo-ist-lotte-ein-besonderes-erinnerungsprojekt-des-grimmelshausen-gymnasiums\/\" >\n\t\t\t\tWo ist Lotte?\u00a0\u2013 Ein besonderes Erinnerungsprojekt des Grimmelshausen-Gymnasiums\t\t\t<\/a>\n\t\t<\/h3>\n\t\t\t\t<div class=\"elementor-post__meta-data\">\n\t\t\t\t\t<span class=\"elementor-post-date\">\n\t\t\t17. Dezember 2025\t\t<\/span>\n\t\t\t\t<\/div>\n\t\t\t\t<div class=\"elementor-post__excerpt\">\n\t\t\t<p>Wo ist Lotte? Ein besonderes Erinnerungsprojekt des Grimmelshausen-Gymnasiums Alle Artikel Bericht Tagesschau Jetzt kaufen Wir m\u00f6chten der gesamten Schulgemeinde gern ein au\u00dfergew\u00f6hnliches Projekt ans Herz<\/p>\n\t\t<\/div>\n\t\t\t\t<\/div>\n\t\t\t\t<\/article>\n\t\t\t\t<article class=\"elementor-post elementor-grid-item post-67227 post type-post status-publish format-standard has-post-thumbnail hentry category-aktuell category-erinnerungskultur\">\n\t\t\t\t<a class=\"elementor-post__thumbnail__link\" href=\"https:\/\/grimmels.de\/wordpress\/gnz-bericht-remembering\/\" tabindex=\"-1\" >\n\t\t\t<div class=\"elementor-post__thumbnail\"><img loading=\"lazy\" decoding=\"async\" width=\"512\" height=\"512\" src=\"https:\/\/grimmels.de\/wordpress\/wp-content\/uploads\/2024\/09\/GNZ_Logo.png\" class=\"attachment-large size-large wp-image-58705\" alt=\"\" srcset=\"https:\/\/grimmels.de\/wordpress\/wp-content\/uploads\/2024\/09\/GNZ_Logo.png 512w, https:\/\/grimmels.de\/wordpress\/wp-content\/uploads\/2024\/09\/GNZ_Logo-300x300.png 300w, https:\/\/grimmels.de\/wordpress\/wp-content\/uploads\/2024\/09\/GNZ_Logo-150x150.png 150w, https:\/\/grimmels.de\/wordpress\/wp-content\/uploads\/2024\/09\/GNZ_Logo-90x90.png 90w, https:\/\/grimmels.de\/wordpress\/wp-content\/uploads\/2024\/09\/GNZ_Logo-75x75.png 75w\" sizes=\"(max-width: 512px) 100vw, 512px\" \/><\/div>\n\t\t<\/a>\n\t\t\t\t<div class=\"elementor-post__text\">\n\t\t\t\t<h3 class=\"elementor-post__title\">\n\t\t\t<a href=\"https:\/\/grimmels.de\/wordpress\/gnz-bericht-remembering\/\" >\n\t\t\t\tGNZ Bericht: RemembeRing\t\t\t<\/a>\n\t\t<\/h3>\n\t\t\t\t<div class=\"elementor-post__meta-data\">\n\t\t\t\t\t<span class=\"elementor-post-date\">\n\t\t\t13. November 2025\t\t<\/span>\n\t\t\t\t<\/div>\n\t\t\t\t<div class=\"elementor-post__excerpt\">\n\t\t\t<p>GNZ-Artikel (24. Oktober 2025) Theater: RemembeRing Artikel herunterladen \u00dcbersicht Berichte<\/p>\n\t\t<\/div>\n\t\t\t\t<\/div>\n\t\t\t\t<\/article>\n\t\t\t\t<article class=\"elementor-post elementor-grid-item post-66648 post type-post status-publish format-standard has-post-thumbnail hentry category-aktuell category-erinnerungskultur\">\n\t\t\t\t<a class=\"elementor-post__thumbnail__link\" href=\"https:\/\/grimmels.de\/wordpress\/vergissmeinnicht-lotte-sondheimer-die-kunst-des-erinnerns\/\" tabindex=\"-1\" >\n\t\t\t<div class=\"elementor-post__thumbnail\"><img loading=\"lazy\" decoding=\"async\" width=\"800\" height=\"598\" src=\"https:\/\/grimmels.de\/wordpress\/wp-content\/uploads\/2025\/10\/Die-Kunst-des-Erinnerns_Vergissmeinnicht-Zeichenschule-Weimar71-1024x766.jpg\" class=\"attachment-large size-large wp-image-66649\" alt=\"\" srcset=\"https:\/\/grimmels.de\/wordpress\/wp-content\/uploads\/2025\/10\/Die-Kunst-des-Erinnerns_Vergissmeinnicht-Zeichenschule-Weimar71-1024x766.jpg 1024w, https:\/\/grimmels.de\/wordpress\/wp-content\/uploads\/2025\/10\/Die-Kunst-des-Erinnerns_Vergissmeinnicht-Zeichenschule-Weimar71-300x224.jpg 300w, https:\/\/grimmels.de\/wordpress\/wp-content\/uploads\/2025\/10\/Die-Kunst-des-Erinnerns_Vergissmeinnicht-Zeichenschule-Weimar71-150x112.jpg 150w, https:\/\/grimmels.de\/wordpress\/wp-content\/uploads\/2025\/10\/Die-Kunst-des-Erinnerns_Vergissmeinnicht-Zeichenschule-Weimar71-768x574.jpg 768w, https:\/\/grimmels.de\/wordpress\/wp-content\/uploads\/2025\/10\/Die-Kunst-des-Erinnerns_Vergissmeinnicht-Zeichenschule-Weimar71-1536x1149.jpg 1536w, https:\/\/grimmels.de\/wordpress\/wp-content\/uploads\/2025\/10\/Die-Kunst-des-Erinnerns_Vergissmeinnicht-Zeichenschule-Weimar71-2048x1532.jpg 2048w\" sizes=\"(max-width: 800px) 100vw, 800px\" \/><\/div>\n\t\t<\/a>\n\t\t\t\t<div class=\"elementor-post__text\">\n\t\t\t\t<h3 class=\"elementor-post__title\">\n\t\t\t<a href=\"https:\/\/grimmels.de\/wordpress\/vergissmeinnicht-lotte-sondheimer-die-kunst-des-erinnerns\/\" >\n\t\t\t\tVergissmeinnicht: Lotte Sondheimer \u2013 Die Kunst des Erinnerns\t\t\t<\/a>\n\t\t<\/h3>\n\t\t\t\t<div class=\"elementor-post__meta-data\">\n\t\t\t\t\t<span class=\"elementor-post-date\">\n\t\t\t23. Oktober 2025\t\t<\/span>\n\t\t\t\t<\/div>\n\t\t\t\t<div class=\"elementor-post__excerpt\">\n\t\t\t<p>Workshop mit Christoph Mauny von der Mal- und Zeichenakademie Weimar<\/p>\n\t\t<\/div>\n\t\t\t\t<\/div>\n\t\t\t\t<\/article>\n\t\t\t\t<article class=\"elementor-post elementor-grid-item post-66598 post type-post status-publish format-standard has-post-thumbnail hentry category-aktuell category-erinnerungskultur\">\n\t\t\t\t<a class=\"elementor-post__thumbnail__link\" href=\"https:\/\/grimmels.de\/wordpress\/magda-spiegel-vor-ihrer-zeit-verstummt\/\" tabindex=\"-1\" >\n\t\t\t<div class=\"elementor-post__thumbnail\"><img loading=\"lazy\" decoding=\"async\" width=\"800\" height=\"600\" src=\"https:\/\/grimmels.de\/wordpress\/wp-content\/uploads\/2025\/10\/PNG_4_Gross_-1024x768.jpg\" class=\"attachment-large size-large wp-image-66600\" alt=\"\" srcset=\"https:\/\/grimmels.de\/wordpress\/wp-content\/uploads\/2025\/10\/PNG_4_Gross_-1024x768.jpg 1024w, https:\/\/grimmels.de\/wordpress\/wp-content\/uploads\/2025\/10\/PNG_4_Gross_-300x225.jpg 300w, https:\/\/grimmels.de\/wordpress\/wp-content\/uploads\/2025\/10\/PNG_4_Gross_-150x113.jpg 150w, https:\/\/grimmels.de\/wordpress\/wp-content\/uploads\/2025\/10\/PNG_4_Gross_-768x576.jpg 768w, https:\/\/grimmels.de\/wordpress\/wp-content\/uploads\/2025\/10\/PNG_4_Gross_.jpg 1280w\" sizes=\"(max-width: 800px) 100vw, 800px\" \/><\/div>\n\t\t<\/a>\n\t\t\t\t<div class=\"elementor-post__text\">\n\t\t\t\t<h3 class=\"elementor-post__title\">\n\t\t\t<a href=\"https:\/\/grimmels.de\/wordpress\/magda-spiegel-vor-ihrer-zeit-verstummt\/\" >\n\t\t\t\t\u201eMagda Spiegel- vor ihrer Zeit verstummt\u201c\t\t\t<\/a>\n\t\t<\/h3>\n\t\t\t\t<div class=\"elementor-post__meta-data\">\n\t\t\t\t\t<span class=\"elementor-post-date\">\n\t\t\t10. Oktober 2025\t\t<\/span>\n\t\t\t\t<\/div>\n\t\t\t\t<div class=\"elementor-post__excerpt\">\n\t\t\t<p>Grimmels-Gruppe besucht Oper im Bockenheimer Depot<\/p>\n\t\t<\/div>\n\t\t\t\t<\/div>\n\t\t\t\t<\/article>\n\t\t\t\t<\/div>\n\t\t\n\t\t\t\t<div class=\"e-load-more-anchor\" data-page=\"1\" data-max-page=\"4\" data-next-page=\"https:\/\/grimmels.de\/wordpress\/wp-json\/wp\/v2\/pages\/62685\/page\/2\/\"><\/div>\n\t\t\t\t<nav class=\"elementor-pagination\" aria-label=\"Seitennummerierung\">\n\t\t\t<span class=\"page-numbers prev\">&laquo; Voriger<\/span>\n<a class=\"page-numbers next\" href=\"https:\/\/grimmels.de\/wordpress\/wp-json\/wp\/v2\/pages\/62685\/page\/2\/\">N\u00e4chster &raquo;<\/a>\t\t<\/nav>\n\t\t\t\t\t\t<\/div>\n\t\t\t\t<\/div>\n\t\t\t\t<\/div>\n\t\t\t\t<\/div>\n\t\t","protected":false},"excerpt":{"rendered":"<p>ERINNERUNGSKULTUR Im Jahr 2025 feiern wir den 80. Jahrestag des Weltkriegsendes \u2013 und leben gleichzeitig in einer Gesellschaft, in der Menschen immer weniger \u00fcber die nationalsozialistische Diktatur und deren unmenschliche Verbrechen wissen! In unserem Zusammenleben werden wir zunehmend von extremistischen und rassistischen Haltungen herausgefordert\u2026 Der bekannte Zeithistoriker Wolfgang Benz stellt in seinem Buch \u201eZukunft der [&hellip;]<\/p>\n","protected":false},"author":1,"featured_media":0,"parent":0,"menu_order":0,"comment_status":"closed","ping_status":"closed","template":"","meta":{"advgb_blocks_editor_width":"","advgb_blocks_columns_visual_guide":"","ngg_post_thumbnail":0,"footnotes":""},"class_list":["post-62685","page","type-page","status-publish","hentry"],"coauthors":[],"author_meta":{"author_link":"https:\/\/grimmels.de\/wordpress\/author\/webmaster\/","display_name":"webmaster"},"relative_dates":{"created":"Posted 1\u00a0Jahr ago","modified":"Updated 10\u00a0Monaten ago"},"absolute_dates":{"created":"Posted on 26. Februar 2025","modified":"Updated on 12. Juni 2025"},"absolute_dates_time":{"created":"Posted on 26. Februar 2025 12:40","modified":"Updated on 12. Juni 2025 21:38"},"featured_img_caption":"","featured_img":false,"series_order":"","_links":{"self":[{"href":"https:\/\/grimmels.de\/wordpress\/wp-json\/wp\/v2\/pages\/62685","targetHints":{"allow":["GET"]}}],"collection":[{"href":"https:\/\/grimmels.de\/wordpress\/wp-json\/wp\/v2\/pages"}],"about":[{"href":"https:\/\/grimmels.de\/wordpress\/wp-json\/wp\/v2\/types\/page"}],"author":[{"embeddable":true,"href":"https:\/\/grimmels.de\/wordpress\/wp-json\/wp\/v2\/users\/1"}],"replies":[{"embeddable":true,"href":"https:\/\/grimmels.de\/wordpress\/wp-json\/wp\/v2\/comments?post=62685"}],"version-history":[{"count":166,"href":"https:\/\/grimmels.de\/wordpress\/wp-json\/wp\/v2\/pages\/62685\/revisions"}],"predecessor-version":[{"id":64343,"href":"https:\/\/grimmels.de\/wordpress\/wp-json\/wp\/v2\/pages\/62685\/revisions\/64343"}],"wp:attachment":[{"href":"https:\/\/grimmels.de\/wordpress\/wp-json\/wp\/v2\/media?parent=62685"}],"curies":[{"name":"wp","href":"https:\/\/api.w.org\/{rel}","templated":true}]}}