{"id":812,"date":"2014-09-22T14:27:53","date_gmt":"2014-09-22T12:27:53","guid":{"rendered":"?page_id=812"},"modified":"2024-11-16T12:44:01","modified_gmt":"2024-11-16T11:44:01","slug":"schulervertretung","status":"publish","type":"page","link":"https:\/\/grimmels.de\/wordpress\/schulervertretung\/","title":{"rendered":"Sch\u00fclervertretung"},"content":{"rendered":"\t\t<div data-elementor-type=\"wp-page\" data-elementor-id=\"812\" class=\"elementor elementor-812\" data-elementor-post-type=\"page\">\n\t\t\t\t<div class=\"elementor-element elementor-element-f986e43 e-con-full e-flex e-con e-parent\" data-id=\"f986e43\" data-element_type=\"container\" data-settings=\"{&quot;background_background&quot;:&quot;classic&quot;}\">\n\t\t\t\t<div class=\"elementor-element elementor-element-cc16ac7 elementor-widget elementor-widget-heading\" data-id=\"cc16ac7\" data-element_type=\"widget\" data-settings=\"{&quot;motion_fx_motion_fx_scrolling&quot;:&quot;yes&quot;,&quot;motion_fx_translateY_effect&quot;:&quot;yes&quot;,&quot;motion_fx_translateY_affectedRange&quot;:{&quot;unit&quot;:&quot;%&quot;,&quot;size&quot;:&quot;&quot;,&quot;sizes&quot;:{&quot;start&quot;:50,&quot;end&quot;:100}},&quot;motion_fx_translateY_speed&quot;:{&quot;unit&quot;:&quot;px&quot;,&quot;size&quot;:4,&quot;sizes&quot;:[]},&quot;motion_fx_devices&quot;:[&quot;desktop&quot;,&quot;tablet&quot;,&quot;mobile&quot;]}\" data-widget_type=\"heading.default\">\n\t\t\t\t<div class=\"elementor-widget-container\">\n\t\t\t\t\t<h2 class=\"elementor-heading-title elementor-size-default\">Sch\u00fclervertretung<\/h2>\t\t\t\t<\/div>\n\t\t\t\t<\/div>\n\t\t\t\t<div class=\"elementor-element elementor-element-a7d3c5e elementor-widget elementor-widget-text-editor\" data-id=\"a7d3c5e\" data-element_type=\"widget\" data-settings=\"{&quot;motion_fx_motion_fx_scrolling&quot;:&quot;yes&quot;,&quot;motion_fx_translateY_effect&quot;:&quot;yes&quot;,&quot;motion_fx_translateY_affectedRange&quot;:{&quot;unit&quot;:&quot;%&quot;,&quot;size&quot;:&quot;&quot;,&quot;sizes&quot;:{&quot;start&quot;:50,&quot;end&quot;:100}},&quot;motion_fx_translateY_speed&quot;:{&quot;unit&quot;:&quot;px&quot;,&quot;size&quot;:4,&quot;sizes&quot;:[]},&quot;motion_fx_devices&quot;:[&quot;desktop&quot;,&quot;tablet&quot;,&quot;mobile&quot;]}\" data-widget_type=\"text-editor.default\">\n\t\t\t\t<div class=\"elementor-widget-container\">\n\t\t\t\t\t\t\t\t\t<p>Die Sch\u00fclervertretung vertritt alle Sch\u00fclerinnen und Sch\u00fcler des Grimmels. Zudem werden \u00fcber das Schuljahr verteilt diverse Veranstaltungen ausgerichtet. Im Schuljahr 2024\/2025 sind dies die gew\u00e4hlten Mitglieder des SV-Vorstands:<\/p>\t\t\t\t\t\t\t\t<\/div>\n\t\t\t\t<\/div>\n\t\t\t\t<\/div>\n\t\t<div class=\"elementor-element elementor-element-1fb2fa90 e-flex e-con-boxed e-con e-parent\" data-id=\"1fb2fa90\" data-element_type=\"container\">\n\t\t\t\t\t<div class=\"e-con-inner\">\n\t\t\t\t<div class=\"elementor-element elementor-element-1d8d0db3 elementor-widget elementor-widget-text-editor\" data-id=\"1d8d0db3\" data-element_type=\"widget\" data-widget_type=\"text-editor.default\">\n\t\t\t\t<div class=\"elementor-widget-container\">\n\t\t\t\t\t\t\t\t\t\n<figure class=\"wp-block-gallery alignleft has-nested-images columns-2 is-cropped wp-block-gallery-2 is-layout-flex wp-block-gallery-is-layout-flex\"><\/figure>\n\n<p>\u00a0<\/p>\n<p><strong>Schulsprecher\/in<\/strong>: Lara Mia koch<\/p>\n\n<p><strong>Stellv. Schulsprecher\/in:<\/strong> Sarina Greinke<\/p>\n\n<p><strong>Stellv. Schulsprecher\/in:<\/strong> Max R\u00fcmmele<\/p>\n\n<p><strong>Kassenwart:<\/strong> Ivan Bischler<\/p>\n\n<p><strong>Beisitzer\/innen: <\/strong>Colin Michael, Konrad Stallmann<\/p>\n\n<p><strong>Finanzkommission:<\/strong> Cornelia Ott und Alexandra Theodorakis<\/p>\n\n<p><strong>Kassenpr\u00fcfungskommission:<\/strong> Lara Barak, Sarina Greinke<\/p>\n\n<p><strong>Schulkonferenz-Delegierte:<\/strong> Max R\u00fcmmele, Mareike Harms und Kathleen M\u00fcller (Stellvertreter Lara Mia Koch, Merle Bresan und Julia Grottke)<\/p>\n\n<p><strong>Delegierte zum Kreissch\u00fclerrat:<\/strong> Lara Mia Koch und Amelie Marek (Stellvertreter Merle Bresan und Kathleen M\u00fcller)<\/p>\n\n<p><strong>Verbindungslehrkr\u00e4fte:<\/strong> Steffen Freytag, Kim Hartmann, Nadija Sijaric<\/p>\n\n<p>Die Sch\u00fclervertretung ist unter <a href=\"mailto:sv@grimmels.de\">sv@grimmels.de<\/a> erreichbar. Zudem unterh\u00e4lt die Sch\u00fclervertretung einen <a href=\"https:\/\/www.instagram.com\/svgrimmels\/\" target=\"_blank\" rel=\"noreferrer noopener\" aria-label=\"Instagrammauftritt (\u00f6ffnet in neuem Tab)\">Instagramauftritt<\/a>. Dort werden aktuelle Neuigkeiten rund um das Schulleben geteilt.<\/p>\n\t\t\t\t\t\t\t\t<\/div>\n\t\t\t\t<\/div>\n\t\t\t\t\t<\/div>\n\t\t\t\t<\/div>\n\t\t\t\t<\/div>\n\t\t","protected":false},"excerpt":{"rendered":"<p>Sch\u00fclervertretung Die Sch\u00fclervertretung vertritt alle Sch\u00fclerinnen und Sch\u00fcler des Grimmels. Zudem werden \u00fcber das Schuljahr verteilt diverse Veranstaltungen ausgerichtet. Im Schuljahr 2024\/2025 sind dies die gew\u00e4hlten Mitglieder des SV-Vorstands: \u00a0 Schulsprecher\/in: Lara Mia koch Stellv. Schulsprecher\/in: Sarina Greinke Stellv. Schulsprecher\/in: Max R\u00fcmmele Kassenwart: Ivan Bischler Beisitzer\/innen: Colin Michael, Konrad Stallmann Finanzkommission: Cornelia Ott und Alexandra [&hellip;]<\/p>\n","protected":false},"author":1,"featured_media":0,"parent":0,"menu_order":0,"comment_status":"closed","ping_status":"closed","template":"","meta":{"advgb_blocks_editor_width":"","advgb_blocks_columns_visual_guide":"","ngg_post_thumbnail":0,"footnotes":""},"class_list":["post-812","page","type-page","status-publish","hentry"],"coauthors":[],"author_meta":{"author_link":"https:\/\/grimmels.de\/wordpress\/author\/webmaster\/","display_name":"webmaster"},"relative_dates":{"created":"Posted 12\u00a0Jahren ago","modified":"Updated 1\u00a0Jahr ago"},"absolute_dates":{"created":"Posted on 22. September 2014","modified":"Updated on 16. November 2024"},"absolute_dates_time":{"created":"Posted on 22. September 2014 14:27","modified":"Updated on 16. November 2024 12:44"},"featured_img_caption":"","featured_img":false,"series_order":"","_links":{"self":[{"href":"https:\/\/grimmels.de\/wordpress\/wp-json\/wp\/v2\/pages\/812","targetHints":{"allow":["GET"]}}],"collection":[{"href":"https:\/\/grimmels.de\/wordpress\/wp-json\/wp\/v2\/pages"}],"about":[{"href":"https:\/\/grimmels.de\/wordpress\/wp-json\/wp\/v2\/types\/page"}],"author":[{"embeddable":true,"href":"https:\/\/grimmels.de\/wordpress\/wp-json\/wp\/v2\/users\/1"}],"replies":[{"embeddable":true,"href":"https:\/\/grimmels.de\/wordpress\/wp-json\/wp\/v2\/comments?post=812"}],"version-history":[{"count":32,"href":"https:\/\/grimmels.de\/wordpress\/wp-json\/wp\/v2\/pages\/812\/revisions"}],"predecessor-version":[{"id":61404,"href":"https:\/\/grimmels.de\/wordpress\/wp-json\/wp\/v2\/pages\/812\/revisions\/61404"}],"wp:attachment":[{"href":"https:\/\/grimmels.de\/wordpress\/wp-json\/wp\/v2\/media?parent=812"}],"curies":[{"name":"wp","href":"https:\/\/api.w.org\/{rel}","templated":true}]}}