{"id":9627,"date":"2014-10-22T13:52:50","date_gmt":"2014-10-22T11:52:50","guid":{"rendered":"?page_id=9627"},"modified":"2017-09-27T16:53:54","modified_gmt":"2017-09-27T14:53:54","slug":"cieszynpolen","status":"publish","type":"page","link":"https:\/\/grimmels.de\/wordpress\/cieszynpolen\/","title":{"rendered":"Cieszyn\/Polen"},"content":{"rendered":"<p>&nbsp;<\/p>\n<p><strong>Sch\u00fcleraustausch mit Cieszyn \u2013 ehemals Teschen &#8211; in Polen<\/strong><\/p>\n<p>&nbsp;<\/p>\n<p><a href=\"https:\/\/grimmels.de\/wordpress\/wp-content\/uploads\/2014\/10\/osuchowskiego.jpg\"><img decoding=\"async\" class=\"alignleft wp-image-11653 size-thumbnail\" src=\"https:\/\/grimmels.de\/wordpress\/wp-content\/uploads\/2014\/10\/osuchowskiego-150x150.jpg\" alt=\"Das Liceum Osuchowskiego\" width=\"150\" height=\"150\"><\/a>An unserer Schule gibt es seit <strong>1992<\/strong> einen Sch\u00fcleraustausch mit Polen. Er findet <strong>im j\u00e4hrlichen Wechsel<\/strong> einmal in Deutschland und einmal in Polen statt. Gegr\u00fcndet wurde der Austausch von den <strong>Herren Ludwik Rosner (Polen) und Roland Krischke (Deutschland)<\/strong>.<\/p>\n<p>Unsere polnische Partnerschule, das <strong> Liceum Og\u00f3lnokszta\u0142c\u0105ce <\/strong><strong><br \/>\n<strong>im. A. Osuchowskiego<\/strong><\/strong>, liegt im ehemals <strong>\u00f6sterreichischen Teil Schlesiens. <\/strong>Die Stadt, in der es liegt, hie\u00df fr\u00fcher<strong> Teschen<\/strong> &#8211; heute auf Polnisch <strong>Cieszyn<\/strong>. Die Sch\u00fclerinnen und Sch\u00fcler dieser Schule lernen Deutsch als zweite Fremdsprache.<\/p>\n<p>Der Schwerpunkt des deutsch-polnischen Austausches liegt f\u00fcr die polnischen Sch\u00fclerinnen und Sch\u00fcler im sprachlichen Bereich, d.h. in der Vertiefung und Erweiterung ihrer Deutschkenntnisse. Sie sollen aber auch das Land Deutschland und die Art, wie deutsche Menschen leben, kennenlernen.<\/p>\n<p>F\u00fcr die deutschen Sch\u00fclerinnen und Sch\u00fcler liegt <strong>der Fokus<\/strong> des Austauschprogramms im <strong>geschichtlichen, politischen und kulturellen Bereich<\/strong>. So ist unter anderem der Besuch der alten polnischen Hauptstadt <strong>Krakau<\/strong> mit ihren unz\u00e4hligen Sehensw\u00fcrdigkeiten einer der Eckpunkte des Programms.<\/p>\n<p>Weiterhin ist die Besichtigung Teschens obligatorisch. Die Stadt, in der unsere Gastschule liegt, zeugt mit dem Ring-Platz, dem Rathaus und einigen imposanten B\u00fcrgerh\u00e4usern ebenso von ihrer Vergangenheit als bedeutende \u00f6sterreichische Garnisonsstadt wie eine Vielzahl von Jugendstil-Bauwerken, allen voran das Opernhaus, das von den gleichen Architekten entworfen wurde wie sein Wiener Vorbild.ngg_shortcode_0_placeholder<\/p>\n<p>Ein Besuch in Polen bietet den Sch\u00fclerinnen und Sch\u00fclern aber auch die M\u00f6glichkeit, sich in besonderer Weise mit der deutschen Geschichte auseinander zu setzen. Wir sind der Meinung, dass es nur auf dem Hintergrund der Besch\u00e4ftigung mit der eigenen Geschichte m\u00f6glich wird, sich am Ausbau des gemeinsamen europ\u00e4ischen Hauses zu beteiligen. Deshalb war und ist ein weiterer wesentlicher Bestandteil des Programms ein Besuch des ehemaligen <strong>Konzentrationslagers Auschwitz<\/strong>, der Gedenkst\u00e4tte des Holocausts. Dort legen wir am Ende des Rundgangs durch das Au\u00dfenlager Birkenau jedes Mal einen Blumengru\u00df mit einer Schleife im Namen unserer Schule am internationalen Mahnmal nieder. Hierbei wird auch an die ehemaligen Sch\u00fcler unserer Schule, die in den Osten deportiert wurden, erinnert.<\/p>\n<p>Der deutsch-polnische Sch\u00fcleraustausch, wie er zwischen <strong>dem Grimmelshausen Gymnasium und dem Liceum Osuchowskiego <\/strong>gepflegt wird, ist weit mehr als die Aufarbeitung deutscher Geschichte. <strong>Vielmehr ist es die Begegnung und das gegenseitige Kennenlernen junger europ\u00e4ischer Menschen aus zwei, nunmehr seit 25 Jahren befreundeter, Nachbarstaaten in der Mitte Europas. <\/strong><\/p>\n<p>So haben seit 1992 mehr als 300 junge Menschen an unseren Begegnungen teilgenommen.<\/p>\n<p><strong>&nbsp;<\/strong>Einige werden im Zusammenhang mit unserem Austausch darauf hinweisen, dass unsere Sch\u00fclerinnen und Sch\u00fcler kein Polnisch sprechen und die polnische Sprache nicht an unserer Schule gelehrt wird.<\/p>\n<p>Denen sei geantwortet, dass die Kommunikation zwischen den Sch\u00fclerinnen und Sch\u00fclern meist in Englisch stattfindet. Der Lernstand der polnischen Gastgeber im Fach Englisch ist mit dem der deutschen Teilnehmer vergleichbar. Damit bietet sich f\u00fcr beide Seiten die M\u00f6glichkeit, anders als etwa bei einer Kommunikation mit \u201enative-speakers\u201c wie z.B. in Gro\u00dfbritannien, frei von der Angst, Fehler in Aussprache und Wortwahl zu machen, Englisch zu sprechen und gegebenenfalls auch gemeinsam nach den fehlenden Worten zu suchen.<\/p>\n<p>Zudem kann man auch antworten, dass gerade ein Austausch mit einem Land, dessen Sprache man nicht oder nur unzureichend spricht, es den Beteiligten erm\u00f6glicht, den Blick in besonderer Weise auf die Lebensweisen und das Verhalten des jeweiligen Anderen zu richten und dadurch das Partnerland und dessen Kultur anders, das hei\u00dft nicht nur rein kognitiv, zu erleben.<\/p>\n<p>In einer Welt, die immer enger zusammenw\u00e4chst, werden kulturelle Konflikte nicht weniger, sondern mehr, wenn wir nicht fr\u00fchzeitig lernen, das jeweils Andere als Anderes und nicht zugleich als Schlechteres wahrzunehmen. <strong>Lernen durch Kulturkontakt, wie es im Sch\u00fcleraustausch erfahren wird<\/strong>, kann hier einen wichtigen Beitrag leisten.<\/p>\n<p>Auch im Schuljahr 2014\/15 wurde den Sch\u00fclerinnen und Sch\u00fclern die M\u00f6glichkeit gegeben, an diesem Austausch teilzunehmen. Vom 9. September bis zum 19. September reiste eine <strong>Gruppe von 15 Sch\u00fclerinnen und Sch\u00fclern<\/strong> unter der Leitung von <strong>Herrn Oberstudienrat Norbert Bechtold und Herrn Studienrat Lars B\u00fcrker <\/strong>nach Teschen. Erg\u00e4nzt wurde die Delegation durch den ehemaligen Leiter des Austauschs, Herrn Studiendirektor i.R. Roland Krischke.<\/p>\n<p>Wie die Jahre zuvor fuhr die Gruppe mit dem Bus nach Teschen. Die Fahrt dauerte mit Umsteigen 15 Stunden. In Polen wohnten die deutschen Sch\u00fclerinnen und Sch\u00fcler, wie es dem Grundgedanken eines Sch\u00fcleraustausches entspricht, bei Gastfamilien. Der Gegenbesuch der Gruppe aus Polen wird im Oktober 2015 sein.<\/p>\n<p>Der Teilnehmerbeitrag f\u00fcr die Austausch betrug in den letzten Jahren 200 \u20ac. Darin waren die Kosten f\u00fcr die Fahrt nach Polen und die Ausfl\u00fcge beim Besuch der polnischen Gruppe in Gelnhausen, so z.B. an den Rhein nach R\u00fcdesheim, nach Heidelberg etc. enthalten.<\/p>\n<p>&nbsp;<\/p>\n<p>Der g\u00fcnstige Preis ist deshalb m\u00f6glich, weil wir in der Vergangenheit immer einen Programmkostenzuschuss des <strong>deutsch-polnischen Jugendwerks<\/strong> f\u00fcr den Gegenbesuch der polnischen G\u00e4ste in Gelnhausen bewilligt bekamen. Zus\u00e4tzlich unterst\u00fctzt uns dankenswerter Weise die <strong>Elternspende<\/strong>, genauso wie \u00fcbrigens alle anderen Austausche auch.<\/p>\n<p>&nbsp;<\/p>\n<p>&nbsp;<\/p>\n<p>Norbert Bechtold<\/p>\n<ul>\n<li>zur <a href=\"http:\/\/www.osuch.bx.pl\/?pl_de,91\" target=\"_blank\" rel=\"noopener\">Website des Liceum Osuchowskiego<\/a><\/li>\n<li>zur <a href=\"http:\/\/www.cieszyn.pl\/\" target=\"_blank\" rel=\"noopener\">Website von Cieszyn<\/a><\/li>\n<\/ul>\n<p><strong>Cieszyn und das Liceum Osuchowskiego bei google-maps:<\/strong><\/p>\n<p><center><iframe style=\"border: 0;\" src=\"https:\/\/www.google.com\/maps\/embed?pb=!1m16!1m10!1m3!1d2676766.6655445984!2d18.232888708820184!3d49.06706543364164!2m1!3f0!3m2!1i1024!2i768!4f13.1!3m3!1m2!1s0x471404087fe378b1%3A0x9e39f729841afa11!2sLiceum+Og%C3%B3lnokszta%C5%82c%C4%85ce+nr+I+im.+A.+Osuchowskiego!5e0!3m2!1sde!2sde!4v1414226717274\" width=\"600\" height=\"450\" frameborder=\"0\"><\/iframe><\/center><\/p>\n","protected":false},"excerpt":{"rendered":"<p>&nbsp; Sch\u00fcleraustausch mit Cieszyn \u2013 ehemals Teschen &#8211; in Polen &nbsp; An unserer Schule gibt es seit 1992 einen Sch\u00fcleraustausch mit Polen. Er findet im j\u00e4hrlichen Wechsel einmal in Deutschland und einmal in Polen statt. Gegr\u00fcndet wurde der Austausch von den Herren Ludwik Rosner (Polen) und Roland Krischke (Deutschland). Unsere polnische Partnerschule, das Liceum Og\u00f3lnokszta\u0142c\u0105ce [&hellip;]<\/p>\n","protected":false},"author":1,"featured_media":0,"parent":0,"menu_order":0,"comment_status":"closed","ping_status":"closed","template":"","meta":{"advgb_blocks_editor_width":"","advgb_blocks_columns_visual_guide":"","ngg_post_thumbnail":0,"footnotes":""},"class_list":["post-9627","page","type-page","status-publish","hentry"],"coauthors":[],"author_meta":{"author_link":"https:\/\/grimmels.de\/wordpress\/author\/webmaster\/","display_name":"webmaster"},"relative_dates":{"created":"Posted 12\u00a0Jahren ago","modified":"Updated 9\u00a0Jahren ago"},"absolute_dates":{"created":"Posted on 22. Oktober 2014","modified":"Updated on 27. September 2017"},"absolute_dates_time":{"created":"Posted on 22. Oktober 2014 13:52","modified":"Updated on 27. September 2017 16:53"},"featured_img_caption":"","featured_img":false,"series_order":"","_links":{"self":[{"href":"https:\/\/grimmels.de\/wordpress\/wp-json\/wp\/v2\/pages\/9627","targetHints":{"allow":["GET"]}}],"collection":[{"href":"https:\/\/grimmels.de\/wordpress\/wp-json\/wp\/v2\/pages"}],"about":[{"href":"https:\/\/grimmels.de\/wordpress\/wp-json\/wp\/v2\/types\/page"}],"author":[{"embeddable":true,"href":"https:\/\/grimmels.de\/wordpress\/wp-json\/wp\/v2\/users\/1"}],"replies":[{"embeddable":true,"href":"https:\/\/grimmels.de\/wordpress\/wp-json\/wp\/v2\/comments?post=9627"}],"version-history":[{"count":2,"href":"https:\/\/grimmels.de\/wordpress\/wp-json\/wp\/v2\/pages\/9627\/revisions"}],"predecessor-version":[{"id":35663,"href":"https:\/\/grimmels.de\/wordpress\/wp-json\/wp\/v2\/pages\/9627\/revisions\/35663"}],"wp:attachment":[{"href":"https:\/\/grimmels.de\/wordpress\/wp-json\/wp\/v2\/media?parent=9627"}],"curies":[{"name":"wp","href":"https:\/\/api.w.org\/{rel}","templated":true}]}}